{"id":9575,"date":"2019-10-30T11:45:34","date_gmt":"2019-10-30T09:45:34","guid":{"rendered":"https:\/\/www.elmedanotenerife.es\/?post_type=deportes&#038;p=9575"},"modified":"2019-11-09T00:21:34","modified_gmt":"2019-11-08T22:21:34","slug":"centro-deportivo-m3","status":"publish","type":"deportes","link":"https:\/\/www.elmedanotenerife.es\/de\/deportes\/centro-deportivo-m3\/","title":{"rendered":"Centro Deportivo M3"},"content":{"rendered":"<p style=\"text-align: justify;\">El\u00a0Centro deportivo Multifuncional\u00a0\u2018M3\u2018 \u00a0El Cubo, de\u00a0El M\u00e9dano, es un\u00a0espacio deportivo\u00a0y de ocio\u00a0que dispone de tres plantas y est\u00e1 construido en una parcela de 1.225 m2. Se encuentra ubicado en la Avenida de Magalllanes,\u00a0al lado del muelle.<\/p>\n<p style=\"text-align: justify;\">En \u00e9l se desarrollan diversas actividades como pilates, yoga, artes marciales, gimnasia de mantenimiento, aerobic y danza. Adem\u00e1s se imparten diferentes cursos y se realizan exposiciones, reuniones y conferencias.<\/p>\n","protected":false},"author":1,"featured_media":9576,"comment_status":"open","ping_status":"closed","template":"","hospital-deparments":[],"locations":[326],"listing_categories":[352],"class_list":["post-9575","deportes","type-deportes","status-publish","has-post-thumbnail","hentry","locations-el-medano","listing_categories-ocio-deportes"],"yoast_head":"<!-- This site is optimized with the Yoast SEO plugin v27.5 - https:\/\/yoast.com\/product\/yoast-seo-wordpress\/ -->\n<title>Centro Deportivo M3 - El M\u00e9dano Tenerife<\/title>\n<meta name=\"robots\" content=\"index, follow, max-snippet:-1, max-image-preview:large, max-video-preview:-1\" \/>\n<link rel=\"canonical\" href=\"https:\/\/www.elmedanotenerife.es\/de\/deportes\/centro-deportivo-m3\/\" \/>\n<meta property=\"og:locale\" content=\"de_DE\" \/>\n<meta property=\"og:type\" content=\"article\" \/>\n<meta property=\"og:title\" content=\"Centro Deportivo M3 - El M\u00e9dano Tenerife\" \/>\n<meta property=\"og:description\" content=\"El\u00a0Centro deportivo Multifuncional\u00a0\u2018M3\u2018 \u00a0El Cubo, de\u00a0El M\u00e9dano, es un\u00a0espacio deportivo\u00a0y de ocio\u00a0que dispone de tres plantas y est\u00e1 construido en&hellip;\" \/>\n<meta property=\"og:url\" content=\"https:\/\/www.elmedanotenerife.es\/de\/deportes\/centro-deportivo-m3\/\" \/>\n<meta property=\"og:site_name\" content=\"El M\u00e9dano Tenerife\" \/>\n<meta property=\"article:modified_time\" content=\"2019-11-08T22:21:34+00:00\" \/>\n<meta property=\"og:image\" content=\"https:\/\/www.elmedanotenerife.es\/wp-content\/uploads\/2019\/10\/Centro-Deportivo-M3-El-M\u00e9dano.jpg\" \/>\n\t<meta property=\"og:image:width\" content=\"1600\" \/>\n\t<meta property=\"og:image:height\" content=\"1188\" \/>\n\t<meta property=\"og:image:type\" content=\"image\/jpeg\" \/>\n<meta name=\"twitter:card\" content=\"summary_large_image\" \/>\n<script type=\"application\/ld+json\" class=\"yoast-schema-graph\">{\"@context\":\"https:\\\/\\\/schema.org\",\"@graph\":[{\"@type\":\"WebPage\",\"@id\":\"https:\\\/\\\/www.elmedanotenerife.es\\\/de\\\/deportes\\\/centro-deportivo-m3\\\/\",\"url\":\"https:\\\/\\\/www.elmedanotenerife.es\\\/de\\\/deportes\\\/centro-deportivo-m3\\\/\",\"name\":\"Centro Deportivo M3 - El M\u00e9dano Tenerife\",\"isPartOf\":{\"@id\":\"https:\\\/\\\/www.elmedanotenerife.es\\\/de\\\/#website\"},\"primaryImageOfPage\":{\"@id\":\"https:\\\/\\\/www.elmedanotenerife.es\\\/de\\\/deportes\\\/centro-deportivo-m3\\\/#primaryimage\"},\"image\":{\"@id\":\"https:\\\/\\\/www.elmedanotenerife.es\\\/de\\\/deportes\\\/centro-deportivo-m3\\\/#primaryimage\"},\"thumbnailUrl\":\"https:\\\/\\\/www.elmedanotenerife.es\\\/wp-content\\\/uploads\\\/2019\\\/10\\\/Centro-Deportivo-M3-El-M\u00e9dano.jpg\",\"datePublished\":\"2019-10-30T09:45:34+00:00\",\"dateModified\":\"2019-11-08T22:21:34+00:00\",\"breadcrumb\":{\"@id\":\"https:\\\/\\\/www.elmedanotenerife.es\\\/de\\\/deportes\\\/centro-deportivo-m3\\\/#breadcrumb\"},\"inLanguage\":\"de\",\"potentialAction\":[{\"@type\":\"ReadAction\",\"target\":[\"https:\\\/\\\/www.elmedanotenerife.es\\\/de\\\/deportes\\\/centro-deportivo-m3\\\/\"]}]},{\"@type\":\"ImageObject\",\"inLanguage\":\"de\",\"@id\":\"https:\\\/\\\/www.elmedanotenerife.es\\\/de\\\/deportes\\\/centro-deportivo-m3\\\/#primaryimage\",\"url\":\"https:\\\/\\\/www.elmedanotenerife.es\\\/wp-content\\\/uploads\\\/2019\\\/10\\\/Centro-Deportivo-M3-El-M\u00e9dano.jpg\",\"contentUrl\":\"https:\\\/\\\/www.elmedanotenerife.es\\\/wp-content\\\/uploads\\\/2019\\\/10\\\/Centro-Deportivo-M3-El-M\u00e9dano.jpg\",\"width\":1600,\"height\":1188},{\"@type\":\"BreadcrumbList\",\"@id\":\"https:\\\/\\\/www.elmedanotenerife.es\\\/de\\\/deportes\\\/centro-deportivo-m3\\\/#breadcrumb\",\"itemListElement\":[{\"@type\":\"ListItem\",\"position\":1,\"name\":\"Portada\",\"item\":\"https:\\\/\\\/www.elmedanotenerife.es\\\/de\\\/\"},{\"@type\":\"ListItem\",\"position\":2,\"name\":\"Ocio y deportes\",\"item\":\"https:\\\/\\\/www.elmedanotenerife.es\\\/de\\\/deportes\\\/\"},{\"@type\":\"ListItem\",\"position\":3,\"name\":\"Centro Deportivo M3\"}]},{\"@type\":\"WebSite\",\"@id\":\"https:\\\/\\\/www.elmedanotenerife.es\\\/de\\\/#website\",\"url\":\"https:\\\/\\\/www.elmedanotenerife.es\\\/de\\\/\",\"name\":\"El M\u00e9dano Tenerife\",\"description\":\"\",\"potentialAction\":[{\"@type\":\"SearchAction\",\"target\":{\"@type\":\"EntryPoint\",\"urlTemplate\":\"https:\\\/\\\/www.elmedanotenerife.es\\\/de\\\/?s={search_term_string}\"},\"query-input\":{\"@type\":\"PropertyValueSpecification\",\"valueRequired\":true,\"valueName\":\"search_term_string\"}}],\"inLanguage\":\"de\"}]}<\/script>\n<!-- \/ Yoast SEO plugin. -->","yoast_head_json":{"title":"Centro Deportivo M3 - El M\u00e9dano Tenerife","robots":{"index":"index","follow":"follow","max-snippet":"max-snippet:-1","max-image-preview":"max-image-preview:large","max-video-preview":"max-video-preview:-1"},"canonical":"https:\/\/www.elmedanotenerife.es\/de\/deportes\/centro-deportivo-m3\/","og_locale":"de_DE","og_type":"article","og_title":"Centro Deportivo M3 - El M\u00e9dano Tenerife","og_description":"El\u00a0Centro deportivo Multifuncional\u00a0\u2018M3\u2018 \u00a0El Cubo, de\u00a0El M\u00e9dano, es un\u00a0espacio deportivo\u00a0y de ocio\u00a0que dispone de tres plantas y est\u00e1 construido en&hellip;","og_url":"https:\/\/www.elmedanotenerife.es\/de\/deportes\/centro-deportivo-m3\/","og_site_name":"El M\u00e9dano Tenerife","article_modified_time":"2019-11-08T22:21:34+00:00","og_image":[{"width":1600,"height":1188,"url":"https:\/\/www.elmedanotenerife.es\/wp-content\/uploads\/2019\/10\/Centro-Deportivo-M3-El-M\u00e9dano.jpg","type":"image\/jpeg"}],"twitter_card":"summary_large_image","schema":{"@context":"https:\/\/schema.org","@graph":[{"@type":"WebPage","@id":"https:\/\/www.elmedanotenerife.es\/de\/deportes\/centro-deportivo-m3\/","url":"https:\/\/www.elmedanotenerife.es\/de\/deportes\/centro-deportivo-m3\/","name":"Centro Deportivo M3 - El M\u00e9dano Tenerife","isPartOf":{"@id":"https:\/\/www.elmedanotenerife.es\/de\/#website"},"primaryImageOfPage":{"@id":"https:\/\/www.elmedanotenerife.es\/de\/deportes\/centro-deportivo-m3\/#primaryimage"},"image":{"@id":"https:\/\/www.elmedanotenerife.es\/de\/deportes\/centro-deportivo-m3\/#primaryimage"},"thumbnailUrl":"https:\/\/www.elmedanotenerife.es\/wp-content\/uploads\/2019\/10\/Centro-Deportivo-M3-El-M\u00e9dano.jpg","datePublished":"2019-10-30T09:45:34+00:00","dateModified":"2019-11-08T22:21:34+00:00","breadcrumb":{"@id":"https:\/\/www.elmedanotenerife.es\/de\/deportes\/centro-deportivo-m3\/#breadcrumb"},"inLanguage":"de","potentialAction":[{"@type":"ReadAction","target":["https:\/\/www.elmedanotenerife.es\/de\/deportes\/centro-deportivo-m3\/"]}]},{"@type":"ImageObject","inLanguage":"de","@id":"https:\/\/www.elmedanotenerife.es\/de\/deportes\/centro-deportivo-m3\/#primaryimage","url":"https:\/\/www.elmedanotenerife.es\/wp-content\/uploads\/2019\/10\/Centro-Deportivo-M3-El-M\u00e9dano.jpg","contentUrl":"https:\/\/www.elmedanotenerife.es\/wp-content\/uploads\/2019\/10\/Centro-Deportivo-M3-El-M\u00e9dano.jpg","width":1600,"height":1188},{"@type":"BreadcrumbList","@id":"https:\/\/www.elmedanotenerife.es\/de\/deportes\/centro-deportivo-m3\/#breadcrumb","itemListElement":[{"@type":"ListItem","position":1,"name":"Portada","item":"https:\/\/www.elmedanotenerife.es\/de\/"},{"@type":"ListItem","position":2,"name":"Ocio y deportes","item":"https:\/\/www.elmedanotenerife.es\/de\/deportes\/"},{"@type":"ListItem","position":3,"name":"Centro Deportivo M3"}]},{"@type":"WebSite","@id":"https:\/\/www.elmedanotenerife.es\/de\/#website","url":"https:\/\/www.elmedanotenerife.es\/de\/","name":"El M\u00e9dano Tenerife","description":"","potentialAction":[{"@type":"SearchAction","target":{"@type":"EntryPoint","urlTemplate":"https:\/\/www.elmedanotenerife.es\/de\/?s={search_term_string}"},"query-input":{"@type":"PropertyValueSpecification","valueRequired":true,"valueName":"search_term_string"}}],"inLanguage":"de"}]}},"cmb2":{"listing_deportes_general":{"listing_title":"Centro Deportivo M3","listing_description":"<p style=\"text-align: justify;\">El\u00a0Centro deportivo Multifuncional\u00a0\u2018M3\u2018 \u00a0El Cubo, de\u00a0El M\u00e9dano, es un\u00a0espacio deportivo\u00a0y de ocio\u00a0que dispone de tres plantas y est\u00e1 construido en una parcela de 1.225 m2. Se encuentra ubicado en la Avenida de Magalllanes,\u00a0al lado del muelle.<\/p>\r\n<p style=\"text-align: justify;\">En \u00e9l se desarrollan diversas actividades como pilates, yoga, artes marciales, gimnasia de mantenimiento, aerobic y danza. Adem\u00e1s se imparten diferentes cursos y se realizan exposiciones, reuniones y conferencias.<\/p>","listing_featured_image":"https:\/\/www.elmedanotenerife.es\/wp-content\/uploads\/2019\/10\/Centro-Deportivo-M3-El-M\u00e9dano.jpg","listing_featured_image_id":""},"listing_deportes_branding":{"listing_slogan":"","listing_brand_color":"","listing_logo":"","listing_logo_id":""},"listing_deportes_banner":{"listing_banner":"banner_map","listing_banner_map_zoom":"12","listing_banner_map_type":"SATELLITE","listing_banner_map_marker":""},"listing_deportes_listing_category":{"listing_listing_category":["ocio-deportes"]},"listing_deportes_location":{"listing_locations":["el-medano"],"listing_map_location":{"address":"Centro deportivo M3, Avenida Mar\u00edtima, El M\u00e9dano, Espa\u00f1a","latitude":"28.0431863","longitude":"-16.534538399999974"},"listing_map_location_polygon":"","listing_street_view":"","listing_street_view_location":{"latitude":"37.81240457820649","longitude":"-122.47607752956912","zoom":"1","heading":"-18","pitch":"25"},"listing_inside_view":"","listing_inside_view_location":{"latitude":"37.81240457820649","longitude":"-122.47607752956912","zoom":"1","heading":"-18","pitch":"25"}}},"_links":{"self":[{"href":"https:\/\/www.elmedanotenerife.es\/de\/wp-json\/wp\/v2\/deportes\/9575","targetHints":{"allow":["GET"]}}],"collection":[{"href":"https:\/\/www.elmedanotenerife.es\/de\/wp-json\/wp\/v2\/deportes"}],"about":[{"href":"https:\/\/www.elmedanotenerife.es\/de\/wp-json\/wp\/v2\/types\/deportes"}],"author":[{"embeddable":true,"href":"https:\/\/www.elmedanotenerife.es\/de\/wp-json\/wp\/v2\/users\/1"}],"replies":[{"embeddable":true,"href":"https:\/\/www.elmedanotenerife.es\/de\/wp-json\/wp\/v2\/comments?post=9575"}],"version-history":[{"count":3,"href":"https:\/\/www.elmedanotenerife.es\/de\/wp-json\/wp\/v2\/deportes\/9575\/revisions"}],"predecessor-version":[{"id":10188,"href":"https:\/\/www.elmedanotenerife.es\/de\/wp-json\/wp\/v2\/deportes\/9575\/revisions\/10188"}],"wp:featuredmedia":[{"embeddable":true,"href":"https:\/\/www.elmedanotenerife.es\/de\/wp-json\/wp\/v2\/media\/9576"}],"wp:attachment":[{"href":"https:\/\/www.elmedanotenerife.es\/de\/wp-json\/wp\/v2\/media?parent=9575"}],"wp:term":[{"taxonomy":"hospital-deparments","embeddable":true,"href":"https:\/\/www.elmedanotenerife.es\/de\/wp-json\/wp\/v2\/hospital-deparments?post=9575"},{"taxonomy":"locations","embeddable":true,"href":"https:\/\/www.elmedanotenerife.es\/de\/wp-json\/wp\/v2\/locations?post=9575"},{"taxonomy":"listing_categories","embeddable":true,"href":"https:\/\/www.elmedanotenerife.es\/de\/wp-json\/wp\/v2\/listing_categories?post=9575"}],"curies":[{"name":"wp","href":"https:\/\/api.w.org\/{rel}","templated":true}]}}

<p style="text-align: justify;">El Centro deportivo Multifuncional ‘M3‘  El Cubo, de El Médano, es un espacio deportivo y de ocio que dispone de tres plantas y está construido en una parcela de 1.225 m2. Se encuentra ubicado en la Avenida de Magalllanes, al lado del muelle.</p>
<p style="text-align: justify;">En él se desarrollan diversas actividades como pilates, yoga, artes marciales, gimnasia de mantenimiento, aerobic y danza. Además se imparten diferentes cursos y se realizan exposiciones, reuniones y conferencias.</p>

<!-- This site is optimized with the Yoast SEO plugin v27.5 - https://yoast.com/product/yoast-seo-wordpress/ -->
<title>Centro Deportivo M3 - El Médano Tenerife</title>
<meta name="robots" content="index, follow, max-snippet:-1, max-image-preview:large, max-video-preview:-1" />
<link rel="canonical" href="https://www.elmedanotenerife.es/de/deportes/centro-deportivo-m3/" />
<meta property="og:locale" content="de_DE" />
<meta property="og:type" content="article" />
<meta property="og:title" content="Centro Deportivo M3 - El Médano Tenerife" />
<meta property="og:description" content="El Centro deportivo Multifuncional ‘M3‘  El Cubo, de El Médano, es un espacio deportivo y de ocio que dispone de tres plantas y está construido en&hellip;" />
<meta property="og:url" content="https://www.elmedanotenerife.es/de/deportes/centro-deportivo-m3/" />
<meta property="og:site_name" content="El Médano Tenerife" />
<meta property="article:modified_time" content="2019-11-08T22:21:34+00:00" />
<meta property="og:image" content="https://www.elmedanotenerife.es/wp-content/uploads/2019/10/Centro-Deportivo-M3-El-Médano.jpg" />
	<meta property="og:image:width" content="1600" />
	<meta property="og:image:height" content="1188" />
	<meta property="og:image:type" content="image/jpeg" />
<meta name="twitter:card" content="summary_large_image" />
<script type="application/ld+json" class="yoast-schema-graph">{"@context":"https:\/\/schema.org","@graph":[{"@type":"WebPage","@id":"https:\/\/www.elmedanotenerife.es\/de\/deportes\/centro-deportivo-m3\/","url":"https:\/\/www.elmedanotenerife.es\/de\/deportes\/centro-deportivo-m3\/","name":"Centro Deportivo M3 - El Médano Tenerife","isPartOf":{"@id":"https:\/\/www.elmedanotenerife.es\/de\/#website"},"primaryImageOfPage":{"@id":"https:\/\/www.elmedanotenerife.es\/de\/deportes\/centro-deportivo-m3\/#primaryimage"},"image":{"@id":"https:\/\/www.elmedanotenerife.es\/de\/deportes\/centro-deportivo-m3\/#primaryimage"},"thumbnailUrl":"https:\/\/www.elmedanotenerife.es\/wp-content\/uploads\/2019\/10\/Centro-Deportivo-M3-El-Médano.jpg","datePublished":"2019-10-30T09:45:34+00:00","dateModified":"2019-11-08T22:21:34+00:00","breadcrumb":{"@id":"https:\/\/www.elmedanotenerife.es\/de\/deportes\/centro-deportivo-m3\/#breadcrumb"},"inLanguage":"de","potentialAction":[{"@type":"ReadAction","target":["https:\/\/www.elmedanotenerife.es\/de\/deportes\/centro-deportivo-m3\/"]}]},{"@type":"ImageObject","inLanguage":"de","@id":"https:\/\/www.elmedanotenerife.es\/de\/deportes\/centro-deportivo-m3\/#primaryimage","url":"https:\/\/www.elmedanotenerife.es\/wp-content\/uploads\/2019\/10\/Centro-Deportivo-M3-El-Médano.jpg","contentUrl":"https:\/\/www.elmedanotenerife.es\/wp-content\/uploads\/2019\/10\/Centro-Deportivo-M3-El-Médano.jpg","width":1600,"height":1188},{"@type":"BreadcrumbList","@id":"https:\/\/www.elmedanotenerife.es\/de\/deportes\/centro-deportivo-m3\/#breadcrumb","itemListElement":[{"@type":"ListItem","position":1,"name":"Portada","item":"https:\/\/www.elmedanotenerife.es\/de\/"},{"@type":"ListItem","position":2,"name":"Ocio y deportes","item":"https:\/\/www.elmedanotenerife.es\/de\/deportes\/"},{"@type":"ListItem","position":3,"name":"Centro Deportivo M3"}]},{"@type":"WebSite","@id":"https:\/\/www.elmedanotenerife.es\/de\/#website","url":"https:\/\/www.elmedanotenerife.es\/de\/","name":"El Médano Tenerife","description":"","potentialAction":[{"@type":"SearchAction","target":{"@type":"EntryPoint","urlTemplate":"https:\/\/www.elmedanotenerife.es\/de\/?s={search_term_string}"},"query-input":{"@type":"PropertyValueSpecification","valueRequired":true,"valueName":"search_term_string"}}],"inLanguage":"de"}]}</script>
<!-- / Yoast SEO plugin. -->

Centro Deportivo M3 - El Médano Tenerife

El Centro deportivo Multifuncional ‘M3‘  El Cubo, de El Médano, es un espacio deportivo y de ocio que dispone de tres plantas y está construido en&hellip;

El Médano Tenerife

https://www.elmedanotenerife.es/wp-content/uploads/2019/10/Centro-Deportivo-M3-El-Médano.jpg

<p style="text-align: justify;">El Centro deportivo Multifuncional ‘M3‘  El Cubo, de El Médano, es un espacio deportivo y de ocio que dispone de tres plantas y está construido en una parcela de 1.225 m2. Se encuentra ubicado en la Avenida de Magalllanes, al lado del muelle.</p>
<p style="text-align: justify;">En él se desarrollan diversas actividades como pilates, yoga, artes marciales, gimnasia de mantenimiento, aerobic y danza. Además se imparten diferentes cursos y se realizan exposiciones, reuniones y conferencias.</p>

Centro deportivo M3, Avenida Marítima, El Médano, España
