{"id":13575,"date":"2021-07-14T18:08:56","date_gmt":"2021-07-14T16:08:56","guid":{"rendered":"https:\/\/www.elmedanotenerife.es\/?post_type=profesionales&#038;p=13575"},"modified":"2021-07-14T18:09:29","modified_gmt":"2021-07-14T16:09:29","slug":"creacion-web-tenerife","status":"publish","type":"profesionales","link":"https:\/\/www.elmedanotenerife.es\/de\/profesionales\/creacion-web-tenerife\/","title":{"rendered":"Creaci\u00f3n Web Tenerife"},"content":{"rendered":"<p>CREACI\u00d3N Y DISE\u00d1O DE P\u00c1GINAS WEB\u00a0\u00daNICAS Y DE CALIDAD A PRECIO COMPETITIVO<br \/>\n\u00bfHasta d\u00f3nde quieres llegar? En Creaci\u00f3n Web Tenerife te ayudamos. Realizaremos el dise\u00f1o y la creaci\u00f3n de p\u00e1ginas web y Tiendas Online funcionales, intuitivas, accesibles, con contenidos de calidad y dise\u00f1os web personalizados y \u00fanicos<\/p>\n","protected":false},"author":91,"featured_media":13545,"comment_status":"open","ping_status":"closed","template":"","locations":[326],"listing_categories":[327],"class_list":["post-13575","profesionales","type-profesionales","status-publish","has-post-thumbnail","hentry","locations-el-medano","listing_categories-profesionales"],"yoast_head":"<!-- This site is optimized with the Yoast SEO plugin v27.5 - https:\/\/yoast.com\/product\/yoast-seo-wordpress\/ -->\n<title>Creaci\u00f3n Web Tenerife - El M\u00e9dano Tenerife<\/title>\n<meta name=\"robots\" content=\"index, follow, max-snippet:-1, max-image-preview:large, max-video-preview:-1\" \/>\n<link rel=\"canonical\" href=\"https:\/\/www.elmedanotenerife.es\/de\/profesionales\/creacion-web-tenerife\/\" \/>\n<meta property=\"og:locale\" content=\"de_DE\" \/>\n<meta property=\"og:type\" content=\"article\" \/>\n<meta property=\"og:title\" content=\"Creaci\u00f3n Web Tenerife - El M\u00e9dano Tenerife\" \/>\n<meta property=\"og:description\" content=\"CREACI\u00d3N Y DISE\u00d1O DE P\u00c1GINAS WEB\u00a0\u00daNICAS Y DE CALIDAD A PRECIO COMPETITIVO \u00bfHasta d\u00f3nde quieres llegar? En Creaci\u00f3n Web Tenerife&hellip;\" \/>\n<meta property=\"og:url\" content=\"https:\/\/www.elmedanotenerife.es\/de\/profesionales\/creacion-web-tenerife\/\" \/>\n<meta property=\"og:site_name\" content=\"El M\u00e9dano Tenerife\" \/>\n<meta property=\"article:modified_time\" content=\"2021-07-14T16:09:29+00:00\" \/>\n<meta property=\"og:image\" content=\"https:\/\/www.elmedanotenerife.es\/wp-content\/uploads\/2021\/06\/portada-youtube.jpg\" \/>\n\t<meta property=\"og:image:width\" content=\"1417\" \/>\n\t<meta property=\"og:image:height\" content=\"945\" \/>\n\t<meta property=\"og:image:type\" content=\"image\/jpeg\" \/>\n<meta name=\"twitter:card\" content=\"summary_large_image\" \/>\n<script type=\"application\/ld+json\" class=\"yoast-schema-graph\">{\"@context\":\"https:\\\/\\\/schema.org\",\"@graph\":[{\"@type\":\"WebPage\",\"@id\":\"https:\\\/\\\/www.elmedanotenerife.es\\\/de\\\/profesionales\\\/creacion-web-tenerife\\\/\",\"url\":\"https:\\\/\\\/www.elmedanotenerife.es\\\/de\\\/profesionales\\\/creacion-web-tenerife\\\/\",\"name\":\"Creaci\u00f3n Web Tenerife - El M\u00e9dano Tenerife\",\"isPartOf\":{\"@id\":\"https:\\\/\\\/www.elmedanotenerife.es\\\/de\\\/#website\"},\"primaryImageOfPage\":{\"@id\":\"https:\\\/\\\/www.elmedanotenerife.es\\\/de\\\/profesionales\\\/creacion-web-tenerife\\\/#primaryimage\"},\"image\":{\"@id\":\"https:\\\/\\\/www.elmedanotenerife.es\\\/de\\\/profesionales\\\/creacion-web-tenerife\\\/#primaryimage\"},\"thumbnailUrl\":\"https:\\\/\\\/www.elmedanotenerife.es\\\/wp-content\\\/uploads\\\/2021\\\/06\\\/portada-youtube.jpg\",\"datePublished\":\"2021-07-14T16:08:56+00:00\",\"dateModified\":\"2021-07-14T16:09:29+00:00\",\"breadcrumb\":{\"@id\":\"https:\\\/\\\/www.elmedanotenerife.es\\\/de\\\/profesionales\\\/creacion-web-tenerife\\\/#breadcrumb\"},\"inLanguage\":\"de\",\"potentialAction\":[{\"@type\":\"ReadAction\",\"target\":[\"https:\\\/\\\/www.elmedanotenerife.es\\\/de\\\/profesionales\\\/creacion-web-tenerife\\\/\"]}]},{\"@type\":\"ImageObject\",\"inLanguage\":\"de\",\"@id\":\"https:\\\/\\\/www.elmedanotenerife.es\\\/de\\\/profesionales\\\/creacion-web-tenerife\\\/#primaryimage\",\"url\":\"https:\\\/\\\/www.elmedanotenerife.es\\\/wp-content\\\/uploads\\\/2021\\\/06\\\/portada-youtube.jpg\",\"contentUrl\":\"https:\\\/\\\/www.elmedanotenerife.es\\\/wp-content\\\/uploads\\\/2021\\\/06\\\/portada-youtube.jpg\",\"width\":1417,\"height\":945},{\"@type\":\"BreadcrumbList\",\"@id\":\"https:\\\/\\\/www.elmedanotenerife.es\\\/de\\\/profesionales\\\/creacion-web-tenerife\\\/#breadcrumb\",\"itemListElement\":[{\"@type\":\"ListItem\",\"position\":1,\"name\":\"Portada\",\"item\":\"https:\\\/\\\/www.elmedanotenerife.es\\\/de\\\/\"},{\"@type\":\"ListItem\",\"position\":2,\"name\":\"Profesionales\",\"item\":\"https:\\\/\\\/www.elmedanotenerife.es\\\/de\\\/profesionales\\\/\"},{\"@type\":\"ListItem\",\"position\":3,\"name\":\"Creaci\u00f3n Web Tenerife\"}]},{\"@type\":\"WebSite\",\"@id\":\"https:\\\/\\\/www.elmedanotenerife.es\\\/de\\\/#website\",\"url\":\"https:\\\/\\\/www.elmedanotenerife.es\\\/de\\\/\",\"name\":\"El M\u00e9dano Tenerife\",\"description\":\"\",\"potentialAction\":[{\"@type\":\"SearchAction\",\"target\":{\"@type\":\"EntryPoint\",\"urlTemplate\":\"https:\\\/\\\/www.elmedanotenerife.es\\\/de\\\/?s={search_term_string}\"},\"query-input\":{\"@type\":\"PropertyValueSpecification\",\"valueRequired\":true,\"valueName\":\"search_term_string\"}}],\"inLanguage\":\"de\"}]}<\/script>\n<!-- \/ Yoast SEO plugin. -->","yoast_head_json":{"title":"Creaci\u00f3n Web Tenerife - El M\u00e9dano Tenerife","robots":{"index":"index","follow":"follow","max-snippet":"max-snippet:-1","max-image-preview":"max-image-preview:large","max-video-preview":"max-video-preview:-1"},"canonical":"https:\/\/www.elmedanotenerife.es\/de\/profesionales\/creacion-web-tenerife\/","og_locale":"de_DE","og_type":"article","og_title":"Creaci\u00f3n Web Tenerife - El M\u00e9dano Tenerife","og_description":"CREACI\u00d3N Y DISE\u00d1O DE P\u00c1GINAS WEB\u00a0\u00daNICAS Y DE CALIDAD A PRECIO COMPETITIVO \u00bfHasta d\u00f3nde quieres llegar? En Creaci\u00f3n Web Tenerife&hellip;","og_url":"https:\/\/www.elmedanotenerife.es\/de\/profesionales\/creacion-web-tenerife\/","og_site_name":"El M\u00e9dano Tenerife","article_modified_time":"2021-07-14T16:09:29+00:00","og_image":[{"width":1417,"height":945,"url":"https:\/\/www.elmedanotenerife.es\/wp-content\/uploads\/2021\/06\/portada-youtube.jpg","type":"image\/jpeg"}],"twitter_card":"summary_large_image","schema":{"@context":"https:\/\/schema.org","@graph":[{"@type":"WebPage","@id":"https:\/\/www.elmedanotenerife.es\/de\/profesionales\/creacion-web-tenerife\/","url":"https:\/\/www.elmedanotenerife.es\/de\/profesionales\/creacion-web-tenerife\/","name":"Creaci\u00f3n Web Tenerife - El M\u00e9dano Tenerife","isPartOf":{"@id":"https:\/\/www.elmedanotenerife.es\/de\/#website"},"primaryImageOfPage":{"@id":"https:\/\/www.elmedanotenerife.es\/de\/profesionales\/creacion-web-tenerife\/#primaryimage"},"image":{"@id":"https:\/\/www.elmedanotenerife.es\/de\/profesionales\/creacion-web-tenerife\/#primaryimage"},"thumbnailUrl":"https:\/\/www.elmedanotenerife.es\/wp-content\/uploads\/2021\/06\/portada-youtube.jpg","datePublished":"2021-07-14T16:08:56+00:00","dateModified":"2021-07-14T16:09:29+00:00","breadcrumb":{"@id":"https:\/\/www.elmedanotenerife.es\/de\/profesionales\/creacion-web-tenerife\/#breadcrumb"},"inLanguage":"de","potentialAction":[{"@type":"ReadAction","target":["https:\/\/www.elmedanotenerife.es\/de\/profesionales\/creacion-web-tenerife\/"]}]},{"@type":"ImageObject","inLanguage":"de","@id":"https:\/\/www.elmedanotenerife.es\/de\/profesionales\/creacion-web-tenerife\/#primaryimage","url":"https:\/\/www.elmedanotenerife.es\/wp-content\/uploads\/2021\/06\/portada-youtube.jpg","contentUrl":"https:\/\/www.elmedanotenerife.es\/wp-content\/uploads\/2021\/06\/portada-youtube.jpg","width":1417,"height":945},{"@type":"BreadcrumbList","@id":"https:\/\/www.elmedanotenerife.es\/de\/profesionales\/creacion-web-tenerife\/#breadcrumb","itemListElement":[{"@type":"ListItem","position":1,"name":"Portada","item":"https:\/\/www.elmedanotenerife.es\/de\/"},{"@type":"ListItem","position":2,"name":"Profesionales","item":"https:\/\/www.elmedanotenerife.es\/de\/profesionales\/"},{"@type":"ListItem","position":3,"name":"Creaci\u00f3n Web Tenerife"}]},{"@type":"WebSite","@id":"https:\/\/www.elmedanotenerife.es\/de\/#website","url":"https:\/\/www.elmedanotenerife.es\/de\/","name":"El M\u00e9dano Tenerife","description":"","potentialAction":[{"@type":"SearchAction","target":{"@type":"EntryPoint","urlTemplate":"https:\/\/www.elmedanotenerife.es\/de\/?s={search_term_string}"},"query-input":{"@type":"PropertyValueSpecification","valueRequired":true,"valueName":"search_term_string"}}],"inLanguage":"de"}]}},"cmb2":{"listing_profesionales_general":{"listing_title":"Creaci\u00f3n Web Tenerife","listing_description":"CREACI\u00d3N Y DISE\u00d1O DE P\u00c1GINAS WEB\u00a0\u00daNICAS Y DE CALIDAD A PRECIO COMPETITIVO\r\n\u00bfHasta d\u00f3nde quieres llegar? En Creaci\u00f3n Web Tenerife te ayudamos. Realizaremos el dise\u00f1o y la creaci\u00f3n de p\u00e1ginas web y Tiendas Online funcionales, intuitivas, accesibles, con contenidos de calidad y dise\u00f1os web personalizados y \u00fanicos","listing_featured_image":"https:\/\/www.elmedanotenerife.es\/wp-content\/uploads\/2021\/06\/portada-youtube.jpg","listing_featured_image_id":"13545"},"listing_profesionales_branding":{"listing_slogan":"\u00abNecesitas presencia en Internet s\u00ed o s\u00ed\u00bb  P\u00c1GINAS WEB Y TIENDAS ONLINE \u00daNICAS Y DE CALIDAD A PRECIO COMPETITIVO","listing_brand_color":"#2042b2","listing_logo":"https:\/\/www.elmedanotenerife.es\/wp-content\/uploads\/2021\/06\/logob.png","listing_logo_id":"13550"},"listing_profesionales_banner":{"listing_banner":"banner_featured_image","listing_banner_map_zoom":"12","listing_banner_map_type":"ROADMAP","listing_banner_map_marker":""},"listing_profesionales_listing_category":{"listing_listing_category":["profesionales"]},"listing_profesionales_location":{"listing_locations":["el-medano"],"listing_map_location":{"address":"Calle Mar Cant\u00e1brico, 19, El M\u00e9dano, Espa\u00f1a","latitude":"28.0483979","longitude":"-16.5356434"},"listing_map_location_polygon":"","listing_street_view":"","listing_street_view_location":{"latitude":"37.81240457820649","longitude":"-122.4760775295691","zoom":"1","heading":"-18","pitch":"25"},"listing_inside_view":"","listing_inside_view_location":{"latitude":"37.81240457820649","longitude":"-122.4760775295691","zoom":"1","heading":"-18","pitch":"25"}}},"_links":{"self":[{"href":"https:\/\/www.elmedanotenerife.es\/de\/wp-json\/wp\/v2\/profesionales\/13575","targetHints":{"allow":["GET"]}}],"collection":[{"href":"https:\/\/www.elmedanotenerife.es\/de\/wp-json\/wp\/v2\/profesionales"}],"about":[{"href":"https:\/\/www.elmedanotenerife.es\/de\/wp-json\/wp\/v2\/types\/profesionales"}],"author":[{"embeddable":true,"href":"https:\/\/www.elmedanotenerife.es\/de\/wp-json\/wp\/v2\/users\/91"}],"replies":[{"embeddable":true,"href":"https:\/\/www.elmedanotenerife.es\/de\/wp-json\/wp\/v2\/comments?post=13575"}],"wp:featuredmedia":[{"embeddable":true,"href":"https:\/\/www.elmedanotenerife.es\/de\/wp-json\/wp\/v2\/media\/13545"}],"wp:attachment":[{"href":"https:\/\/www.elmedanotenerife.es\/de\/wp-json\/wp\/v2\/media?parent=13575"}],"wp:term":[{"taxonomy":"locations","embeddable":true,"href":"https:\/\/www.elmedanotenerife.es\/de\/wp-json\/wp\/v2\/locations?post=13575"},{"taxonomy":"listing_categories","embeddable":true,"href":"https:\/\/www.elmedanotenerife.es\/de\/wp-json\/wp\/v2\/listing_categories?post=13575"}],"curies":[{"name":"wp","href":"https:\/\/api.w.org\/{rel}","templated":true}]}}

Creación Web Tenerife

<p>CREACIÓN Y DISEÑO DE PÁGINAS WEB ÚNICAS Y DE CALIDAD A PRECIO COMPETITIVO<br />
¿Hasta dónde quieres llegar? En Creación Web Tenerife te ayudamos. Realizaremos el diseño y la creación de páginas web y Tiendas Online funcionales, intuitivas, accesibles, con contenidos de calidad y diseños web personalizados y únicos</p>

<!-- This site is optimized with the Yoast SEO plugin v27.5 - https://yoast.com/product/yoast-seo-wordpress/ -->
<title>Creación Web Tenerife - El Médano Tenerife</title>
<meta name="robots" content="index, follow, max-snippet:-1, max-image-preview:large, max-video-preview:-1" />
<link rel="canonical" href="https://www.elmedanotenerife.es/de/profesionales/creacion-web-tenerife/" />
<meta property="og:locale" content="de_DE" />
<meta property="og:type" content="article" />
<meta property="og:title" content="Creación Web Tenerife - El Médano Tenerife" />
<meta property="og:description" content="CREACIÓN Y DISEÑO DE PÁGINAS WEB ÚNICAS Y DE CALIDAD A PRECIO COMPETITIVO ¿Hasta dónde quieres llegar? En Creación Web Tenerife&hellip;" />
<meta property="og:url" content="https://www.elmedanotenerife.es/de/profesionales/creacion-web-tenerife/" />
<meta property="og:site_name" content="El Médano Tenerife" />
<meta property="article:modified_time" content="2021-07-14T16:09:29+00:00" />
<meta property="og:image" content="https://www.elmedanotenerife.es/wp-content/uploads/2021/06/portada-youtube.jpg" />
	<meta property="og:image:width" content="1417" />
	<meta property="og:image:height" content="945" />
	<meta property="og:image:type" content="image/jpeg" />
<meta name="twitter:card" content="summary_large_image" />
<script type="application/ld+json" class="yoast-schema-graph">{"@context":"https:\/\/schema.org","@graph":[{"@type":"WebPage","@id":"https:\/\/www.elmedanotenerife.es\/de\/profesionales\/creacion-web-tenerife\/","url":"https:\/\/www.elmedanotenerife.es\/de\/profesionales\/creacion-web-tenerife\/","name":"Creación Web Tenerife - El Médano Tenerife","isPartOf":{"@id":"https:\/\/www.elmedanotenerife.es\/de\/#website"},"primaryImageOfPage":{"@id":"https:\/\/www.elmedanotenerife.es\/de\/profesionales\/creacion-web-tenerife\/#primaryimage"},"image":{"@id":"https:\/\/www.elmedanotenerife.es\/de\/profesionales\/creacion-web-tenerife\/#primaryimage"},"thumbnailUrl":"https:\/\/www.elmedanotenerife.es\/wp-content\/uploads\/2021\/06\/portada-youtube.jpg","datePublished":"2021-07-14T16:08:56+00:00","dateModified":"2021-07-14T16:09:29+00:00","breadcrumb":{"@id":"https:\/\/www.elmedanotenerife.es\/de\/profesionales\/creacion-web-tenerife\/#breadcrumb"},"inLanguage":"de","potentialAction":[{"@type":"ReadAction","target":["https:\/\/www.elmedanotenerife.es\/de\/profesionales\/creacion-web-tenerife\/"]}]},{"@type":"ImageObject","inLanguage":"de","@id":"https:\/\/www.elmedanotenerife.es\/de\/profesionales\/creacion-web-tenerife\/#primaryimage","url":"https:\/\/www.elmedanotenerife.es\/wp-content\/uploads\/2021\/06\/portada-youtube.jpg","contentUrl":"https:\/\/www.elmedanotenerife.es\/wp-content\/uploads\/2021\/06\/portada-youtube.jpg","width":1417,"height":945},{"@type":"BreadcrumbList","@id":"https:\/\/www.elmedanotenerife.es\/de\/profesionales\/creacion-web-tenerife\/#breadcrumb","itemListElement":[{"@type":"ListItem","position":1,"name":"Portada","item":"https:\/\/www.elmedanotenerife.es\/de\/"},{"@type":"ListItem","position":2,"name":"Profesionales","item":"https:\/\/www.elmedanotenerife.es\/de\/profesionales\/"},{"@type":"ListItem","position":3,"name":"Creación Web Tenerife"}]},{"@type":"WebSite","@id":"https:\/\/www.elmedanotenerife.es\/de\/#website","url":"https:\/\/www.elmedanotenerife.es\/de\/","name":"El Médano Tenerife","description":"","potentialAction":[{"@type":"SearchAction","target":{"@type":"EntryPoint","urlTemplate":"https:\/\/www.elmedanotenerife.es\/de\/?s={search_term_string}"},"query-input":{"@type":"PropertyValueSpecification","valueRequired":true,"valueName":"search_term_string"}}],"inLanguage":"de"}]}</script>
<!-- / Yoast SEO plugin. -->

Creación Web Tenerife - El Médano Tenerife

CREACIÓN Y DISEÑO DE PÁGINAS WEB ÚNICAS Y DE CALIDAD A PRECIO COMPETITIVO ¿Hasta dónde quieres llegar? En Creación Web Tenerife&hellip;

El Médano Tenerife

CREACIÓN Y DISEÑO DE PÁGINAS WEB ÚNICAS Y DE CALIDAD A PRECIO COMPETITIVO
¿Hasta dónde quieres llegar? En Creación Web Tenerife te ayudamos. Realizaremos el diseño y la creación de páginas web y Tiendas Online funcionales, intuitivas, accesibles, con contenidos de calidad y diseños web personalizados y únicos

«Necesitas presencia en Internet sí o sí»  PÁGINAS WEB Y TIENDAS ONLINE ÚNICAS Y DE CALIDAD A PRECIO COMPETITIVO

Calle Mar Cantábrico, 19, El Médano, España
