{"id":8473,"date":"2019-10-16T15:19:10","date_gmt":"2019-10-16T15:19:10","guid":{"rendered":"https:\/\/www.elmedanotenerife.es\/?post_type=profesionales&#038;p=8473"},"modified":"2019-11-09T16:04:22","modified_gmt":"2019-11-09T14:04:22","slug":"seguros-mapfre","status":"publish","type":"profesionales","link":"https:\/\/www.elmedanotenerife.es\/de\/profesionales\/seguros-mapfre\/","title":{"rendered":"Mapfre"},"content":{"rendered":"<p>Te ofrecemos una atenci\u00f3n personal y directa, a trav\u00e9s de nuestro equipo comercial formado por profesionales cualificados, integrados en la Red Comercial m\u00e1s amplia del Seguro Espa\u00f1ol.<\/p>\n<p>Disponemos de la gama m\u00e1s completa de soluciones aseguradoras y financieras para satisfacer todas tus necesidades a nivel personal, familiar, profesional empresarial, siempre con la m\u00e1xima calidad y eficiencia en el servicio al precio m\u00e1s competitivo.<\/p>\n","protected":false},"author":1,"featured_media":8475,"comment_status":"open","ping_status":"closed","template":"","locations":[326],"listing_categories":[333],"class_list":["post-8473","profesionales","type-profesionales","status-publish","has-post-thumbnail","hentry","locations-el-medano","listing_categories-seguros"],"yoast_head":"<!-- This site is optimized with the Yoast SEO plugin v27.5 - https:\/\/yoast.com\/product\/yoast-seo-wordpress\/ -->\n<title>Mapfre - El M\u00e9dano Tenerife<\/title>\n<meta name=\"robots\" content=\"index, follow, max-snippet:-1, max-image-preview:large, max-video-preview:-1\" \/>\n<link rel=\"canonical\" href=\"https:\/\/www.elmedanotenerife.es\/de\/profesionales\/seguros-mapfre\/\" \/>\n<meta property=\"og:locale\" content=\"de_DE\" \/>\n<meta property=\"og:type\" content=\"article\" \/>\n<meta property=\"og:title\" content=\"Mapfre - El M\u00e9dano Tenerife\" \/>\n<meta property=\"og:description\" content=\"Te ofrecemos una atenci\u00f3n personal y directa, a trav\u00e9s de nuestro equipo comercial formado por profesionales cualificados, integrados en la&hellip;\" \/>\n<meta property=\"og:url\" content=\"https:\/\/www.elmedanotenerife.es\/de\/profesionales\/seguros-mapfre\/\" \/>\n<meta property=\"og:site_name\" content=\"El M\u00e9dano Tenerife\" \/>\n<meta property=\"article:modified_time\" content=\"2019-11-09T14:04:22+00:00\" \/>\n<meta property=\"og:image\" content=\"https:\/\/www.elmedanotenerife.es\/wp-content\/uploads\/2019\/10\/OFICINAS_MAPFRE_13_tcm1465-248042_tcm1465-558261.jpg\" \/>\n\t<meta property=\"og:image:width\" content=\"1600\" \/>\n\t<meta property=\"og:image:height\" content=\"767\" \/>\n\t<meta property=\"og:image:type\" content=\"image\/jpeg\" \/>\n<meta name=\"twitter:card\" content=\"summary_large_image\" \/>\n<script type=\"application\/ld+json\" class=\"yoast-schema-graph\">{\"@context\":\"https:\\\/\\\/schema.org\",\"@graph\":[{\"@type\":\"WebPage\",\"@id\":\"https:\\\/\\\/www.elmedanotenerife.es\\\/de\\\/profesionales\\\/seguros-mapfre\\\/\",\"url\":\"https:\\\/\\\/www.elmedanotenerife.es\\\/de\\\/profesionales\\\/seguros-mapfre\\\/\",\"name\":\"Mapfre - El M\u00e9dano Tenerife\",\"isPartOf\":{\"@id\":\"https:\\\/\\\/www.elmedanotenerife.es\\\/de\\\/#website\"},\"primaryImageOfPage\":{\"@id\":\"https:\\\/\\\/www.elmedanotenerife.es\\\/de\\\/profesionales\\\/seguros-mapfre\\\/#primaryimage\"},\"image\":{\"@id\":\"https:\\\/\\\/www.elmedanotenerife.es\\\/de\\\/profesionales\\\/seguros-mapfre\\\/#primaryimage\"},\"thumbnailUrl\":\"https:\\\/\\\/www.elmedanotenerife.es\\\/wp-content\\\/uploads\\\/2019\\\/10\\\/OFICINAS_MAPFRE_13_tcm1465-248042_tcm1465-558261.jpg\",\"datePublished\":\"2019-10-16T15:19:10+00:00\",\"dateModified\":\"2019-11-09T14:04:22+00:00\",\"breadcrumb\":{\"@id\":\"https:\\\/\\\/www.elmedanotenerife.es\\\/de\\\/profesionales\\\/seguros-mapfre\\\/#breadcrumb\"},\"inLanguage\":\"de\",\"potentialAction\":[{\"@type\":\"ReadAction\",\"target\":[\"https:\\\/\\\/www.elmedanotenerife.es\\\/de\\\/profesionales\\\/seguros-mapfre\\\/\"]}]},{\"@type\":\"ImageObject\",\"inLanguage\":\"de\",\"@id\":\"https:\\\/\\\/www.elmedanotenerife.es\\\/de\\\/profesionales\\\/seguros-mapfre\\\/#primaryimage\",\"url\":\"https:\\\/\\\/www.elmedanotenerife.es\\\/wp-content\\\/uploads\\\/2019\\\/10\\\/OFICINAS_MAPFRE_13_tcm1465-248042_tcm1465-558261.jpg\",\"contentUrl\":\"https:\\\/\\\/www.elmedanotenerife.es\\\/wp-content\\\/uploads\\\/2019\\\/10\\\/OFICINAS_MAPFRE_13_tcm1465-248042_tcm1465-558261.jpg\",\"width\":1600,\"height\":767},{\"@type\":\"BreadcrumbList\",\"@id\":\"https:\\\/\\\/www.elmedanotenerife.es\\\/de\\\/profesionales\\\/seguros-mapfre\\\/#breadcrumb\",\"itemListElement\":[{\"@type\":\"ListItem\",\"position\":1,\"name\":\"Portada\",\"item\":\"https:\\\/\\\/www.elmedanotenerife.es\\\/de\\\/\"},{\"@type\":\"ListItem\",\"position\":2,\"name\":\"Profesionales\",\"item\":\"https:\\\/\\\/www.elmedanotenerife.es\\\/de\\\/profesionales\\\/\"},{\"@type\":\"ListItem\",\"position\":3,\"name\":\"Mapfre\"}]},{\"@type\":\"WebSite\",\"@id\":\"https:\\\/\\\/www.elmedanotenerife.es\\\/de\\\/#website\",\"url\":\"https:\\\/\\\/www.elmedanotenerife.es\\\/de\\\/\",\"name\":\"El M\u00e9dano Tenerife\",\"description\":\"\",\"potentialAction\":[{\"@type\":\"SearchAction\",\"target\":{\"@type\":\"EntryPoint\",\"urlTemplate\":\"https:\\\/\\\/www.elmedanotenerife.es\\\/de\\\/?s={search_term_string}\"},\"query-input\":{\"@type\":\"PropertyValueSpecification\",\"valueRequired\":true,\"valueName\":\"search_term_string\"}}],\"inLanguage\":\"de\"}]}<\/script>\n<!-- \/ Yoast SEO plugin. -->","yoast_head_json":{"title":"Mapfre - El M\u00e9dano Tenerife","robots":{"index":"index","follow":"follow","max-snippet":"max-snippet:-1","max-image-preview":"max-image-preview:large","max-video-preview":"max-video-preview:-1"},"canonical":"https:\/\/www.elmedanotenerife.es\/de\/profesionales\/seguros-mapfre\/","og_locale":"de_DE","og_type":"article","og_title":"Mapfre - El M\u00e9dano Tenerife","og_description":"Te ofrecemos una atenci\u00f3n personal y directa, a trav\u00e9s de nuestro equipo comercial formado por profesionales cualificados, integrados en la&hellip;","og_url":"https:\/\/www.elmedanotenerife.es\/de\/profesionales\/seguros-mapfre\/","og_site_name":"El M\u00e9dano Tenerife","article_modified_time":"2019-11-09T14:04:22+00:00","og_image":[{"width":1600,"height":767,"url":"https:\/\/www.elmedanotenerife.es\/wp-content\/uploads\/2019\/10\/OFICINAS_MAPFRE_13_tcm1465-248042_tcm1465-558261.jpg","type":"image\/jpeg"}],"twitter_card":"summary_large_image","schema":{"@context":"https:\/\/schema.org","@graph":[{"@type":"WebPage","@id":"https:\/\/www.elmedanotenerife.es\/de\/profesionales\/seguros-mapfre\/","url":"https:\/\/www.elmedanotenerife.es\/de\/profesionales\/seguros-mapfre\/","name":"Mapfre - El M\u00e9dano Tenerife","isPartOf":{"@id":"https:\/\/www.elmedanotenerife.es\/de\/#website"},"primaryImageOfPage":{"@id":"https:\/\/www.elmedanotenerife.es\/de\/profesionales\/seguros-mapfre\/#primaryimage"},"image":{"@id":"https:\/\/www.elmedanotenerife.es\/de\/profesionales\/seguros-mapfre\/#primaryimage"},"thumbnailUrl":"https:\/\/www.elmedanotenerife.es\/wp-content\/uploads\/2019\/10\/OFICINAS_MAPFRE_13_tcm1465-248042_tcm1465-558261.jpg","datePublished":"2019-10-16T15:19:10+00:00","dateModified":"2019-11-09T14:04:22+00:00","breadcrumb":{"@id":"https:\/\/www.elmedanotenerife.es\/de\/profesionales\/seguros-mapfre\/#breadcrumb"},"inLanguage":"de","potentialAction":[{"@type":"ReadAction","target":["https:\/\/www.elmedanotenerife.es\/de\/profesionales\/seguros-mapfre\/"]}]},{"@type":"ImageObject","inLanguage":"de","@id":"https:\/\/www.elmedanotenerife.es\/de\/profesionales\/seguros-mapfre\/#primaryimage","url":"https:\/\/www.elmedanotenerife.es\/wp-content\/uploads\/2019\/10\/OFICINAS_MAPFRE_13_tcm1465-248042_tcm1465-558261.jpg","contentUrl":"https:\/\/www.elmedanotenerife.es\/wp-content\/uploads\/2019\/10\/OFICINAS_MAPFRE_13_tcm1465-248042_tcm1465-558261.jpg","width":1600,"height":767},{"@type":"BreadcrumbList","@id":"https:\/\/www.elmedanotenerife.es\/de\/profesionales\/seguros-mapfre\/#breadcrumb","itemListElement":[{"@type":"ListItem","position":1,"name":"Portada","item":"https:\/\/www.elmedanotenerife.es\/de\/"},{"@type":"ListItem","position":2,"name":"Profesionales","item":"https:\/\/www.elmedanotenerife.es\/de\/profesionales\/"},{"@type":"ListItem","position":3,"name":"Mapfre"}]},{"@type":"WebSite","@id":"https:\/\/www.elmedanotenerife.es\/de\/#website","url":"https:\/\/www.elmedanotenerife.es\/de\/","name":"El M\u00e9dano Tenerife","description":"","potentialAction":[{"@type":"SearchAction","target":{"@type":"EntryPoint","urlTemplate":"https:\/\/www.elmedanotenerife.es\/de\/?s={search_term_string}"},"query-input":{"@type":"PropertyValueSpecification","valueRequired":true,"valueName":"search_term_string"}}],"inLanguage":"de"}]}},"cmb2":{"listing_profesionales_general":{"listing_title":"Mapfre","listing_description":"Te ofrecemos una atenci\u00f3n personal y directa, a trav\u00e9s de nuestro equipo comercial formado por profesionales cualificados, integrados en la Red Comercial m\u00e1s amplia del Seguro Espa\u00f1ol.\r\n\r\nDisponemos de la gama m\u00e1s completa de soluciones aseguradoras y financieras para satisfacer todas tus necesidades a nivel personal, familiar, profesional empresarial, siempre con la m\u00e1xima calidad y eficiencia en el servicio al precio m\u00e1s competitivo.","listing_featured_image":"https:\/\/www.elmedanotenerife.es\/wp-content\/uploads\/2019\/10\/OFICINAS_MAPFRE_13_tcm1465-248042_tcm1465-558261.jpg","listing_featured_image_id":""},"listing_profesionales_branding":{"listing_slogan":"","listing_brand_color":"","listing_logo":"https:\/\/www.elmedanotenerife.es\/wp-content\/uploads\/2019\/10\/LOGO-MAPFRE_NEG_2536X1270.jpg","listing_logo_id":"8474"},"listing_profesionales_banner":{"listing_banner":"banner_map","listing_banner_map_zoom":"16","listing_banner_map_type":"SATELLITE","listing_banner_map_marker":""},"listing_profesionales_listing_category":{"listing_listing_category":["seguros"]},"listing_profesionales_location":{"listing_locations":["el-medano"],"listing_map_location":{"address":"MAPFRE, El Cabezo, Argentina, Granadilla, Espa\u00f1a","latitude":"28.0462232","longitude":"-16.537734699999987"},"listing_map_location_polygon":"","listing_street_view":"","listing_street_view_location":{"latitude":"28.04655297147079","longitude":"-16.537394771591153","zoom":"1.326","heading":"309.081","pitch":"21.137"},"listing_inside_view":"","listing_inside_view_location":{"latitude":"37.81240457820649","longitude":"-122.47607752956912","zoom":"2.216","heading":"-18","pitch":"25"}}},"_links":{"self":[{"href":"https:\/\/www.elmedanotenerife.es\/de\/wp-json\/wp\/v2\/profesionales\/8473","targetHints":{"allow":["GET"]}}],"collection":[{"href":"https:\/\/www.elmedanotenerife.es\/de\/wp-json\/wp\/v2\/profesionales"}],"about":[{"href":"https:\/\/www.elmedanotenerife.es\/de\/wp-json\/wp\/v2\/types\/profesionales"}],"author":[{"embeddable":true,"href":"https:\/\/www.elmedanotenerife.es\/de\/wp-json\/wp\/v2\/users\/1"}],"replies":[{"embeddable":true,"href":"https:\/\/www.elmedanotenerife.es\/de\/wp-json\/wp\/v2\/comments?post=8473"}],"wp:featuredmedia":[{"embeddable":true,"href":"https:\/\/www.elmedanotenerife.es\/de\/wp-json\/wp\/v2\/media\/8475"}],"wp:attachment":[{"href":"https:\/\/www.elmedanotenerife.es\/de\/wp-json\/wp\/v2\/media?parent=8473"}],"wp:term":[{"taxonomy":"locations","embeddable":true,"href":"https:\/\/www.elmedanotenerife.es\/de\/wp-json\/wp\/v2\/locations?post=8473"},{"taxonomy":"listing_categories","embeddable":true,"href":"https:\/\/www.elmedanotenerife.es\/de\/wp-json\/wp\/v2\/listing_categories?post=8473"}],"curies":[{"name":"wp","href":"https:\/\/api.w.org\/{rel}","templated":true}]}}

<p>Te ofrecemos una atención personal y directa, a través de nuestro equipo comercial formado por profesionales cualificados, integrados en la Red Comercial más amplia del Seguro Español.</p>
<p>Disponemos de la gama más completa de soluciones aseguradoras y financieras para satisfacer todas tus necesidades a nivel personal, familiar, profesional empresarial, siempre con la máxima calidad y eficiencia en el servicio al precio más competitivo.</p>

<!-- This site is optimized with the Yoast SEO plugin v27.5 - https://yoast.com/product/yoast-seo-wordpress/ -->
<title>Mapfre - El Médano Tenerife</title>
<meta name="robots" content="index, follow, max-snippet:-1, max-image-preview:large, max-video-preview:-1" />
<link rel="canonical" href="https://www.elmedanotenerife.es/de/profesionales/seguros-mapfre/" />
<meta property="og:locale" content="de_DE" />
<meta property="og:type" content="article" />
<meta property="og:title" content="Mapfre - El Médano Tenerife" />
<meta property="og:description" content="Te ofrecemos una atención personal y directa, a través de nuestro equipo comercial formado por profesionales cualificados, integrados en la&hellip;" />
<meta property="og:url" content="https://www.elmedanotenerife.es/de/profesionales/seguros-mapfre/" />
<meta property="og:site_name" content="El Médano Tenerife" />
<meta property="article:modified_time" content="2019-11-09T14:04:22+00:00" />
<meta property="og:image" content="https://www.elmedanotenerife.es/wp-content/uploads/2019/10/OFICINAS_MAPFRE_13_tcm1465-248042_tcm1465-558261.jpg" />
	<meta property="og:image:width" content="1600" />
	<meta property="og:image:height" content="767" />
	<meta property="og:image:type" content="image/jpeg" />
<meta name="twitter:card" content="summary_large_image" />
<script type="application/ld+json" class="yoast-schema-graph">{"@context":"https:\/\/schema.org","@graph":[{"@type":"WebPage","@id":"https:\/\/www.elmedanotenerife.es\/de\/profesionales\/seguros-mapfre\/","url":"https:\/\/www.elmedanotenerife.es\/de\/profesionales\/seguros-mapfre\/","name":"Mapfre - El Médano Tenerife","isPartOf":{"@id":"https:\/\/www.elmedanotenerife.es\/de\/#website"},"primaryImageOfPage":{"@id":"https:\/\/www.elmedanotenerife.es\/de\/profesionales\/seguros-mapfre\/#primaryimage"},"image":{"@id":"https:\/\/www.elmedanotenerife.es\/de\/profesionales\/seguros-mapfre\/#primaryimage"},"thumbnailUrl":"https:\/\/www.elmedanotenerife.es\/wp-content\/uploads\/2019\/10\/OFICINAS_MAPFRE_13_tcm1465-248042_tcm1465-558261.jpg","datePublished":"2019-10-16T15:19:10+00:00","dateModified":"2019-11-09T14:04:22+00:00","breadcrumb":{"@id":"https:\/\/www.elmedanotenerife.es\/de\/profesionales\/seguros-mapfre\/#breadcrumb"},"inLanguage":"de","potentialAction":[{"@type":"ReadAction","target":["https:\/\/www.elmedanotenerife.es\/de\/profesionales\/seguros-mapfre\/"]}]},{"@type":"ImageObject","inLanguage":"de","@id":"https:\/\/www.elmedanotenerife.es\/de\/profesionales\/seguros-mapfre\/#primaryimage","url":"https:\/\/www.elmedanotenerife.es\/wp-content\/uploads\/2019\/10\/OFICINAS_MAPFRE_13_tcm1465-248042_tcm1465-558261.jpg","contentUrl":"https:\/\/www.elmedanotenerife.es\/wp-content\/uploads\/2019\/10\/OFICINAS_MAPFRE_13_tcm1465-248042_tcm1465-558261.jpg","width":1600,"height":767},{"@type":"BreadcrumbList","@id":"https:\/\/www.elmedanotenerife.es\/de\/profesionales\/seguros-mapfre\/#breadcrumb","itemListElement":[{"@type":"ListItem","position":1,"name":"Portada","item":"https:\/\/www.elmedanotenerife.es\/de\/"},{"@type":"ListItem","position":2,"name":"Profesionales","item":"https:\/\/www.elmedanotenerife.es\/de\/profesionales\/"},{"@type":"ListItem","position":3,"name":"Mapfre"}]},{"@type":"WebSite","@id":"https:\/\/www.elmedanotenerife.es\/de\/#website","url":"https:\/\/www.elmedanotenerife.es\/de\/","name":"El Médano Tenerife","description":"","potentialAction":[{"@type":"SearchAction","target":{"@type":"EntryPoint","urlTemplate":"https:\/\/www.elmedanotenerife.es\/de\/?s={search_term_string}"},"query-input":{"@type":"PropertyValueSpecification","valueRequired":true,"valueName":"search_term_string"}}],"inLanguage":"de"}]}</script>
<!-- / Yoast SEO plugin. -->

Mapfre - El Médano Tenerife

Te ofrecemos una atención personal y directa, a través de nuestro equipo comercial formado por profesionales cualificados, integrados en la&hellip;

El Médano Tenerife

Te ofrecemos una atención personal y directa, a través de nuestro equipo comercial formado por profesionales cualificados, integrados en la Red Comercial más amplia del Seguro Español.

Disponemos de la gama más completa de soluciones aseguradoras y financieras para satisfacer todas tus necesidades a nivel personal, familiar, profesional empresarial, siempre con la máxima calidad y eficiencia en el servicio al precio más competitivo.

MAPFRE, El Cabezo, Argentina, Granadilla, España
