{"id":8479,"date":"2019-10-16T15:37:47","date_gmt":"2019-10-16T15:37:47","guid":{"rendered":"https:\/\/www.elmedanotenerife.es\/?post_type=profesionales&#038;p=8479"},"modified":"2019-11-09T16:03:49","modified_gmt":"2019-11-09T14:03:49","slug":"hospital-veterinario-patas-y-colas","status":"publish","type":"profesionales","link":"https:\/\/www.elmedanotenerife.es\/de\/profesionales\/hospital-veterinario-patas-y-colas\/","title":{"rendered":"Hospital Veterinario Patas y Colas"},"content":{"rendered":"<p>En el a\u00f1o 2002, despu\u00e9s de realizar el internado y residencia del postgrado de medicina y cirug\u00eda de peque\u00f1os animales en el Hospital Veterinario Daniel Cabello de la facultad de Veterinaria de la Universidad de Venezuela, Lucibel Mesa Suarez, fundadora del\u00a0<strong>Hospital Veterinario Patas y Colas<\/strong>, retorna a sus or\u00edgenes canarios\u00a0y decide establecerse definitivamente en Tenerife.<\/p>\n<p>Por un per\u00edodo de cuatro a\u00f1os ejerce como\u00a0<strong>veterinario en cl\u00ednica privada<\/strong>\u00a0hasta fundar en el a\u00f1o 2007 la\u00a0<strong>Cl\u00ednica veterinaria Patas y Colas,<\/strong>\u00a0que despu\u00e9s de 7 a\u00f1os abierta con gran demanda en el servicio de urgencias, abre como\u00a0<strong>Hospital Veterinario 24 horas<\/strong>.<\/p>\n<p>Desde ese momento hasta el\u00a0el momento actual, este centro cuenta con un\u00a0<strong>amplio grupo de profesionales<\/strong>\u00a0dispuestos a prestar un servicio pionero en el sur de Tenerife. Nos diferenciamos por la\u00a0<strong>especializaci\u00f3n y formaci\u00f3n<\/strong>\u00a0de\u00a0nuestros profesionales en cuanto a la medicina veterinaria actual, y tambi\u00e9n por nuestra<strong>\u00a0tecnolog\u00eda de vanguardia<\/strong>, cuya misi\u00f3n fundamental y compromiso es procurar el m\u00e1ximo bienestar y salud de las mascotas de todos nuestros clientes.<\/p>\n","protected":false},"author":1,"featured_media":8480,"comment_status":"open","ping_status":"closed","template":"","locations":[326],"listing_categories":[335],"class_list":["post-8479","profesionales","type-profesionales","status-publish","has-post-thumbnail","hentry","locations-el-medano","listing_categories-veterinarios"],"yoast_head":"<!-- This site is optimized with the Yoast SEO plugin v27.5 - https:\/\/yoast.com\/product\/yoast-seo-wordpress\/ -->\n<title>Hospital Veterinario Patas y Colas - El M\u00e9dano Tenerife<\/title>\n<meta name=\"robots\" content=\"index, follow, max-snippet:-1, max-image-preview:large, max-video-preview:-1\" \/>\n<link rel=\"canonical\" href=\"https:\/\/www.elmedanotenerife.es\/de\/profesionales\/hospital-veterinario-patas-y-colas\/\" \/>\n<meta property=\"og:locale\" content=\"de_DE\" \/>\n<meta property=\"og:type\" content=\"article\" \/>\n<meta property=\"og:title\" content=\"Hospital Veterinario Patas y Colas - El M\u00e9dano Tenerife\" \/>\n<meta property=\"og:description\" content=\"En el a\u00f1o 2002, despu\u00e9s de realizar el internado y residencia del postgrado de medicina y cirug\u00eda de peque\u00f1os animales&hellip;\" \/>\n<meta property=\"og:url\" content=\"https:\/\/www.elmedanotenerife.es\/de\/profesionales\/hospital-veterinario-patas-y-colas\/\" \/>\n<meta property=\"og:site_name\" content=\"El M\u00e9dano Tenerife\" \/>\n<meta property=\"article:modified_time\" content=\"2019-11-09T14:03:49+00:00\" \/>\n<meta property=\"og:image\" content=\"https:\/\/www.elmedanotenerife.es\/wp-content\/uploads\/2019\/10\/Screenshot_3-1.png\" \/>\n\t<meta property=\"og:image:width\" content=\"485\" \/>\n\t<meta property=\"og:image:height\" content=\"154\" \/>\n\t<meta property=\"og:image:type\" content=\"image\/png\" \/>\n<meta name=\"twitter:card\" content=\"summary_large_image\" \/>\n<meta name=\"twitter:label1\" content=\"Gesch\u00e4tzte Lesezeit\" \/>\n\t<meta name=\"twitter:data1\" content=\"1\u00a0Minute\" \/>\n<script type=\"application\/ld+json\" class=\"yoast-schema-graph\">{\"@context\":\"https:\\\/\\\/schema.org\",\"@graph\":[{\"@type\":\"WebPage\",\"@id\":\"https:\\\/\\\/www.elmedanotenerife.es\\\/de\\\/profesionales\\\/hospital-veterinario-patas-y-colas\\\/\",\"url\":\"https:\\\/\\\/www.elmedanotenerife.es\\\/de\\\/profesionales\\\/hospital-veterinario-patas-y-colas\\\/\",\"name\":\"Hospital Veterinario Patas y Colas - El M\u00e9dano Tenerife\",\"isPartOf\":{\"@id\":\"https:\\\/\\\/www.elmedanotenerife.es\\\/de\\\/#website\"},\"primaryImageOfPage\":{\"@id\":\"https:\\\/\\\/www.elmedanotenerife.es\\\/de\\\/profesionales\\\/hospital-veterinario-patas-y-colas\\\/#primaryimage\"},\"image\":{\"@id\":\"https:\\\/\\\/www.elmedanotenerife.es\\\/de\\\/profesionales\\\/hospital-veterinario-patas-y-colas\\\/#primaryimage\"},\"thumbnailUrl\":\"https:\\\/\\\/www.elmedanotenerife.es\\\/wp-content\\\/uploads\\\/2019\\\/10\\\/Screenshot_3-1.png\",\"datePublished\":\"2019-10-16T15:37:47+00:00\",\"dateModified\":\"2019-11-09T14:03:49+00:00\",\"breadcrumb\":{\"@id\":\"https:\\\/\\\/www.elmedanotenerife.es\\\/de\\\/profesionales\\\/hospital-veterinario-patas-y-colas\\\/#breadcrumb\"},\"inLanguage\":\"de\",\"potentialAction\":[{\"@type\":\"ReadAction\",\"target\":[\"https:\\\/\\\/www.elmedanotenerife.es\\\/de\\\/profesionales\\\/hospital-veterinario-patas-y-colas\\\/\"]}]},{\"@type\":\"ImageObject\",\"inLanguage\":\"de\",\"@id\":\"https:\\\/\\\/www.elmedanotenerife.es\\\/de\\\/profesionales\\\/hospital-veterinario-patas-y-colas\\\/#primaryimage\",\"url\":\"https:\\\/\\\/www.elmedanotenerife.es\\\/wp-content\\\/uploads\\\/2019\\\/10\\\/Screenshot_3-1.png\",\"contentUrl\":\"https:\\\/\\\/www.elmedanotenerife.es\\\/wp-content\\\/uploads\\\/2019\\\/10\\\/Screenshot_3-1.png\",\"width\":485,\"height\":154},{\"@type\":\"BreadcrumbList\",\"@id\":\"https:\\\/\\\/www.elmedanotenerife.es\\\/de\\\/profesionales\\\/hospital-veterinario-patas-y-colas\\\/#breadcrumb\",\"itemListElement\":[{\"@type\":\"ListItem\",\"position\":1,\"name\":\"Portada\",\"item\":\"https:\\\/\\\/www.elmedanotenerife.es\\\/de\\\/\"},{\"@type\":\"ListItem\",\"position\":2,\"name\":\"Profesionales\",\"item\":\"https:\\\/\\\/www.elmedanotenerife.es\\\/de\\\/profesionales\\\/\"},{\"@type\":\"ListItem\",\"position\":3,\"name\":\"Hospital Veterinario Patas y Colas\"}]},{\"@type\":\"WebSite\",\"@id\":\"https:\\\/\\\/www.elmedanotenerife.es\\\/de\\\/#website\",\"url\":\"https:\\\/\\\/www.elmedanotenerife.es\\\/de\\\/\",\"name\":\"El M\u00e9dano Tenerife\",\"description\":\"\",\"potentialAction\":[{\"@type\":\"SearchAction\",\"target\":{\"@type\":\"EntryPoint\",\"urlTemplate\":\"https:\\\/\\\/www.elmedanotenerife.es\\\/de\\\/?s={search_term_string}\"},\"query-input\":{\"@type\":\"PropertyValueSpecification\",\"valueRequired\":true,\"valueName\":\"search_term_string\"}}],\"inLanguage\":\"de\"}]}<\/script>\n<!-- \/ Yoast SEO plugin. -->","yoast_head_json":{"title":"Hospital Veterinario Patas y Colas - El M\u00e9dano Tenerife","robots":{"index":"index","follow":"follow","max-snippet":"max-snippet:-1","max-image-preview":"max-image-preview:large","max-video-preview":"max-video-preview:-1"},"canonical":"https:\/\/www.elmedanotenerife.es\/de\/profesionales\/hospital-veterinario-patas-y-colas\/","og_locale":"de_DE","og_type":"article","og_title":"Hospital Veterinario Patas y Colas - El M\u00e9dano Tenerife","og_description":"En el a\u00f1o 2002, despu\u00e9s de realizar el internado y residencia del postgrado de medicina y cirug\u00eda de peque\u00f1os animales&hellip;","og_url":"https:\/\/www.elmedanotenerife.es\/de\/profesionales\/hospital-veterinario-patas-y-colas\/","og_site_name":"El M\u00e9dano Tenerife","article_modified_time":"2019-11-09T14:03:49+00:00","og_image":[{"width":485,"height":154,"url":"https:\/\/www.elmedanotenerife.es\/wp-content\/uploads\/2019\/10\/Screenshot_3-1.png","type":"image\/png"}],"twitter_card":"summary_large_image","twitter_misc":{"Gesch\u00e4tzte Lesezeit":"1\u00a0Minute"},"schema":{"@context":"https:\/\/schema.org","@graph":[{"@type":"WebPage","@id":"https:\/\/www.elmedanotenerife.es\/de\/profesionales\/hospital-veterinario-patas-y-colas\/","url":"https:\/\/www.elmedanotenerife.es\/de\/profesionales\/hospital-veterinario-patas-y-colas\/","name":"Hospital Veterinario Patas y Colas - El M\u00e9dano Tenerife","isPartOf":{"@id":"https:\/\/www.elmedanotenerife.es\/de\/#website"},"primaryImageOfPage":{"@id":"https:\/\/www.elmedanotenerife.es\/de\/profesionales\/hospital-veterinario-patas-y-colas\/#primaryimage"},"image":{"@id":"https:\/\/www.elmedanotenerife.es\/de\/profesionales\/hospital-veterinario-patas-y-colas\/#primaryimage"},"thumbnailUrl":"https:\/\/www.elmedanotenerife.es\/wp-content\/uploads\/2019\/10\/Screenshot_3-1.png","datePublished":"2019-10-16T15:37:47+00:00","dateModified":"2019-11-09T14:03:49+00:00","breadcrumb":{"@id":"https:\/\/www.elmedanotenerife.es\/de\/profesionales\/hospital-veterinario-patas-y-colas\/#breadcrumb"},"inLanguage":"de","potentialAction":[{"@type":"ReadAction","target":["https:\/\/www.elmedanotenerife.es\/de\/profesionales\/hospital-veterinario-patas-y-colas\/"]}]},{"@type":"ImageObject","inLanguage":"de","@id":"https:\/\/www.elmedanotenerife.es\/de\/profesionales\/hospital-veterinario-patas-y-colas\/#primaryimage","url":"https:\/\/www.elmedanotenerife.es\/wp-content\/uploads\/2019\/10\/Screenshot_3-1.png","contentUrl":"https:\/\/www.elmedanotenerife.es\/wp-content\/uploads\/2019\/10\/Screenshot_3-1.png","width":485,"height":154},{"@type":"BreadcrumbList","@id":"https:\/\/www.elmedanotenerife.es\/de\/profesionales\/hospital-veterinario-patas-y-colas\/#breadcrumb","itemListElement":[{"@type":"ListItem","position":1,"name":"Portada","item":"https:\/\/www.elmedanotenerife.es\/de\/"},{"@type":"ListItem","position":2,"name":"Profesionales","item":"https:\/\/www.elmedanotenerife.es\/de\/profesionales\/"},{"@type":"ListItem","position":3,"name":"Hospital Veterinario Patas y Colas"}]},{"@type":"WebSite","@id":"https:\/\/www.elmedanotenerife.es\/de\/#website","url":"https:\/\/www.elmedanotenerife.es\/de\/","name":"El M\u00e9dano Tenerife","description":"","potentialAction":[{"@type":"SearchAction","target":{"@type":"EntryPoint","urlTemplate":"https:\/\/www.elmedanotenerife.es\/de\/?s={search_term_string}"},"query-input":{"@type":"PropertyValueSpecification","valueRequired":true,"valueName":"search_term_string"}}],"inLanguage":"de"}]}},"cmb2":{"listing_profesionales_general":{"listing_title":"Hospital Veterinario Patas y Colas","listing_description":"En el a\u00f1o 2002, despu\u00e9s de realizar el internado y residencia del postgrado de medicina y cirug\u00eda de peque\u00f1os animales en el Hospital Veterinario Daniel Cabello de la facultad de Veterinaria de la Universidad de Venezuela, Lucibel Mesa Suarez, fundadora del\u00a0<strong>Hospital Veterinario Patas y Colas<\/strong>, retorna a sus or\u00edgenes canarios\u00a0y decide establecerse definitivamente en Tenerife.\r\n\r\nPor un per\u00edodo de cuatro a\u00f1os ejerce como\u00a0<strong>veterinario en cl\u00ednica privada<\/strong>\u00a0hasta fundar en el a\u00f1o 2007 la\u00a0<strong>Cl\u00ednica veterinaria Patas y Colas,<\/strong>\u00a0que despu\u00e9s de 7 a\u00f1os abierta con gran demanda en el servicio de urgencias, abre como\u00a0<strong>Hospital Veterinario 24 horas<\/strong>.\r\n\r\nDesde ese momento hasta el\u00a0el momento actual, este centro cuenta con un\u00a0<strong>amplio grupo de profesionales<\/strong>\u00a0dispuestos a prestar un servicio pionero en el sur de Tenerife. Nos diferenciamos por la\u00a0<strong>especializaci\u00f3n y formaci\u00f3n<\/strong>\u00a0de\u00a0nuestros profesionales en cuanto a la medicina veterinaria actual, y tambi\u00e9n por nuestra<strong>\u00a0tecnolog\u00eda de vanguardia<\/strong>, cuya misi\u00f3n fundamental y compromiso es procurar el m\u00e1ximo bienestar y salud de las mascotas de todos nuestros clientes.","listing_featured_image":"https:\/\/www.elmedanotenerife.es\/wp-content\/uploads\/2019\/10\/Screenshot_3-1.png","listing_featured_image_id":""},"listing_profesionales_branding":{"listing_slogan":"","listing_brand_color":"","listing_logo":"https:\/\/www.elmedanotenerife.es\/wp-content\/uploads\/2019\/10\/Screenshot_3-1.png","listing_logo_id":"8480"},"listing_profesionales_banner":{"listing_banner":"banner_map","listing_banner_map_zoom":"16","listing_banner_map_type":"SATELLITE","listing_banner_map_marker":""},"listing_profesionales_listing_category":{"listing_listing_category":["veterinarios"]},"listing_profesionales_location":{"listing_locations":["el-medano"],"listing_map_location":{"address":"Calle Argentina, 6, Edificio Galte III - bajo, El M\u00e9dano, Espa\u00f1a","latitude":"28.0467788","longitude":"-16.536886299999992"},"listing_map_location_polygon":"","listing_street_view":"","listing_street_view_location":{"latitude":"37.81240457820649","longitude":"-122.47607752956912","zoom":"1","heading":"-18","pitch":"25"},"listing_inside_view":"","listing_inside_view_location":{"latitude":"37.81240457820649","longitude":"-122.47607752956912","zoom":"1","heading":"-18","pitch":"25"}}},"_links":{"self":[{"href":"https:\/\/www.elmedanotenerife.es\/de\/wp-json\/wp\/v2\/profesionales\/8479","targetHints":{"allow":["GET"]}}],"collection":[{"href":"https:\/\/www.elmedanotenerife.es\/de\/wp-json\/wp\/v2\/profesionales"}],"about":[{"href":"https:\/\/www.elmedanotenerife.es\/de\/wp-json\/wp\/v2\/types\/profesionales"}],"author":[{"embeddable":true,"href":"https:\/\/www.elmedanotenerife.es\/de\/wp-json\/wp\/v2\/users\/1"}],"replies":[{"embeddable":true,"href":"https:\/\/www.elmedanotenerife.es\/de\/wp-json\/wp\/v2\/comments?post=8479"}],"wp:featuredmedia":[{"embeddable":true,"href":"https:\/\/www.elmedanotenerife.es\/de\/wp-json\/wp\/v2\/media\/8480"}],"wp:attachment":[{"href":"https:\/\/www.elmedanotenerife.es\/de\/wp-json\/wp\/v2\/media?parent=8479"}],"wp:term":[{"taxonomy":"locations","embeddable":true,"href":"https:\/\/www.elmedanotenerife.es\/de\/wp-json\/wp\/v2\/locations?post=8479"},{"taxonomy":"listing_categories","embeddable":true,"href":"https:\/\/www.elmedanotenerife.es\/de\/wp-json\/wp\/v2\/listing_categories?post=8479"}],"curies":[{"name":"wp","href":"https:\/\/api.w.org\/{rel}","templated":true}]}}

<p>En el año 2002, después de realizar el internado y residencia del postgrado de medicina y cirugía de pequeños animales en el Hospital Veterinario Daniel Cabello de la facultad de Veterinaria de la Universidad de Venezuela, Lucibel Mesa Suarez, fundadora del <strong>Hospital Veterinario Patas y Colas</strong>, retorna a sus orígenes canarios y decide establecerse definitivamente en Tenerife.</p>
<p>Por un período de cuatro años ejerce como <strong>veterinario en clínica privada</strong> hasta fundar en el año 2007 la <strong>Clínica veterinaria Patas y Colas,</strong> que después de 7 años abierta con gran demanda en el servicio de urgencias, abre como <strong>Hospital Veterinario 24 horas</strong>.</p>
<p>Desde ese momento hasta el el momento actual, este centro cuenta con un <strong>amplio grupo de profesionales</strong> dispuestos a prestar un servicio pionero en el sur de Tenerife. Nos diferenciamos por la <strong>especialización y formación</strong> de nuestros profesionales en cuanto a la medicina veterinaria actual, y también por nuestra<strong> tecnología de vanguardia</strong>, cuya misión fundamental y compromiso es procurar el máximo bienestar y salud de las mascotas de todos nuestros clientes.</p>

<!-- This site is optimized with the Yoast SEO plugin v27.5 - https://yoast.com/product/yoast-seo-wordpress/ -->
<title>Hospital Veterinario Patas y Colas - El Médano Tenerife</title>
<meta name="robots" content="index, follow, max-snippet:-1, max-image-preview:large, max-video-preview:-1" />
<link rel="canonical" href="https://www.elmedanotenerife.es/de/profesionales/hospital-veterinario-patas-y-colas/" />
<meta property="og:locale" content="de_DE" />
<meta property="og:type" content="article" />
<meta property="og:title" content="Hospital Veterinario Patas y Colas - El Médano Tenerife" />
<meta property="og:description" content="En el año 2002, después de realizar el internado y residencia del postgrado de medicina y cirugía de pequeños animales&hellip;" />
<meta property="og:url" content="https://www.elmedanotenerife.es/de/profesionales/hospital-veterinario-patas-y-colas/" />
<meta property="og:site_name" content="El Médano Tenerife" />
<meta property="article:modified_time" content="2019-11-09T14:03:49+00:00" />
<meta property="og:image" content="https://www.elmedanotenerife.es/wp-content/uploads/2019/10/Screenshot_3-1.png" />
	<meta property="og:image:width" content="485" />
	<meta property="og:image:height" content="154" />
	<meta property="og:image:type" content="image/png" />
<meta name="twitter:card" content="summary_large_image" />
<meta name="twitter:label1" content="Geschätzte Lesezeit" />
	<meta name="twitter:data1" content="1 Minute" />
<script type="application/ld+json" class="yoast-schema-graph">{"@context":"https:\/\/schema.org","@graph":[{"@type":"WebPage","@id":"https:\/\/www.elmedanotenerife.es\/de\/profesionales\/hospital-veterinario-patas-y-colas\/","url":"https:\/\/www.elmedanotenerife.es\/de\/profesionales\/hospital-veterinario-patas-y-colas\/","name":"Hospital Veterinario Patas y Colas - El Médano Tenerife","isPartOf":{"@id":"https:\/\/www.elmedanotenerife.es\/de\/#website"},"primaryImageOfPage":{"@id":"https:\/\/www.elmedanotenerife.es\/de\/profesionales\/hospital-veterinario-patas-y-colas\/#primaryimage"},"image":{"@id":"https:\/\/www.elmedanotenerife.es\/de\/profesionales\/hospital-veterinario-patas-y-colas\/#primaryimage"},"thumbnailUrl":"https:\/\/www.elmedanotenerife.es\/wp-content\/uploads\/2019\/10\/Screenshot_3-1.png","datePublished":"2019-10-16T15:37:47+00:00","dateModified":"2019-11-09T14:03:49+00:00","breadcrumb":{"@id":"https:\/\/www.elmedanotenerife.es\/de\/profesionales\/hospital-veterinario-patas-y-colas\/#breadcrumb"},"inLanguage":"de","potentialAction":[{"@type":"ReadAction","target":["https:\/\/www.elmedanotenerife.es\/de\/profesionales\/hospital-veterinario-patas-y-colas\/"]}]},{"@type":"ImageObject","inLanguage":"de","@id":"https:\/\/www.elmedanotenerife.es\/de\/profesionales\/hospital-veterinario-patas-y-colas\/#primaryimage","url":"https:\/\/www.elmedanotenerife.es\/wp-content\/uploads\/2019\/10\/Screenshot_3-1.png","contentUrl":"https:\/\/www.elmedanotenerife.es\/wp-content\/uploads\/2019\/10\/Screenshot_3-1.png","width":485,"height":154},{"@type":"BreadcrumbList","@id":"https:\/\/www.elmedanotenerife.es\/de\/profesionales\/hospital-veterinario-patas-y-colas\/#breadcrumb","itemListElement":[{"@type":"ListItem","position":1,"name":"Portada","item":"https:\/\/www.elmedanotenerife.es\/de\/"},{"@type":"ListItem","position":2,"name":"Profesionales","item":"https:\/\/www.elmedanotenerife.es\/de\/profesionales\/"},{"@type":"ListItem","position":3,"name":"Hospital Veterinario Patas y Colas"}]},{"@type":"WebSite","@id":"https:\/\/www.elmedanotenerife.es\/de\/#website","url":"https:\/\/www.elmedanotenerife.es\/de\/","name":"El Médano Tenerife","description":"","potentialAction":[{"@type":"SearchAction","target":{"@type":"EntryPoint","urlTemplate":"https:\/\/www.elmedanotenerife.es\/de\/?s={search_term_string}"},"query-input":{"@type":"PropertyValueSpecification","valueRequired":true,"valueName":"search_term_string"}}],"inLanguage":"de"}]}</script>
<!-- / Yoast SEO plugin. -->

Hospital Veterinario Patas y Colas - El Médano Tenerife

En el año 2002, después de realizar el internado y residencia del postgrado de medicina y cirugía de pequeños animales&hellip;

El Médano Tenerife

En el año 2002, después de realizar el internado y residencia del postgrado de medicina y cirugía de pequeños animales en el Hospital Veterinario Daniel Cabello de la facultad de Veterinaria de la Universidad de Venezuela, Lucibel Mesa Suarez, fundadora del <strong>Hospital Veterinario Patas y Colas</strong>, retorna a sus orígenes canarios y decide establecerse definitivamente en Tenerife.

Por un período de cuatro años ejerce como <strong>veterinario en clínica privada</strong> hasta fundar en el año 2007 la <strong>Clínica veterinaria Patas y Colas,</strong> que después de 7 años abierta con gran demanda en el servicio de urgencias, abre como <strong>Hospital Veterinario 24 horas</strong>.

Desde ese momento hasta el el momento actual, este centro cuenta con un <strong>amplio grupo de profesionales</strong> dispuestos a prestar un servicio pionero en el sur de Tenerife. Nos diferenciamos por la <strong>especialización y formación</strong> de nuestros profesionales en cuanto a la medicina veterinaria actual, y también por nuestra<strong> tecnología de vanguardia</strong>, cuya misión fundamental y compromiso es procurar el máximo bienestar y salud de las mascotas de todos nuestros clientes.

Calle Argentina, 6, Edificio Galte III - bajo, El Médano, España
