{"id":9253,"date":"2019-10-28T17:35:08","date_gmt":"2019-10-28T15:35:08","guid":{"rendered":"https:\/\/www.elmedanotenerife.es\/?post_type=profesionales&#038;p=9253"},"modified":"2019-11-09T15:44:09","modified_gmt":"2019-11-09T13:44:09","slug":"optica-medano","status":"publish","type":"profesionales","link":"https:\/\/www.elmedanotenerife.es\/de\/profesionales\/optica-medano\/","title":{"rendered":"\u00d3ptica M\u00e9dano"},"content":{"rendered":"<p>Venta de gafas de sol, monturas, gafas de vista, reparaci\u00f3n, etc.<\/p>\n","protected":false},"author":1,"featured_media":9252,"comment_status":"open","ping_status":"closed","template":"","locations":[326],"listing_categories":[329],"class_list":["post-9253","profesionales","type-profesionales","status-publish","has-post-thumbnail","hentry","locations-el-medano","listing_categories-salud"],"yoast_head":"<!-- This site is optimized with the Yoast SEO plugin v27.5 - https:\/\/yoast.com\/product\/yoast-seo-wordpress\/ -->\n<title>\u00d3ptica M\u00e9dano - El M\u00e9dano Tenerife<\/title>\n<meta name=\"robots\" content=\"index, follow, max-snippet:-1, max-image-preview:large, max-video-preview:-1\" \/>\n<link rel=\"canonical\" href=\"https:\/\/www.elmedanotenerife.es\/de\/profesionales\/optica-medano\/\" \/>\n<meta property=\"og:locale\" content=\"de_DE\" \/>\n<meta property=\"og:type\" content=\"article\" \/>\n<meta property=\"og:title\" content=\"\u00d3ptica M\u00e9dano - El M\u00e9dano Tenerife\" \/>\n<meta property=\"og:description\" content=\"Venta de gafas de sol, monturas, gafas de vista, reparaci\u00f3n, etc.\" \/>\n<meta property=\"og:url\" content=\"https:\/\/www.elmedanotenerife.es\/de\/profesionales\/optica-medano\/\" \/>\n<meta property=\"og:site_name\" content=\"El M\u00e9dano Tenerife\" \/>\n<meta property=\"article:modified_time\" content=\"2019-11-09T13:44:09+00:00\" \/>\n<meta property=\"og:image\" content=\"https:\/\/www.elmedanotenerife.es\/wp-content\/uploads\/2019\/10\/customLogo.gif\" \/>\n\t<meta property=\"og:image:width\" content=\"297\" \/>\n\t<meta property=\"og:image:height\" content=\"100\" \/>\n\t<meta property=\"og:image:type\" content=\"image\/gif\" \/>\n<meta name=\"twitter:card\" content=\"summary_large_image\" \/>\n<script type=\"application\/ld+json\" class=\"yoast-schema-graph\">{\"@context\":\"https:\\\/\\\/schema.org\",\"@graph\":[{\"@type\":\"WebPage\",\"@id\":\"https:\\\/\\\/www.elmedanotenerife.es\\\/de\\\/profesionales\\\/optica-medano\\\/\",\"url\":\"https:\\\/\\\/www.elmedanotenerife.es\\\/de\\\/profesionales\\\/optica-medano\\\/\",\"name\":\"\u00d3ptica M\u00e9dano - El M\u00e9dano Tenerife\",\"isPartOf\":{\"@id\":\"https:\\\/\\\/www.elmedanotenerife.es\\\/de\\\/#website\"},\"primaryImageOfPage\":{\"@id\":\"https:\\\/\\\/www.elmedanotenerife.es\\\/de\\\/profesionales\\\/optica-medano\\\/#primaryimage\"},\"image\":{\"@id\":\"https:\\\/\\\/www.elmedanotenerife.es\\\/de\\\/profesionales\\\/optica-medano\\\/#primaryimage\"},\"thumbnailUrl\":\"https:\\\/\\\/www.elmedanotenerife.es\\\/wp-content\\\/uploads\\\/2019\\\/10\\\/customLogo.gif\",\"datePublished\":\"2019-10-28T15:35:08+00:00\",\"dateModified\":\"2019-11-09T13:44:09+00:00\",\"breadcrumb\":{\"@id\":\"https:\\\/\\\/www.elmedanotenerife.es\\\/de\\\/profesionales\\\/optica-medano\\\/#breadcrumb\"},\"inLanguage\":\"de\",\"potentialAction\":[{\"@type\":\"ReadAction\",\"target\":[\"https:\\\/\\\/www.elmedanotenerife.es\\\/de\\\/profesionales\\\/optica-medano\\\/\"]}]},{\"@type\":\"ImageObject\",\"inLanguage\":\"de\",\"@id\":\"https:\\\/\\\/www.elmedanotenerife.es\\\/de\\\/profesionales\\\/optica-medano\\\/#primaryimage\",\"url\":\"https:\\\/\\\/www.elmedanotenerife.es\\\/wp-content\\\/uploads\\\/2019\\\/10\\\/customLogo.gif\",\"contentUrl\":\"https:\\\/\\\/www.elmedanotenerife.es\\\/wp-content\\\/uploads\\\/2019\\\/10\\\/customLogo.gif\",\"width\":297,\"height\":100},{\"@type\":\"BreadcrumbList\",\"@id\":\"https:\\\/\\\/www.elmedanotenerife.es\\\/de\\\/profesionales\\\/optica-medano\\\/#breadcrumb\",\"itemListElement\":[{\"@type\":\"ListItem\",\"position\":1,\"name\":\"Portada\",\"item\":\"https:\\\/\\\/www.elmedanotenerife.es\\\/de\\\/\"},{\"@type\":\"ListItem\",\"position\":2,\"name\":\"Profesionales\",\"item\":\"https:\\\/\\\/www.elmedanotenerife.es\\\/de\\\/profesionales\\\/\"},{\"@type\":\"ListItem\",\"position\":3,\"name\":\"\u00d3ptica M\u00e9dano\"}]},{\"@type\":\"WebSite\",\"@id\":\"https:\\\/\\\/www.elmedanotenerife.es\\\/de\\\/#website\",\"url\":\"https:\\\/\\\/www.elmedanotenerife.es\\\/de\\\/\",\"name\":\"El M\u00e9dano Tenerife\",\"description\":\"\",\"potentialAction\":[{\"@type\":\"SearchAction\",\"target\":{\"@type\":\"EntryPoint\",\"urlTemplate\":\"https:\\\/\\\/www.elmedanotenerife.es\\\/de\\\/?s={search_term_string}\"},\"query-input\":{\"@type\":\"PropertyValueSpecification\",\"valueRequired\":true,\"valueName\":\"search_term_string\"}}],\"inLanguage\":\"de\"}]}<\/script>\n<!-- \/ Yoast SEO plugin. -->","yoast_head_json":{"title":"\u00d3ptica M\u00e9dano - El M\u00e9dano Tenerife","robots":{"index":"index","follow":"follow","max-snippet":"max-snippet:-1","max-image-preview":"max-image-preview:large","max-video-preview":"max-video-preview:-1"},"canonical":"https:\/\/www.elmedanotenerife.es\/de\/profesionales\/optica-medano\/","og_locale":"de_DE","og_type":"article","og_title":"\u00d3ptica M\u00e9dano - El M\u00e9dano Tenerife","og_description":"Venta de gafas de sol, monturas, gafas de vista, reparaci\u00f3n, etc.","og_url":"https:\/\/www.elmedanotenerife.es\/de\/profesionales\/optica-medano\/","og_site_name":"El M\u00e9dano Tenerife","article_modified_time":"2019-11-09T13:44:09+00:00","og_image":[{"width":297,"height":100,"url":"https:\/\/www.elmedanotenerife.es\/wp-content\/uploads\/2019\/10\/customLogo.gif","type":"image\/gif"}],"twitter_card":"summary_large_image","schema":{"@context":"https:\/\/schema.org","@graph":[{"@type":"WebPage","@id":"https:\/\/www.elmedanotenerife.es\/de\/profesionales\/optica-medano\/","url":"https:\/\/www.elmedanotenerife.es\/de\/profesionales\/optica-medano\/","name":"\u00d3ptica M\u00e9dano - El M\u00e9dano Tenerife","isPartOf":{"@id":"https:\/\/www.elmedanotenerife.es\/de\/#website"},"primaryImageOfPage":{"@id":"https:\/\/www.elmedanotenerife.es\/de\/profesionales\/optica-medano\/#primaryimage"},"image":{"@id":"https:\/\/www.elmedanotenerife.es\/de\/profesionales\/optica-medano\/#primaryimage"},"thumbnailUrl":"https:\/\/www.elmedanotenerife.es\/wp-content\/uploads\/2019\/10\/customLogo.gif","datePublished":"2019-10-28T15:35:08+00:00","dateModified":"2019-11-09T13:44:09+00:00","breadcrumb":{"@id":"https:\/\/www.elmedanotenerife.es\/de\/profesionales\/optica-medano\/#breadcrumb"},"inLanguage":"de","potentialAction":[{"@type":"ReadAction","target":["https:\/\/www.elmedanotenerife.es\/de\/profesionales\/optica-medano\/"]}]},{"@type":"ImageObject","inLanguage":"de","@id":"https:\/\/www.elmedanotenerife.es\/de\/profesionales\/optica-medano\/#primaryimage","url":"https:\/\/www.elmedanotenerife.es\/wp-content\/uploads\/2019\/10\/customLogo.gif","contentUrl":"https:\/\/www.elmedanotenerife.es\/wp-content\/uploads\/2019\/10\/customLogo.gif","width":297,"height":100},{"@type":"BreadcrumbList","@id":"https:\/\/www.elmedanotenerife.es\/de\/profesionales\/optica-medano\/#breadcrumb","itemListElement":[{"@type":"ListItem","position":1,"name":"Portada","item":"https:\/\/www.elmedanotenerife.es\/de\/"},{"@type":"ListItem","position":2,"name":"Profesionales","item":"https:\/\/www.elmedanotenerife.es\/de\/profesionales\/"},{"@type":"ListItem","position":3,"name":"\u00d3ptica M\u00e9dano"}]},{"@type":"WebSite","@id":"https:\/\/www.elmedanotenerife.es\/de\/#website","url":"https:\/\/www.elmedanotenerife.es\/de\/","name":"El M\u00e9dano Tenerife","description":"","potentialAction":[{"@type":"SearchAction","target":{"@type":"EntryPoint","urlTemplate":"https:\/\/www.elmedanotenerife.es\/de\/?s={search_term_string}"},"query-input":{"@type":"PropertyValueSpecification","valueRequired":true,"valueName":"search_term_string"}}],"inLanguage":"de"}]}},"cmb2":{"listing_profesionales_general":{"listing_title":"\u00d3ptica M\u00e9dano","listing_description":"Venta de gafas de sol, monturas, gafas de vista, reparaci\u00f3n, etc.","listing_featured_image":"https:\/\/www.elmedanotenerife.es\/wp-content\/uploads\/2019\/10\/customLogo.gif","listing_featured_image_id":""},"listing_profesionales_branding":{"listing_slogan":"","listing_brand_color":"","listing_logo":"","listing_logo_id":""},"listing_profesionales_banner":{"listing_banner":"banner_map","listing_banner_map_zoom":"12","listing_banner_map_type":"SATELLITE","listing_banner_map_marker":""},"listing_profesionales_listing_category":{"listing_listing_category":["profesionales","salud"]},"listing_profesionales_location":{"listing_locations":["el-medano"],"listing_map_location":{"address":"\u00d3ptica M\u00e9dano, Avenida Jos\u00e9 Miguel Galv\u00e1n Bello, El M\u00e9dano, Espa\u00f1a","latitude":"28.0454736","longitude":"-16.537086899999963"},"listing_map_location_polygon":"","listing_street_view":"","listing_street_view_location":{"latitude":"37.81240457820649","longitude":"-122.47607752956912","zoom":"1","heading":"-18","pitch":"25"},"listing_inside_view":"","listing_inside_view_location":{"latitude":"37.81240457820649","longitude":"-122.47607752956912","zoom":"1","heading":"-18","pitch":"25"}}},"_links":{"self":[{"href":"https:\/\/www.elmedanotenerife.es\/de\/wp-json\/wp\/v2\/profesionales\/9253","targetHints":{"allow":["GET"]}}],"collection":[{"href":"https:\/\/www.elmedanotenerife.es\/de\/wp-json\/wp\/v2\/profesionales"}],"about":[{"href":"https:\/\/www.elmedanotenerife.es\/de\/wp-json\/wp\/v2\/types\/profesionales"}],"author":[{"embeddable":true,"href":"https:\/\/www.elmedanotenerife.es\/de\/wp-json\/wp\/v2\/users\/1"}],"replies":[{"embeddable":true,"href":"https:\/\/www.elmedanotenerife.es\/de\/wp-json\/wp\/v2\/comments?post=9253"}],"wp:featuredmedia":[{"embeddable":true,"href":"https:\/\/www.elmedanotenerife.es\/de\/wp-json\/wp\/v2\/media\/9252"}],"wp:attachment":[{"href":"https:\/\/www.elmedanotenerife.es\/de\/wp-json\/wp\/v2\/media?parent=9253"}],"wp:term":[{"taxonomy":"locations","embeddable":true,"href":"https:\/\/www.elmedanotenerife.es\/de\/wp-json\/wp\/v2\/locations?post=9253"},{"taxonomy":"listing_categories","embeddable":true,"href":"https:\/\/www.elmedanotenerife.es\/de\/wp-json\/wp\/v2\/listing_categories?post=9253"}],"curies":[{"name":"wp","href":"https:\/\/api.w.org\/{rel}","templated":true}]}}

Óptica Médano

<p>Venta de gafas de sol, monturas, gafas de vista, reparación, etc.</p>

<!-- This site is optimized with the Yoast SEO plugin v27.5 - https://yoast.com/product/yoast-seo-wordpress/ -->
<title>Óptica Médano - El Médano Tenerife</title>
<meta name="robots" content="index, follow, max-snippet:-1, max-image-preview:large, max-video-preview:-1" />
<link rel="canonical" href="https://www.elmedanotenerife.es/de/profesionales/optica-medano/" />
<meta property="og:locale" content="de_DE" />
<meta property="og:type" content="article" />
<meta property="og:title" content="Óptica Médano - El Médano Tenerife" />
<meta property="og:description" content="Venta de gafas de sol, monturas, gafas de vista, reparación, etc." />
<meta property="og:url" content="https://www.elmedanotenerife.es/de/profesionales/optica-medano/" />
<meta property="og:site_name" content="El Médano Tenerife" />
<meta property="article:modified_time" content="2019-11-09T13:44:09+00:00" />
<meta property="og:image" content="https://www.elmedanotenerife.es/wp-content/uploads/2019/10/customLogo.gif" />
	<meta property="og:image:width" content="297" />
	<meta property="og:image:height" content="100" />
	<meta property="og:image:type" content="image/gif" />
<meta name="twitter:card" content="summary_large_image" />
<script type="application/ld+json" class="yoast-schema-graph">{"@context":"https:\/\/schema.org","@graph":[{"@type":"WebPage","@id":"https:\/\/www.elmedanotenerife.es\/de\/profesionales\/optica-medano\/","url":"https:\/\/www.elmedanotenerife.es\/de\/profesionales\/optica-medano\/","name":"Óptica Médano - El Médano Tenerife","isPartOf":{"@id":"https:\/\/www.elmedanotenerife.es\/de\/#website"},"primaryImageOfPage":{"@id":"https:\/\/www.elmedanotenerife.es\/de\/profesionales\/optica-medano\/#primaryimage"},"image":{"@id":"https:\/\/www.elmedanotenerife.es\/de\/profesionales\/optica-medano\/#primaryimage"},"thumbnailUrl":"https:\/\/www.elmedanotenerife.es\/wp-content\/uploads\/2019\/10\/customLogo.gif","datePublished":"2019-10-28T15:35:08+00:00","dateModified":"2019-11-09T13:44:09+00:00","breadcrumb":{"@id":"https:\/\/www.elmedanotenerife.es\/de\/profesionales\/optica-medano\/#breadcrumb"},"inLanguage":"de","potentialAction":[{"@type":"ReadAction","target":["https:\/\/www.elmedanotenerife.es\/de\/profesionales\/optica-medano\/"]}]},{"@type":"ImageObject","inLanguage":"de","@id":"https:\/\/www.elmedanotenerife.es\/de\/profesionales\/optica-medano\/#primaryimage","url":"https:\/\/www.elmedanotenerife.es\/wp-content\/uploads\/2019\/10\/customLogo.gif","contentUrl":"https:\/\/www.elmedanotenerife.es\/wp-content\/uploads\/2019\/10\/customLogo.gif","width":297,"height":100},{"@type":"BreadcrumbList","@id":"https:\/\/www.elmedanotenerife.es\/de\/profesionales\/optica-medano\/#breadcrumb","itemListElement":[{"@type":"ListItem","position":1,"name":"Portada","item":"https:\/\/www.elmedanotenerife.es\/de\/"},{"@type":"ListItem","position":2,"name":"Profesionales","item":"https:\/\/www.elmedanotenerife.es\/de\/profesionales\/"},{"@type":"ListItem","position":3,"name":"Óptica Médano"}]},{"@type":"WebSite","@id":"https:\/\/www.elmedanotenerife.es\/de\/#website","url":"https:\/\/www.elmedanotenerife.es\/de\/","name":"El Médano Tenerife","description":"","potentialAction":[{"@type":"SearchAction","target":{"@type":"EntryPoint","urlTemplate":"https:\/\/www.elmedanotenerife.es\/de\/?s={search_term_string}"},"query-input":{"@type":"PropertyValueSpecification","valueRequired":true,"valueName":"search_term_string"}}],"inLanguage":"de"}]}</script>
<!-- / Yoast SEO plugin. -->

Óptica Médano - El Médano Tenerife

Venta de gafas de sol, monturas, gafas de vista, reparación, etc.

El Médano Tenerife

Óptica Médano, Avenida José Miguel Galván Bello, El Médano, España
