{"id":9395,"date":"2019-10-29T19:22:37","date_gmt":"2019-10-29T17:22:37","guid":{"rendered":"https:\/\/www.elmedanotenerife.es\/?post_type=profesionales&#038;p=9395"},"modified":"2019-11-10T15:34:17","modified_gmt":"2019-11-10T13:34:17","slug":"clinica-dental-bocarriba","status":"publish","type":"profesionales","link":"https:\/\/www.elmedanotenerife.es\/de\/profesionales\/clinica-dental-bocarriba\/","title":{"rendered":"Cl\u00ednica Dental Bocarriba"},"content":{"rendered":"<div class=\"vc_row wpb_row vc_inner section vc_row-fluid\">\n<div class=\" full_section_inner clearfix\">\n<div class=\"wpb_column vc_column_container vc_col-sm-6\">\n<div class=\"vc_column-inner \">\n<div class=\"wpb_wrapper\">\n<div class=\"wpb_text_column wpb_content_element \">\n<div class=\"wpb_wrapper\">\n<p style=\"text-align: justify;\">Instalaciones modernas y confortables; tecnolog\u00eda de \u00faltima generaci\u00f3n y cuadro m\u00e9dico especializado para cada tipo de tratamiento, los cuales se encuentran en constante formaci\u00f3n para as\u00ed poder dar a los pacientes la atenci\u00f3n personalizada que merecen, y ofrecerles los mejores tratamientos para cada caso.<\/p>\n<p style=\"text-align: justify;\">Nuestro equipo de profesionales altamente cualificados, liderado por la doctora D\u00e1cil Irune Dorta Fern\u00e1ndez, se encargan de seguir tratando al paciente con el mismo cuidado y pasi\u00f3n como el primer d\u00eda.<\/p>\n<p style=\"text-align: justify;\">Dentista<\/p>\n<p style=\"text-align: justify;\">Odont\u00f3logo<\/p>\n<\/div>\n<\/div>\n<\/div>\n<\/div>\n<\/div>\n<div class=\"wpb_column vc_column_container vc_col-sm-3\">\n<div class=\"vc_column-inner \">\n<div class=\"wpb_wrapper\"><\/div>\n<\/div>\n<\/div>\n<\/div>\n<\/div>\n","protected":false},"author":1,"featured_media":9396,"comment_status":"open","ping_status":"closed","template":"","locations":[326],"listing_categories":[327,329],"class_list":["post-9395","profesionales","type-profesionales","status-publish","has-post-thumbnail","hentry","locations-el-medano","listing_categories-profesionales","listing_categories-salud"],"yoast_head":"<!-- This site is optimized with the Yoast SEO plugin v27.5 - https:\/\/yoast.com\/product\/yoast-seo-wordpress\/ -->\n<title>Cl\u00ednica Dental Bocarriba - El M\u00e9dano Tenerife<\/title>\n<meta name=\"robots\" content=\"index, follow, max-snippet:-1, max-image-preview:large, max-video-preview:-1\" \/>\n<link rel=\"canonical\" href=\"https:\/\/www.elmedanotenerife.es\/de\/profesionales\/clinica-dental-bocarriba\/\" \/>\n<meta property=\"og:locale\" content=\"de_DE\" \/>\n<meta property=\"og:type\" content=\"article\" \/>\n<meta property=\"og:title\" content=\"Cl\u00ednica Dental Bocarriba - El M\u00e9dano Tenerife\" \/>\n<meta property=\"og:description\" content=\"Instalaciones modernas y confortables; tecnolog\u00eda de \u00faltima generaci\u00f3n y cuadro m\u00e9dico especializado para cada tipo de tratamiento, los cuales se&hellip;\" \/>\n<meta property=\"og:url\" content=\"https:\/\/www.elmedanotenerife.es\/de\/profesionales\/clinica-dental-bocarriba\/\" \/>\n<meta property=\"og:site_name\" content=\"El M\u00e9dano Tenerife\" \/>\n<meta property=\"article:modified_time\" content=\"2019-11-10T13:34:17+00:00\" \/>\n<meta property=\"og:image\" content=\"https:\/\/www.elmedanotenerife.es\/wp-content\/uploads\/2019\/10\/28827352_1877460745659735_8029286360908043073_o.jpg\" \/>\n\t<meta property=\"og:image:width\" content=\"1200\" \/>\n\t<meta property=\"og:image:height\" content=\"632\" \/>\n\t<meta property=\"og:image:type\" content=\"image\/jpeg\" \/>\n<meta name=\"twitter:card\" content=\"summary_large_image\" \/>\n<script type=\"application\/ld+json\" class=\"yoast-schema-graph\">{\"@context\":\"https:\\\/\\\/schema.org\",\"@graph\":[{\"@type\":\"WebPage\",\"@id\":\"https:\\\/\\\/www.elmedanotenerife.es\\\/de\\\/profesionales\\\/clinica-dental-bocarriba\\\/\",\"url\":\"https:\\\/\\\/www.elmedanotenerife.es\\\/de\\\/profesionales\\\/clinica-dental-bocarriba\\\/\",\"name\":\"Cl\u00ednica Dental Bocarriba - El M\u00e9dano Tenerife\",\"isPartOf\":{\"@id\":\"https:\\\/\\\/www.elmedanotenerife.es\\\/de\\\/#website\"},\"primaryImageOfPage\":{\"@id\":\"https:\\\/\\\/www.elmedanotenerife.es\\\/de\\\/profesionales\\\/clinica-dental-bocarriba\\\/#primaryimage\"},\"image\":{\"@id\":\"https:\\\/\\\/www.elmedanotenerife.es\\\/de\\\/profesionales\\\/clinica-dental-bocarriba\\\/#primaryimage\"},\"thumbnailUrl\":\"https:\\\/\\\/www.elmedanotenerife.es\\\/wp-content\\\/uploads\\\/2019\\\/10\\\/28827352_1877460745659735_8029286360908043073_o.jpg\",\"datePublished\":\"2019-10-29T17:22:37+00:00\",\"dateModified\":\"2019-11-10T13:34:17+00:00\",\"breadcrumb\":{\"@id\":\"https:\\\/\\\/www.elmedanotenerife.es\\\/de\\\/profesionales\\\/clinica-dental-bocarriba\\\/#breadcrumb\"},\"inLanguage\":\"de\",\"potentialAction\":[{\"@type\":\"ReadAction\",\"target\":[\"https:\\\/\\\/www.elmedanotenerife.es\\\/de\\\/profesionales\\\/clinica-dental-bocarriba\\\/\"]}]},{\"@type\":\"ImageObject\",\"inLanguage\":\"de\",\"@id\":\"https:\\\/\\\/www.elmedanotenerife.es\\\/de\\\/profesionales\\\/clinica-dental-bocarriba\\\/#primaryimage\",\"url\":\"https:\\\/\\\/www.elmedanotenerife.es\\\/wp-content\\\/uploads\\\/2019\\\/10\\\/28827352_1877460745659735_8029286360908043073_o.jpg\",\"contentUrl\":\"https:\\\/\\\/www.elmedanotenerife.es\\\/wp-content\\\/uploads\\\/2019\\\/10\\\/28827352_1877460745659735_8029286360908043073_o.jpg\",\"width\":1200,\"height\":632},{\"@type\":\"BreadcrumbList\",\"@id\":\"https:\\\/\\\/www.elmedanotenerife.es\\\/de\\\/profesionales\\\/clinica-dental-bocarriba\\\/#breadcrumb\",\"itemListElement\":[{\"@type\":\"ListItem\",\"position\":1,\"name\":\"Portada\",\"item\":\"https:\\\/\\\/www.elmedanotenerife.es\\\/de\\\/\"},{\"@type\":\"ListItem\",\"position\":2,\"name\":\"Profesionales\",\"item\":\"https:\\\/\\\/www.elmedanotenerife.es\\\/de\\\/profesionales\\\/\"},{\"@type\":\"ListItem\",\"position\":3,\"name\":\"Cl\u00ednica Dental Bocarriba\"}]},{\"@type\":\"WebSite\",\"@id\":\"https:\\\/\\\/www.elmedanotenerife.es\\\/de\\\/#website\",\"url\":\"https:\\\/\\\/www.elmedanotenerife.es\\\/de\\\/\",\"name\":\"El M\u00e9dano Tenerife\",\"description\":\"\",\"potentialAction\":[{\"@type\":\"SearchAction\",\"target\":{\"@type\":\"EntryPoint\",\"urlTemplate\":\"https:\\\/\\\/www.elmedanotenerife.es\\\/de\\\/?s={search_term_string}\"},\"query-input\":{\"@type\":\"PropertyValueSpecification\",\"valueRequired\":true,\"valueName\":\"search_term_string\"}}],\"inLanguage\":\"de\"}]}<\/script>\n<!-- \/ Yoast SEO plugin. -->","yoast_head_json":{"title":"Cl\u00ednica Dental Bocarriba - El M\u00e9dano Tenerife","robots":{"index":"index","follow":"follow","max-snippet":"max-snippet:-1","max-image-preview":"max-image-preview:large","max-video-preview":"max-video-preview:-1"},"canonical":"https:\/\/www.elmedanotenerife.es\/de\/profesionales\/clinica-dental-bocarriba\/","og_locale":"de_DE","og_type":"article","og_title":"Cl\u00ednica Dental Bocarriba - El M\u00e9dano Tenerife","og_description":"Instalaciones modernas y confortables; tecnolog\u00eda de \u00faltima generaci\u00f3n y cuadro m\u00e9dico especializado para cada tipo de tratamiento, los cuales se&hellip;","og_url":"https:\/\/www.elmedanotenerife.es\/de\/profesionales\/clinica-dental-bocarriba\/","og_site_name":"El M\u00e9dano Tenerife","article_modified_time":"2019-11-10T13:34:17+00:00","og_image":[{"width":1200,"height":632,"url":"https:\/\/www.elmedanotenerife.es\/wp-content\/uploads\/2019\/10\/28827352_1877460745659735_8029286360908043073_o.jpg","type":"image\/jpeg"}],"twitter_card":"summary_large_image","schema":{"@context":"https:\/\/schema.org","@graph":[{"@type":"WebPage","@id":"https:\/\/www.elmedanotenerife.es\/de\/profesionales\/clinica-dental-bocarriba\/","url":"https:\/\/www.elmedanotenerife.es\/de\/profesionales\/clinica-dental-bocarriba\/","name":"Cl\u00ednica Dental Bocarriba - El M\u00e9dano Tenerife","isPartOf":{"@id":"https:\/\/www.elmedanotenerife.es\/de\/#website"},"primaryImageOfPage":{"@id":"https:\/\/www.elmedanotenerife.es\/de\/profesionales\/clinica-dental-bocarriba\/#primaryimage"},"image":{"@id":"https:\/\/www.elmedanotenerife.es\/de\/profesionales\/clinica-dental-bocarriba\/#primaryimage"},"thumbnailUrl":"https:\/\/www.elmedanotenerife.es\/wp-content\/uploads\/2019\/10\/28827352_1877460745659735_8029286360908043073_o.jpg","datePublished":"2019-10-29T17:22:37+00:00","dateModified":"2019-11-10T13:34:17+00:00","breadcrumb":{"@id":"https:\/\/www.elmedanotenerife.es\/de\/profesionales\/clinica-dental-bocarriba\/#breadcrumb"},"inLanguage":"de","potentialAction":[{"@type":"ReadAction","target":["https:\/\/www.elmedanotenerife.es\/de\/profesionales\/clinica-dental-bocarriba\/"]}]},{"@type":"ImageObject","inLanguage":"de","@id":"https:\/\/www.elmedanotenerife.es\/de\/profesionales\/clinica-dental-bocarriba\/#primaryimage","url":"https:\/\/www.elmedanotenerife.es\/wp-content\/uploads\/2019\/10\/28827352_1877460745659735_8029286360908043073_o.jpg","contentUrl":"https:\/\/www.elmedanotenerife.es\/wp-content\/uploads\/2019\/10\/28827352_1877460745659735_8029286360908043073_o.jpg","width":1200,"height":632},{"@type":"BreadcrumbList","@id":"https:\/\/www.elmedanotenerife.es\/de\/profesionales\/clinica-dental-bocarriba\/#breadcrumb","itemListElement":[{"@type":"ListItem","position":1,"name":"Portada","item":"https:\/\/www.elmedanotenerife.es\/de\/"},{"@type":"ListItem","position":2,"name":"Profesionales","item":"https:\/\/www.elmedanotenerife.es\/de\/profesionales\/"},{"@type":"ListItem","position":3,"name":"Cl\u00ednica Dental Bocarriba"}]},{"@type":"WebSite","@id":"https:\/\/www.elmedanotenerife.es\/de\/#website","url":"https:\/\/www.elmedanotenerife.es\/de\/","name":"El M\u00e9dano Tenerife","description":"","potentialAction":[{"@type":"SearchAction","target":{"@type":"EntryPoint","urlTemplate":"https:\/\/www.elmedanotenerife.es\/de\/?s={search_term_string}"},"query-input":{"@type":"PropertyValueSpecification","valueRequired":true,"valueName":"search_term_string"}}],"inLanguage":"de"}]}},"cmb2":{"listing_profesionales_general":{"listing_title":"Cl\u00ednica Dental Bocarriba","listing_description":"<div class=\"vc_row wpb_row vc_inner section vc_row-fluid\">\r\n<div class=\" full_section_inner clearfix\">\r\n<div class=\"wpb_column vc_column_container vc_col-sm-6\">\r\n<div class=\"vc_column-inner \">\r\n<div class=\"wpb_wrapper\">\r\n<div class=\"wpb_text_column wpb_content_element \">\r\n<div class=\"wpb_wrapper\">\r\n<p style=\"text-align: justify;\">Instalaciones modernas y confortables; tecnolog\u00eda de \u00faltima generaci\u00f3n y cuadro m\u00e9dico especializado para cada tipo de tratamiento, los cuales se encuentran en constante formaci\u00f3n para as\u00ed poder dar a los pacientes la atenci\u00f3n personalizada que merecen, y ofrecerles los mejores tratamientos para cada caso.<\/p>\r\n<p style=\"text-align: justify;\">Nuestro equipo de profesionales altamente cualificados, liderado por la doctora D\u00e1cil Irune Dorta Fern\u00e1ndez, se encargan de seguir tratando al paciente con el mismo cuidado y pasi\u00f3n como el primer d\u00eda.<\/p>\r\n<p style=\"text-align: justify;\">Dentista<\/p>\r\n<p style=\"text-align: justify;\">Odont\u00f3logo<\/p>\r\n\r\n<\/div>\r\n<\/div>\r\n<\/div>\r\n<\/div>\r\n<\/div>\r\n<div class=\"wpb_column vc_column_container vc_col-sm-3\">\r\n<div class=\"vc_column-inner \">\r\n<div class=\"wpb_wrapper\"><\/div>\r\n<\/div>\r\n<\/div>\r\n<\/div>\r\n<\/div>","listing_featured_image":"https:\/\/www.elmedanotenerife.es\/wp-content\/uploads\/2019\/10\/28827352_1877460745659735_8029286360908043073_o.jpg","listing_featured_image_id":""},"listing_profesionales_branding":{"listing_slogan":"","listing_brand_color":"","listing_logo":"https:\/\/www.elmedanotenerife.es\/wp-content\/uploads\/2019\/10\/o.png","listing_logo_id":"9397"},"listing_profesionales_banner":{"listing_banner":"banner_featured_image","listing_banner_map_zoom":"12","listing_banner_map_type":"SATELLITE","listing_banner_map_marker":""},"listing_profesionales_listing_category":{"listing_listing_category":["profesionales","salud"]},"listing_profesionales_location":{"listing_locations":["el-medano"],"listing_map_location":{"address":"Cl\u00ednica Dental Odontis El M\u00e9dano, Avenida Pr\u00edncipes de Espa\u00f1a, El M\u00e9dano, Espa\u00f1a","latitude":"28.0465706","longitude":"-16.538394799999992"},"listing_map_location_polygon":"","listing_street_view":"","listing_street_view_location":{"latitude":"37.81240457820649","longitude":"-122.47607752956912","zoom":"1","heading":"-18","pitch":"25"},"listing_inside_view":"","listing_inside_view_location":{"latitude":"37.81240457820649","longitude":"-122.47607752956912","zoom":"1","heading":"-18","pitch":"25"}}},"_links":{"self":[{"href":"https:\/\/www.elmedanotenerife.es\/de\/wp-json\/wp\/v2\/profesionales\/9395","targetHints":{"allow":["GET"]}}],"collection":[{"href":"https:\/\/www.elmedanotenerife.es\/de\/wp-json\/wp\/v2\/profesionales"}],"about":[{"href":"https:\/\/www.elmedanotenerife.es\/de\/wp-json\/wp\/v2\/types\/profesionales"}],"author":[{"embeddable":true,"href":"https:\/\/www.elmedanotenerife.es\/de\/wp-json\/wp\/v2\/users\/1"}],"replies":[{"embeddable":true,"href":"https:\/\/www.elmedanotenerife.es\/de\/wp-json\/wp\/v2\/comments?post=9395"}],"wp:featuredmedia":[{"embeddable":true,"href":"https:\/\/www.elmedanotenerife.es\/de\/wp-json\/wp\/v2\/media\/9396"}],"wp:attachment":[{"href":"https:\/\/www.elmedanotenerife.es\/de\/wp-json\/wp\/v2\/media?parent=9395"}],"wp:term":[{"taxonomy":"locations","embeddable":true,"href":"https:\/\/www.elmedanotenerife.es\/de\/wp-json\/wp\/v2\/locations?post=9395"},{"taxonomy":"listing_categories","embeddable":true,"href":"https:\/\/www.elmedanotenerife.es\/de\/wp-json\/wp\/v2\/listing_categories?post=9395"}],"curies":[{"name":"wp","href":"https:\/\/api.w.org\/{rel}","templated":true}]}}

Clínica Dental Bocarriba

<div class="vc_row wpb_row vc_inner section vc_row-fluid">
<div class=" full_section_inner clearfix">
<div class="wpb_column vc_column_container vc_col-sm-6">
<div class="vc_column-inner ">
<div class="wpb_wrapper">
<div class="wpb_text_column wpb_content_element ">
<div class="wpb_wrapper">
<p style="text-align: justify;">Instalaciones modernas y confortables; tecnología de última generación y cuadro médico especializado para cada tipo de tratamiento, los cuales se encuentran en constante formación para así poder dar a los pacientes la atención personalizada que merecen, y ofrecerles los mejores tratamientos para cada caso.</p>
<p style="text-align: justify;">Nuestro equipo de profesionales altamente cualificados, liderado por la doctora Dácil Irune Dorta Fernández, se encargan de seguir tratando al paciente con el mismo cuidado y pasión como el primer día.</p>
<p style="text-align: justify;">Dentista</p>
<p style="text-align: justify;">Odontólogo</p>
</div>
</div>
</div>
</div>
</div>
<div class="wpb_column vc_column_container vc_col-sm-3">
<div class="vc_column-inner ">
<div class="wpb_wrapper"></div>
</div>
</div>
</div>
</div>

<!-- This site is optimized with the Yoast SEO plugin v27.5 - https://yoast.com/product/yoast-seo-wordpress/ -->
<title>Clínica Dental Bocarriba - El Médano Tenerife</title>
<meta name="robots" content="index, follow, max-snippet:-1, max-image-preview:large, max-video-preview:-1" />
<link rel="canonical" href="https://www.elmedanotenerife.es/de/profesionales/clinica-dental-bocarriba/" />
<meta property="og:locale" content="de_DE" />
<meta property="og:type" content="article" />
<meta property="og:title" content="Clínica Dental Bocarriba - El Médano Tenerife" />
<meta property="og:description" content="Instalaciones modernas y confortables; tecnología de última generación y cuadro médico especializado para cada tipo de tratamiento, los cuales se&hellip;" />
<meta property="og:url" content="https://www.elmedanotenerife.es/de/profesionales/clinica-dental-bocarriba/" />
<meta property="og:site_name" content="El Médano Tenerife" />
<meta property="article:modified_time" content="2019-11-10T13:34:17+00:00" />
<meta property="og:image" content="https://www.elmedanotenerife.es/wp-content/uploads/2019/10/28827352_1877460745659735_8029286360908043073_o.jpg" />
	<meta property="og:image:width" content="1200" />
	<meta property="og:image:height" content="632" />
	<meta property="og:image:type" content="image/jpeg" />
<meta name="twitter:card" content="summary_large_image" />
<script type="application/ld+json" class="yoast-schema-graph">{"@context":"https:\/\/schema.org","@graph":[{"@type":"WebPage","@id":"https:\/\/www.elmedanotenerife.es\/de\/profesionales\/clinica-dental-bocarriba\/","url":"https:\/\/www.elmedanotenerife.es\/de\/profesionales\/clinica-dental-bocarriba\/","name":"Clínica Dental Bocarriba - El Médano Tenerife","isPartOf":{"@id":"https:\/\/www.elmedanotenerife.es\/de\/#website"},"primaryImageOfPage":{"@id":"https:\/\/www.elmedanotenerife.es\/de\/profesionales\/clinica-dental-bocarriba\/#primaryimage"},"image":{"@id":"https:\/\/www.elmedanotenerife.es\/de\/profesionales\/clinica-dental-bocarriba\/#primaryimage"},"thumbnailUrl":"https:\/\/www.elmedanotenerife.es\/wp-content\/uploads\/2019\/10\/28827352_1877460745659735_8029286360908043073_o.jpg","datePublished":"2019-10-29T17:22:37+00:00","dateModified":"2019-11-10T13:34:17+00:00","breadcrumb":{"@id":"https:\/\/www.elmedanotenerife.es\/de\/profesionales\/clinica-dental-bocarriba\/#breadcrumb"},"inLanguage":"de","potentialAction":[{"@type":"ReadAction","target":["https:\/\/www.elmedanotenerife.es\/de\/profesionales\/clinica-dental-bocarriba\/"]}]},{"@type":"ImageObject","inLanguage":"de","@id":"https:\/\/www.elmedanotenerife.es\/de\/profesionales\/clinica-dental-bocarriba\/#primaryimage","url":"https:\/\/www.elmedanotenerife.es\/wp-content\/uploads\/2019\/10\/28827352_1877460745659735_8029286360908043073_o.jpg","contentUrl":"https:\/\/www.elmedanotenerife.es\/wp-content\/uploads\/2019\/10\/28827352_1877460745659735_8029286360908043073_o.jpg","width":1200,"height":632},{"@type":"BreadcrumbList","@id":"https:\/\/www.elmedanotenerife.es\/de\/profesionales\/clinica-dental-bocarriba\/#breadcrumb","itemListElement":[{"@type":"ListItem","position":1,"name":"Portada","item":"https:\/\/www.elmedanotenerife.es\/de\/"},{"@type":"ListItem","position":2,"name":"Profesionales","item":"https:\/\/www.elmedanotenerife.es\/de\/profesionales\/"},{"@type":"ListItem","position":3,"name":"Clínica Dental Bocarriba"}]},{"@type":"WebSite","@id":"https:\/\/www.elmedanotenerife.es\/de\/#website","url":"https:\/\/www.elmedanotenerife.es\/de\/","name":"El Médano Tenerife","description":"","potentialAction":[{"@type":"SearchAction","target":{"@type":"EntryPoint","urlTemplate":"https:\/\/www.elmedanotenerife.es\/de\/?s={search_term_string}"},"query-input":{"@type":"PropertyValueSpecification","valueRequired":true,"valueName":"search_term_string"}}],"inLanguage":"de"}]}</script>
<!-- / Yoast SEO plugin. -->

Clínica Dental Bocarriba - El Médano Tenerife

Instalaciones modernas y confortables; tecnología de última generación y cuadro médico especializado para cada tipo de tratamiento, los cuales se&hellip;

El Médano Tenerife

<div class="vc_row wpb_row vc_inner section vc_row-fluid">
<div class=" full_section_inner clearfix">
<div class="wpb_column vc_column_container vc_col-sm-6">
<div class="vc_column-inner ">
<div class="wpb_wrapper">
<div class="wpb_text_column wpb_content_element ">
<div class="wpb_wrapper">
<p style="text-align: justify;">Instalaciones modernas y confortables; tecnología de última generación y cuadro médico especializado para cada tipo de tratamiento, los cuales se encuentran en constante formación para así poder dar a los pacientes la atención personalizada que merecen, y ofrecerles los mejores tratamientos para cada caso.</p>
<p style="text-align: justify;">Nuestro equipo de profesionales altamente cualificados, liderado por la doctora Dácil Irune Dorta Fernández, se encargan de seguir tratando al paciente con el mismo cuidado y pasión como el primer día.</p>
<p style="text-align: justify;">Dentista</p>
<p style="text-align: justify;">Odontólogo</p>

</div>
</div>
</div>
</div>
</div>
<div class="wpb_column vc_column_container vc_col-sm-3">
<div class="vc_column-inner ">
<div class="wpb_wrapper"></div>
</div>
</div>
</div>
</div>

Clínica Dental Odontis El Médano, Avenida Príncipes de España, El Médano, España
