{"id":9661,"date":"2019-10-31T14:59:30","date_gmt":"2019-10-31T12:59:30","guid":{"rendered":"https:\/\/www.elmedanotenerife.es\/?post_type=profesionales&#038;p=9661"},"modified":"2019-11-09T12:46:24","modified_gmt":"2019-11-09T10:46:24","slug":"estudio-sergio-villalba-fotografo","status":"publish","type":"profesionales","link":"https:\/\/www.elmedanotenerife.es\/de\/profesionales\/estudio-sergio-villalba-fotografo\/","title":{"rendered":"Estudio Sergio Villalba &#8211; Fot\u00f3grafo"},"content":{"rendered":"<p style=\"text-align: justify;\">Soy un fot\u00f3grafo al aire libre, aventurero y surfista con sede en Tenerife, Islas Canarias.\u00a0Viajar por el planeta ha dado forma a mi estilo distintivo de disparo, que es un reflejo de mi forma de vida.\u00a0Me apasiona combinar estilo de vida y deporte como parte de la misma historia.\u00a0Mi obsesi\u00f3n es producir im\u00e1genes cre\u00edbles mediante el uso de modelos de la vida real o atletas y luz natural.\u00a0Las paletas de colores son mi segunda obsesi\u00f3n favorita.\u00a0He estado creando contenido editorial, comercial y publicitario en todo el mundo durante los \u00faltimos 12 a\u00f1os, y me siento c\u00f3modo en cualquier tipo de campo fotogr\u00e1fico, pero es al aire libre donde realizo mi potencial.<\/p>\n<p style=\"text-align: justify;\">Algunos de mis clientes incluyen\u00a0Red Bull\u00a0,\u00a0Microsoft\u00a0,\u00a0Vans\u00a0,\u00a0O&#8217;Neill\u00a0,\u00a0Qantas\u00a0,\u00a0Salomon\u00a0,\u00a0\u00a0Hard Rock Hotels,\u00a0Nat Geo Traveler\u00a0,\u00a0Virtue\u00a0o la\u00a0revista Cadillac.<\/p>\n","protected":false},"author":5,"featured_media":9668,"comment_status":"open","ping_status":"closed","template":"","locations":[326],"listing_categories":[417],"class_list":["post-9661","profesionales","type-profesionales","status-publish","has-post-thumbnail","hentry","locations-el-medano","listing_categories-fotografos"],"yoast_head":"<!-- This site is optimized with the Yoast SEO plugin v27.5 - https:\/\/yoast.com\/product\/yoast-seo-wordpress\/ -->\n<title>Estudio Sergio Villalba - Fot\u00f3grafo - El M\u00e9dano Tenerife<\/title>\n<meta name=\"robots\" content=\"index, follow, max-snippet:-1, max-image-preview:large, max-video-preview:-1\" \/>\n<link rel=\"canonical\" href=\"https:\/\/www.elmedanotenerife.es\/de\/profesionales\/estudio-sergio-villalba-fotografo\/\" \/>\n<meta property=\"og:locale\" content=\"de_DE\" \/>\n<meta property=\"og:type\" content=\"article\" \/>\n<meta property=\"og:title\" content=\"Estudio Sergio Villalba - Fot\u00f3grafo - El M\u00e9dano Tenerife\" \/>\n<meta property=\"og:description\" content=\"Soy un fot\u00f3grafo al aire libre, aventurero y surfista con sede en Tenerife, Islas Canarias.\u00a0Viajar por el planeta ha dado&hellip;\" \/>\n<meta property=\"og:url\" content=\"https:\/\/www.elmedanotenerife.es\/de\/profesionales\/estudio-sergio-villalba-fotografo\/\" \/>\n<meta property=\"og:site_name\" content=\"El M\u00e9dano Tenerife\" \/>\n<meta property=\"article:modified_time\" content=\"2019-11-09T10:46:24+00:00\" \/>\n<meta property=\"og:image\" content=\"https:\/\/www.elmedanotenerife.es\/wp-content\/uploads\/2019\/10\/20191030_085024.jpg\" \/>\n\t<meta property=\"og:image:width\" content=\"1600\" \/>\n\t<meta property=\"og:image:height\" content=\"778\" \/>\n\t<meta property=\"og:image:type\" content=\"image\/jpeg\" \/>\n<meta name=\"twitter:card\" content=\"summary_large_image\" \/>\n<meta name=\"twitter:label1\" content=\"Gesch\u00e4tzte Lesezeit\" \/>\n\t<meta name=\"twitter:data1\" content=\"1\u00a0Minute\" \/>\n<script type=\"application\/ld+json\" class=\"yoast-schema-graph\">{\"@context\":\"https:\\\/\\\/schema.org\",\"@graph\":[{\"@type\":\"WebPage\",\"@id\":\"https:\\\/\\\/www.elmedanotenerife.es\\\/de\\\/profesionales\\\/estudio-sergio-villalba-fotografo\\\/\",\"url\":\"https:\\\/\\\/www.elmedanotenerife.es\\\/de\\\/profesionales\\\/estudio-sergio-villalba-fotografo\\\/\",\"name\":\"Estudio Sergio Villalba - Fot\u00f3grafo - El M\u00e9dano Tenerife\",\"isPartOf\":{\"@id\":\"https:\\\/\\\/www.elmedanotenerife.es\\\/de\\\/#website\"},\"primaryImageOfPage\":{\"@id\":\"https:\\\/\\\/www.elmedanotenerife.es\\\/de\\\/profesionales\\\/estudio-sergio-villalba-fotografo\\\/#primaryimage\"},\"image\":{\"@id\":\"https:\\\/\\\/www.elmedanotenerife.es\\\/de\\\/profesionales\\\/estudio-sergio-villalba-fotografo\\\/#primaryimage\"},\"thumbnailUrl\":\"https:\\\/\\\/www.elmedanotenerife.es\\\/wp-content\\\/uploads\\\/2019\\\/10\\\/20191030_085024.jpg\",\"datePublished\":\"2019-10-31T12:59:30+00:00\",\"dateModified\":\"2019-11-09T10:46:24+00:00\",\"breadcrumb\":{\"@id\":\"https:\\\/\\\/www.elmedanotenerife.es\\\/de\\\/profesionales\\\/estudio-sergio-villalba-fotografo\\\/#breadcrumb\"},\"inLanguage\":\"de\",\"potentialAction\":[{\"@type\":\"ReadAction\",\"target\":[\"https:\\\/\\\/www.elmedanotenerife.es\\\/de\\\/profesionales\\\/estudio-sergio-villalba-fotografo\\\/\"]}]},{\"@type\":\"ImageObject\",\"inLanguage\":\"de\",\"@id\":\"https:\\\/\\\/www.elmedanotenerife.es\\\/de\\\/profesionales\\\/estudio-sergio-villalba-fotografo\\\/#primaryimage\",\"url\":\"https:\\\/\\\/www.elmedanotenerife.es\\\/wp-content\\\/uploads\\\/2019\\\/10\\\/20191030_085024.jpg\",\"contentUrl\":\"https:\\\/\\\/www.elmedanotenerife.es\\\/wp-content\\\/uploads\\\/2019\\\/10\\\/20191030_085024.jpg\",\"width\":1600,\"height\":778},{\"@type\":\"BreadcrumbList\",\"@id\":\"https:\\\/\\\/www.elmedanotenerife.es\\\/de\\\/profesionales\\\/estudio-sergio-villalba-fotografo\\\/#breadcrumb\",\"itemListElement\":[{\"@type\":\"ListItem\",\"position\":1,\"name\":\"Portada\",\"item\":\"https:\\\/\\\/www.elmedanotenerife.es\\\/de\\\/\"},{\"@type\":\"ListItem\",\"position\":2,\"name\":\"Profesionales\",\"item\":\"https:\\\/\\\/www.elmedanotenerife.es\\\/de\\\/profesionales\\\/\"},{\"@type\":\"ListItem\",\"position\":3,\"name\":\"Estudio Sergio Villalba &#8211; Fot\u00f3grafo\"}]},{\"@type\":\"WebSite\",\"@id\":\"https:\\\/\\\/www.elmedanotenerife.es\\\/de\\\/#website\",\"url\":\"https:\\\/\\\/www.elmedanotenerife.es\\\/de\\\/\",\"name\":\"El M\u00e9dano Tenerife\",\"description\":\"\",\"potentialAction\":[{\"@type\":\"SearchAction\",\"target\":{\"@type\":\"EntryPoint\",\"urlTemplate\":\"https:\\\/\\\/www.elmedanotenerife.es\\\/de\\\/?s={search_term_string}\"},\"query-input\":{\"@type\":\"PropertyValueSpecification\",\"valueRequired\":true,\"valueName\":\"search_term_string\"}}],\"inLanguage\":\"de\"}]}<\/script>\n<!-- \/ Yoast SEO plugin. -->","yoast_head_json":{"title":"Estudio Sergio Villalba - Fot\u00f3grafo - El M\u00e9dano Tenerife","robots":{"index":"index","follow":"follow","max-snippet":"max-snippet:-1","max-image-preview":"max-image-preview:large","max-video-preview":"max-video-preview:-1"},"canonical":"https:\/\/www.elmedanotenerife.es\/de\/profesionales\/estudio-sergio-villalba-fotografo\/","og_locale":"de_DE","og_type":"article","og_title":"Estudio Sergio Villalba - Fot\u00f3grafo - El M\u00e9dano Tenerife","og_description":"Soy un fot\u00f3grafo al aire libre, aventurero y surfista con sede en Tenerife, Islas Canarias.\u00a0Viajar por el planeta ha dado&hellip;","og_url":"https:\/\/www.elmedanotenerife.es\/de\/profesionales\/estudio-sergio-villalba-fotografo\/","og_site_name":"El M\u00e9dano Tenerife","article_modified_time":"2019-11-09T10:46:24+00:00","og_image":[{"width":1600,"height":778,"url":"https:\/\/www.elmedanotenerife.es\/wp-content\/uploads\/2019\/10\/20191030_085024.jpg","type":"image\/jpeg"}],"twitter_card":"summary_large_image","twitter_misc":{"Gesch\u00e4tzte Lesezeit":"1\u00a0Minute"},"schema":{"@context":"https:\/\/schema.org","@graph":[{"@type":"WebPage","@id":"https:\/\/www.elmedanotenerife.es\/de\/profesionales\/estudio-sergio-villalba-fotografo\/","url":"https:\/\/www.elmedanotenerife.es\/de\/profesionales\/estudio-sergio-villalba-fotografo\/","name":"Estudio Sergio Villalba - Fot\u00f3grafo - El M\u00e9dano Tenerife","isPartOf":{"@id":"https:\/\/www.elmedanotenerife.es\/de\/#website"},"primaryImageOfPage":{"@id":"https:\/\/www.elmedanotenerife.es\/de\/profesionales\/estudio-sergio-villalba-fotografo\/#primaryimage"},"image":{"@id":"https:\/\/www.elmedanotenerife.es\/de\/profesionales\/estudio-sergio-villalba-fotografo\/#primaryimage"},"thumbnailUrl":"https:\/\/www.elmedanotenerife.es\/wp-content\/uploads\/2019\/10\/20191030_085024.jpg","datePublished":"2019-10-31T12:59:30+00:00","dateModified":"2019-11-09T10:46:24+00:00","breadcrumb":{"@id":"https:\/\/www.elmedanotenerife.es\/de\/profesionales\/estudio-sergio-villalba-fotografo\/#breadcrumb"},"inLanguage":"de","potentialAction":[{"@type":"ReadAction","target":["https:\/\/www.elmedanotenerife.es\/de\/profesionales\/estudio-sergio-villalba-fotografo\/"]}]},{"@type":"ImageObject","inLanguage":"de","@id":"https:\/\/www.elmedanotenerife.es\/de\/profesionales\/estudio-sergio-villalba-fotografo\/#primaryimage","url":"https:\/\/www.elmedanotenerife.es\/wp-content\/uploads\/2019\/10\/20191030_085024.jpg","contentUrl":"https:\/\/www.elmedanotenerife.es\/wp-content\/uploads\/2019\/10\/20191030_085024.jpg","width":1600,"height":778},{"@type":"BreadcrumbList","@id":"https:\/\/www.elmedanotenerife.es\/de\/profesionales\/estudio-sergio-villalba-fotografo\/#breadcrumb","itemListElement":[{"@type":"ListItem","position":1,"name":"Portada","item":"https:\/\/www.elmedanotenerife.es\/de\/"},{"@type":"ListItem","position":2,"name":"Profesionales","item":"https:\/\/www.elmedanotenerife.es\/de\/profesionales\/"},{"@type":"ListItem","position":3,"name":"Estudio Sergio Villalba &#8211; Fot\u00f3grafo"}]},{"@type":"WebSite","@id":"https:\/\/www.elmedanotenerife.es\/de\/#website","url":"https:\/\/www.elmedanotenerife.es\/de\/","name":"El M\u00e9dano Tenerife","description":"","potentialAction":[{"@type":"SearchAction","target":{"@type":"EntryPoint","urlTemplate":"https:\/\/www.elmedanotenerife.es\/de\/?s={search_term_string}"},"query-input":{"@type":"PropertyValueSpecification","valueRequired":true,"valueName":"search_term_string"}}],"inLanguage":"de"}]}},"cmb2":{"listing_profesionales_general":{"listing_title":"Estudio Sergio Villalba &#8211; Fot\u00f3grafo","listing_description":"<p style=\"text-align: justify;\">Soy un fot\u00f3grafo al aire libre, aventurero y surfista con sede en Tenerife, Islas Canarias.\u00a0Viajar por el planeta ha dado forma a mi estilo distintivo de disparo, que es un reflejo de mi forma de vida.\u00a0Me apasiona combinar estilo de vida y deporte como parte de la misma historia.\u00a0Mi obsesi\u00f3n es producir im\u00e1genes cre\u00edbles mediante el uso de modelos de la vida real o atletas y luz natural.\u00a0Las paletas de colores son mi segunda obsesi\u00f3n favorita.\u00a0He estado creando contenido editorial, comercial y publicitario en todo el mundo durante los \u00faltimos 12 a\u00f1os, y me siento c\u00f3modo en cualquier tipo de campo fotogr\u00e1fico, pero es al aire libre donde realizo mi potencial.<\/p>\r\n<p style=\"text-align: justify;\">Algunos de mis clientes incluyen\u00a0Red Bull\u00a0,\u00a0Microsoft\u00a0,\u00a0Vans\u00a0,\u00a0O'Neill\u00a0,\u00a0Qantas\u00a0,\u00a0Salomon\u00a0,\u00a0\u00a0Hard Rock Hotels,\u00a0Nat Geo Traveler\u00a0,\u00a0Virtue\u00a0o la\u00a0revista Cadillac.<\/p>","listing_featured_image":"https:\/\/www.elmedanotenerife.es\/wp-content\/uploads\/2019\/10\/20191030_085024.jpg","listing_featured_image_id":""},"listing_profesionales_branding":{"listing_slogan":"","listing_brand_color":"","listing_logo":"https:\/\/www.elmedanotenerife.es\/wp-content\/uploads\/2019\/10\/sergio-villalba-1.jpg","listing_logo_id":"9667"},"listing_profesionales_banner":{"listing_banner":"banner_featured_image","listing_banner_map_zoom":"12","listing_banner_map_type":"SATELLITE","listing_banner_map_marker":""},"listing_profesionales_listing_category":{"listing_listing_category":["profesionales","fotografos"]},"listing_profesionales_location":{"listing_locations":["el-medano"],"listing_map_location":{"address":"Calle Alemania, 7, El M\u00e9dano, Espa\u00f1a","latitude":"28.045398367843827","longitude":"-16.540043646627055"},"listing_map_location_polygon":"","listing_street_view":"on","listing_street_view_location":{"latitude":"28.04547886928923","longitude":"-16.53998232938227","zoom":"2.104","heading":"189.062","pitch":"-8.712999999999994"},"listing_inside_view":"","listing_inside_view_location":{"latitude":"37.81240457820649","longitude":"-122.47607752956912","zoom":"0.41400000000000003","heading":"-18","pitch":"25"}}},"_links":{"self":[{"href":"https:\/\/www.elmedanotenerife.es\/de\/wp-json\/wp\/v2\/profesionales\/9661","targetHints":{"allow":["GET"]}}],"collection":[{"href":"https:\/\/www.elmedanotenerife.es\/de\/wp-json\/wp\/v2\/profesionales"}],"about":[{"href":"https:\/\/www.elmedanotenerife.es\/de\/wp-json\/wp\/v2\/types\/profesionales"}],"author":[{"embeddable":true,"href":"https:\/\/www.elmedanotenerife.es\/de\/wp-json\/wp\/v2\/users\/5"}],"replies":[{"embeddable":true,"href":"https:\/\/www.elmedanotenerife.es\/de\/wp-json\/wp\/v2\/comments?post=9661"}],"wp:featuredmedia":[{"embeddable":true,"href":"https:\/\/www.elmedanotenerife.es\/de\/wp-json\/wp\/v2\/media\/9668"}],"wp:attachment":[{"href":"https:\/\/www.elmedanotenerife.es\/de\/wp-json\/wp\/v2\/media?parent=9661"}],"wp:term":[{"taxonomy":"locations","embeddable":true,"href":"https:\/\/www.elmedanotenerife.es\/de\/wp-json\/wp\/v2\/locations?post=9661"},{"taxonomy":"listing_categories","embeddable":true,"href":"https:\/\/www.elmedanotenerife.es\/de\/wp-json\/wp\/v2\/listing_categories?post=9661"}],"curies":[{"name":"wp","href":"https:\/\/api.w.org\/{rel}","templated":true}]}}

Estudio Sergio Villalba &#8211; Fotógrafo

<p style="text-align: justify;">Soy un fotógrafo al aire libre, aventurero y surfista con sede en Tenerife, Islas Canarias. Viajar por el planeta ha dado forma a mi estilo distintivo de disparo, que es un reflejo de mi forma de vida. Me apasiona combinar estilo de vida y deporte como parte de la misma historia. Mi obsesión es producir imágenes creíbles mediante el uso de modelos de la vida real o atletas y luz natural. Las paletas de colores son mi segunda obsesión favorita. He estado creando contenido editorial, comercial y publicitario en todo el mundo durante los últimos 12 años, y me siento cómodo en cualquier tipo de campo fotográfico, pero es al aire libre donde realizo mi potencial.</p>
<p style="text-align: justify;">Algunos de mis clientes incluyen Red Bull , Microsoft , Vans , O&#8217;Neill , Qantas , Salomon ,  Hard Rock Hotels, Nat Geo Traveler , Virtue o la revista Cadillac.</p>

<!-- This site is optimized with the Yoast SEO plugin v27.5 - https://yoast.com/product/yoast-seo-wordpress/ -->
<title>Estudio Sergio Villalba - Fotógrafo - El Médano Tenerife</title>
<meta name="robots" content="index, follow, max-snippet:-1, max-image-preview:large, max-video-preview:-1" />
<link rel="canonical" href="https://www.elmedanotenerife.es/de/profesionales/estudio-sergio-villalba-fotografo/" />
<meta property="og:locale" content="de_DE" />
<meta property="og:type" content="article" />
<meta property="og:title" content="Estudio Sergio Villalba - Fotógrafo - El Médano Tenerife" />
<meta property="og:description" content="Soy un fotógrafo al aire libre, aventurero y surfista con sede en Tenerife, Islas Canarias. Viajar por el planeta ha dado&hellip;" />
<meta property="og:url" content="https://www.elmedanotenerife.es/de/profesionales/estudio-sergio-villalba-fotografo/" />
<meta property="og:site_name" content="El Médano Tenerife" />
<meta property="article:modified_time" content="2019-11-09T10:46:24+00:00" />
<meta property="og:image" content="https://www.elmedanotenerife.es/wp-content/uploads/2019/10/20191030_085024.jpg" />
	<meta property="og:image:width" content="1600" />
	<meta property="og:image:height" content="778" />
	<meta property="og:image:type" content="image/jpeg" />
<meta name="twitter:card" content="summary_large_image" />
<meta name="twitter:label1" content="Geschätzte Lesezeit" />
	<meta name="twitter:data1" content="1 Minute" />
<script type="application/ld+json" class="yoast-schema-graph">{"@context":"https:\/\/schema.org","@graph":[{"@type":"WebPage","@id":"https:\/\/www.elmedanotenerife.es\/de\/profesionales\/estudio-sergio-villalba-fotografo\/","url":"https:\/\/www.elmedanotenerife.es\/de\/profesionales\/estudio-sergio-villalba-fotografo\/","name":"Estudio Sergio Villalba - Fotógrafo - El Médano Tenerife","isPartOf":{"@id":"https:\/\/www.elmedanotenerife.es\/de\/#website"},"primaryImageOfPage":{"@id":"https:\/\/www.elmedanotenerife.es\/de\/profesionales\/estudio-sergio-villalba-fotografo\/#primaryimage"},"image":{"@id":"https:\/\/www.elmedanotenerife.es\/de\/profesionales\/estudio-sergio-villalba-fotografo\/#primaryimage"},"thumbnailUrl":"https:\/\/www.elmedanotenerife.es\/wp-content\/uploads\/2019\/10\/20191030_085024.jpg","datePublished":"2019-10-31T12:59:30+00:00","dateModified":"2019-11-09T10:46:24+00:00","breadcrumb":{"@id":"https:\/\/www.elmedanotenerife.es\/de\/profesionales\/estudio-sergio-villalba-fotografo\/#breadcrumb"},"inLanguage":"de","potentialAction":[{"@type":"ReadAction","target":["https:\/\/www.elmedanotenerife.es\/de\/profesionales\/estudio-sergio-villalba-fotografo\/"]}]},{"@type":"ImageObject","inLanguage":"de","@id":"https:\/\/www.elmedanotenerife.es\/de\/profesionales\/estudio-sergio-villalba-fotografo\/#primaryimage","url":"https:\/\/www.elmedanotenerife.es\/wp-content\/uploads\/2019\/10\/20191030_085024.jpg","contentUrl":"https:\/\/www.elmedanotenerife.es\/wp-content\/uploads\/2019\/10\/20191030_085024.jpg","width":1600,"height":778},{"@type":"BreadcrumbList","@id":"https:\/\/www.elmedanotenerife.es\/de\/profesionales\/estudio-sergio-villalba-fotografo\/#breadcrumb","itemListElement":[{"@type":"ListItem","position":1,"name":"Portada","item":"https:\/\/www.elmedanotenerife.es\/de\/"},{"@type":"ListItem","position":2,"name":"Profesionales","item":"https:\/\/www.elmedanotenerife.es\/de\/profesionales\/"},{"@type":"ListItem","position":3,"name":"Estudio Sergio Villalba &#8211; Fotógrafo"}]},{"@type":"WebSite","@id":"https:\/\/www.elmedanotenerife.es\/de\/#website","url":"https:\/\/www.elmedanotenerife.es\/de\/","name":"El Médano Tenerife","description":"","potentialAction":[{"@type":"SearchAction","target":{"@type":"EntryPoint","urlTemplate":"https:\/\/www.elmedanotenerife.es\/de\/?s={search_term_string}"},"query-input":{"@type":"PropertyValueSpecification","valueRequired":true,"valueName":"search_term_string"}}],"inLanguage":"de"}]}</script>
<!-- / Yoast SEO plugin. -->

Estudio Sergio Villalba - Fotógrafo - El Médano Tenerife

Soy un fotógrafo al aire libre, aventurero y surfista con sede en Tenerife, Islas Canarias. Viajar por el planeta ha dado&hellip;

El Médano Tenerife

<p style="text-align: justify;">Soy un fotógrafo al aire libre, aventurero y surfista con sede en Tenerife, Islas Canarias. Viajar por el planeta ha dado forma a mi estilo distintivo de disparo, que es un reflejo de mi forma de vida. Me apasiona combinar estilo de vida y deporte como parte de la misma historia. Mi obsesión es producir imágenes creíbles mediante el uso de modelos de la vida real o atletas y luz natural. Las paletas de colores son mi segunda obsesión favorita. He estado creando contenido editorial, comercial y publicitario en todo el mundo durante los últimos 12 años, y me siento cómodo en cualquier tipo de campo fotográfico, pero es al aire libre donde realizo mi potencial.</p>
<p style="text-align: justify;">Algunos de mis clientes incluyen Red Bull , Microsoft , Vans , O'Neill , Qantas , Salomon ,  Hard Rock Hotels, Nat Geo Traveler , Virtue o la revista Cadillac.</p>

Calle Alemania, 7, El Médano, España
