{"id":9782,"date":"2019-11-04T19:25:04","date_gmt":"2019-11-04T17:25:04","guid":{"rendered":"https:\/\/www.elmedanotenerife.es\/?post_type=turismo&#038;p=9782"},"modified":"2021-03-17T18:12:57","modified_gmt":"2021-03-17T16:12:57","slug":"mirador-montana-bocinegro","status":"publish","type":"turismo","link":"https:\/\/www.elmedanotenerife.es\/it\/turismo\/mirador-montana-bocinegro\/","title":{"rendered":"Mirador Monta\u00f1a Bocinegro"},"content":{"rendered":"<p style=\"text-align: justify\">Se trata de una bonita ruta por doradas arenas, bajo un intenso cielo azul decorado por multitud de colores provenientes de cometas kite-surf; sus dos bellos volcanes, Monta\u00f1a Roja y Bocinegro, se elevan a poca altura, brillando bajo un constante sol, que potencia ya de por s\u00ed, su natural rojo.<\/p>\n<p style=\"text-align: justify\">Al lado de la Monta\u00f1a Roja est\u00e1 el\u00a0<strong>Bocinegro<\/strong>. Una peque\u00f1a monta\u00f1a que complementa la imagen de la Monta\u00f1a Roja cuando se observa desde el pueblo. Tambi\u00e9n forma parte de la Reserva Natural Especial y tiene senderos y se\u00f1alizaciones para subirla en un momento.<\/p>\n","protected":false},"author":1,"featured_media":9783,"comment_status":"open","ping_status":"closed","template":"","locations":[326],"listing_categories":[347,432],"class_list":["post-9782","turismo","type-turismo","status-publish","has-post-thumbnail","hentry","locations-el-medano","listing_categories-puntos-de-interes","listing_categories-turismo"],"yoast_head":"<!-- This site is optimized with the Yoast SEO plugin v27.5 - https:\/\/yoast.com\/product\/yoast-seo-wordpress\/ -->\n<title>Mirador Monta\u00f1a Bocinegro - El M\u00e9dano Tenerife<\/title>\n<meta name=\"robots\" content=\"index, follow, max-snippet:-1, max-image-preview:large, max-video-preview:-1\" \/>\n<link rel=\"canonical\" href=\"https:\/\/www.elmedanotenerife.es\/it\/turismo\/mirador-montana-bocinegro\/\" \/>\n<meta property=\"og:locale\" content=\"it_IT\" \/>\n<meta property=\"og:type\" content=\"article\" \/>\n<meta property=\"og:title\" content=\"Mirador Monta\u00f1a Bocinegro - El M\u00e9dano Tenerife\" \/>\n<meta property=\"og:description\" content=\"Se trata de una bonita ruta por doradas arenas, bajo un intenso cielo azul decorado por multitud de colores provenientes&hellip;\" \/>\n<meta property=\"og:url\" content=\"https:\/\/www.elmedanotenerife.es\/it\/turismo\/mirador-montana-bocinegro\/\" \/>\n<meta property=\"og:site_name\" content=\"El M\u00e9dano Tenerife\" \/>\n<meta property=\"article:modified_time\" content=\"2021-03-17T16:12:57+00:00\" \/>\n<meta property=\"og:image\" content=\"https:\/\/www.elmedanotenerife.es\/wp-content\/uploads\/2019\/11\/15626320482_5bec879cdf_b.jpg\" \/>\n\t<meta property=\"og:image:width\" content=\"1024\" \/>\n\t<meta property=\"og:image:height\" content=\"683\" \/>\n\t<meta property=\"og:image:type\" content=\"image\/jpeg\" \/>\n<meta name=\"twitter:card\" content=\"summary_large_image\" \/>\n<meta name=\"twitter:label1\" content=\"Tempo di lettura stimato\" \/>\n\t<meta name=\"twitter:data1\" content=\"1 minuto\" \/>\n<script type=\"application\/ld+json\" class=\"yoast-schema-graph\">{\"@context\":\"https:\\\/\\\/schema.org\",\"@graph\":[{\"@type\":\"WebPage\",\"@id\":\"https:\\\/\\\/www.elmedanotenerife.es\\\/it\\\/turismo\\\/mirador-montana-bocinegro\\\/\",\"url\":\"https:\\\/\\\/www.elmedanotenerife.es\\\/it\\\/turismo\\\/mirador-montana-bocinegro\\\/\",\"name\":\"Mirador Monta\u00f1a Bocinegro - El M\u00e9dano Tenerife\",\"isPartOf\":{\"@id\":\"https:\\\/\\\/www.elmedanotenerife.es\\\/it\\\/#website\"},\"primaryImageOfPage\":{\"@id\":\"https:\\\/\\\/www.elmedanotenerife.es\\\/it\\\/turismo\\\/mirador-montana-bocinegro\\\/#primaryimage\"},\"image\":{\"@id\":\"https:\\\/\\\/www.elmedanotenerife.es\\\/it\\\/turismo\\\/mirador-montana-bocinegro\\\/#primaryimage\"},\"thumbnailUrl\":\"https:\\\/\\\/www.elmedanotenerife.es\\\/wp-content\\\/uploads\\\/2019\\\/11\\\/15626320482_5bec879cdf_b.jpg\",\"datePublished\":\"2019-11-04T17:25:04+00:00\",\"dateModified\":\"2021-03-17T16:12:57+00:00\",\"breadcrumb\":{\"@id\":\"https:\\\/\\\/www.elmedanotenerife.es\\\/it\\\/turismo\\\/mirador-montana-bocinegro\\\/#breadcrumb\"},\"inLanguage\":\"it-IT\",\"potentialAction\":[{\"@type\":\"ReadAction\",\"target\":[\"https:\\\/\\\/www.elmedanotenerife.es\\\/it\\\/turismo\\\/mirador-montana-bocinegro\\\/\"]}]},{\"@type\":\"ImageObject\",\"inLanguage\":\"it-IT\",\"@id\":\"https:\\\/\\\/www.elmedanotenerife.es\\\/it\\\/turismo\\\/mirador-montana-bocinegro\\\/#primaryimage\",\"url\":\"https:\\\/\\\/www.elmedanotenerife.es\\\/wp-content\\\/uploads\\\/2019\\\/11\\\/15626320482_5bec879cdf_b.jpg\",\"contentUrl\":\"https:\\\/\\\/www.elmedanotenerife.es\\\/wp-content\\\/uploads\\\/2019\\\/11\\\/15626320482_5bec879cdf_b.jpg\",\"width\":1024,\"height\":683},{\"@type\":\"BreadcrumbList\",\"@id\":\"https:\\\/\\\/www.elmedanotenerife.es\\\/it\\\/turismo\\\/mirador-montana-bocinegro\\\/#breadcrumb\",\"itemListElement\":[{\"@type\":\"ListItem\",\"position\":1,\"name\":\"Portada\",\"item\":\"https:\\\/\\\/www.elmedanotenerife.es\\\/it\\\/\"},{\"@type\":\"ListItem\",\"position\":2,\"name\":\"Turismo\",\"item\":\"https:\\\/\\\/www.elmedanotenerife.es\\\/it\\\/turismo\\\/\"},{\"@type\":\"ListItem\",\"position\":3,\"name\":\"Mirador Monta\u00f1a Bocinegro\"}]},{\"@type\":\"WebSite\",\"@id\":\"https:\\\/\\\/www.elmedanotenerife.es\\\/it\\\/#website\",\"url\":\"https:\\\/\\\/www.elmedanotenerife.es\\\/it\\\/\",\"name\":\"El M\u00e9dano Tenerife\",\"description\":\"\",\"potentialAction\":[{\"@type\":\"SearchAction\",\"target\":{\"@type\":\"EntryPoint\",\"urlTemplate\":\"https:\\\/\\\/www.elmedanotenerife.es\\\/it\\\/?s={search_term_string}\"},\"query-input\":{\"@type\":\"PropertyValueSpecification\",\"valueRequired\":true,\"valueName\":\"search_term_string\"}}],\"inLanguage\":\"it-IT\"}]}<\/script>\n<!-- \/ Yoast SEO plugin. -->","yoast_head_json":{"title":"Mirador Monta\u00f1a Bocinegro - El M\u00e9dano Tenerife","robots":{"index":"index","follow":"follow","max-snippet":"max-snippet:-1","max-image-preview":"max-image-preview:large","max-video-preview":"max-video-preview:-1"},"canonical":"https:\/\/www.elmedanotenerife.es\/it\/turismo\/mirador-montana-bocinegro\/","og_locale":"it_IT","og_type":"article","og_title":"Mirador Monta\u00f1a Bocinegro - El M\u00e9dano Tenerife","og_description":"Se trata de una bonita ruta por doradas arenas, bajo un intenso cielo azul decorado por multitud de colores provenientes&hellip;","og_url":"https:\/\/www.elmedanotenerife.es\/it\/turismo\/mirador-montana-bocinegro\/","og_site_name":"El M\u00e9dano Tenerife","article_modified_time":"2021-03-17T16:12:57+00:00","og_image":[{"width":1024,"height":683,"url":"https:\/\/www.elmedanotenerife.es\/wp-content\/uploads\/2019\/11\/15626320482_5bec879cdf_b.jpg","type":"image\/jpeg"}],"twitter_card":"summary_large_image","twitter_misc":{"Tempo di lettura stimato":"1 minuto"},"schema":{"@context":"https:\/\/schema.org","@graph":[{"@type":"WebPage","@id":"https:\/\/www.elmedanotenerife.es\/it\/turismo\/mirador-montana-bocinegro\/","url":"https:\/\/www.elmedanotenerife.es\/it\/turismo\/mirador-montana-bocinegro\/","name":"Mirador Monta\u00f1a Bocinegro - El M\u00e9dano Tenerife","isPartOf":{"@id":"https:\/\/www.elmedanotenerife.es\/it\/#website"},"primaryImageOfPage":{"@id":"https:\/\/www.elmedanotenerife.es\/it\/turismo\/mirador-montana-bocinegro\/#primaryimage"},"image":{"@id":"https:\/\/www.elmedanotenerife.es\/it\/turismo\/mirador-montana-bocinegro\/#primaryimage"},"thumbnailUrl":"https:\/\/www.elmedanotenerife.es\/wp-content\/uploads\/2019\/11\/15626320482_5bec879cdf_b.jpg","datePublished":"2019-11-04T17:25:04+00:00","dateModified":"2021-03-17T16:12:57+00:00","breadcrumb":{"@id":"https:\/\/www.elmedanotenerife.es\/it\/turismo\/mirador-montana-bocinegro\/#breadcrumb"},"inLanguage":"it-IT","potentialAction":[{"@type":"ReadAction","target":["https:\/\/www.elmedanotenerife.es\/it\/turismo\/mirador-montana-bocinegro\/"]}]},{"@type":"ImageObject","inLanguage":"it-IT","@id":"https:\/\/www.elmedanotenerife.es\/it\/turismo\/mirador-montana-bocinegro\/#primaryimage","url":"https:\/\/www.elmedanotenerife.es\/wp-content\/uploads\/2019\/11\/15626320482_5bec879cdf_b.jpg","contentUrl":"https:\/\/www.elmedanotenerife.es\/wp-content\/uploads\/2019\/11\/15626320482_5bec879cdf_b.jpg","width":1024,"height":683},{"@type":"BreadcrumbList","@id":"https:\/\/www.elmedanotenerife.es\/it\/turismo\/mirador-montana-bocinegro\/#breadcrumb","itemListElement":[{"@type":"ListItem","position":1,"name":"Portada","item":"https:\/\/www.elmedanotenerife.es\/it\/"},{"@type":"ListItem","position":2,"name":"Turismo","item":"https:\/\/www.elmedanotenerife.es\/it\/turismo\/"},{"@type":"ListItem","position":3,"name":"Mirador Monta\u00f1a Bocinegro"}]},{"@type":"WebSite","@id":"https:\/\/www.elmedanotenerife.es\/it\/#website","url":"https:\/\/www.elmedanotenerife.es\/it\/","name":"El M\u00e9dano Tenerife","description":"","potentialAction":[{"@type":"SearchAction","target":{"@type":"EntryPoint","urlTemplate":"https:\/\/www.elmedanotenerife.es\/it\/?s={search_term_string}"},"query-input":{"@type":"PropertyValueSpecification","valueRequired":true,"valueName":"search_term_string"}}],"inLanguage":"it-IT"}]}},"cmb2":{"listing_turismo_general":{"listing_title":"Mirador Monta\u00f1a Bocinegro","listing_description":"<p style=\"text-align: justify\">Se trata de una bonita ruta por doradas arenas, bajo un intenso cielo azul decorado por multitud de colores provenientes de cometas kite-surf; sus dos bellos volcanes, Monta\u00f1a Roja y Bocinegro, se elevan a poca altura, brillando bajo un constante sol, que potencia ya de por s\u00ed, su natural rojo.<\/p>\r\n<p style=\"text-align: justify\">Al lado de la Monta\u00f1a Roja est\u00e1 el\u00a0<strong>Bocinegro<\/strong>. Una peque\u00f1a monta\u00f1a que complementa la imagen de la Monta\u00f1a Roja cuando se observa desde el pueblo. Tambi\u00e9n forma parte de la Reserva Natural Especial y tiene senderos y se\u00f1alizaciones para subirla en un momento.<\/p>","listing_featured_image":"https:\/\/www.elmedanotenerife.es\/wp-content\/uploads\/2019\/11\/15626320482_5bec879cdf_b.jpg","listing_featured_image_id":"9783"},"listing_turismo_branding":{"listing_slogan":"","listing_brand_color":"","listing_logo":"","listing_logo_id":""},"listing_turismo_banner":{"listing_banner":"banner_featured_image","listing_banner_map_zoom":"12","listing_banner_map_type":"SATELLITE","listing_banner_map_marker":""},"listing_turismo_listing_category":{"listing_listing_category":""},"listing_turismo_location":{"listing_locations":["el-medano"],"listing_map_location":{"address":"Mirador Monta\u00f1a Bocinegro, Granadilla, Espa\u00f1a","latitude":"28.0309459","longitude":"-16.541156799999953"},"listing_map_location_polygon":"","listing_street_view":"on","listing_street_view_location":{"latitude":"28.0309795","longitude":"-16.541125999999963","zoom":"1","heading":"345.332","pitch":"3.2210000000000036"},"listing_inside_view":"","listing_inside_view_location":{"latitude":"37.81240457820649","longitude":"-122.47607752956912","zoom":"1","heading":"-18","pitch":"25"}}},"_links":{"self":[{"href":"https:\/\/www.elmedanotenerife.es\/it\/wp-json\/wp\/v2\/turismo\/9782","targetHints":{"allow":["GET"]}}],"collection":[{"href":"https:\/\/www.elmedanotenerife.es\/it\/wp-json\/wp\/v2\/turismo"}],"about":[{"href":"https:\/\/www.elmedanotenerife.es\/it\/wp-json\/wp\/v2\/types\/turismo"}],"author":[{"embeddable":true,"href":"https:\/\/www.elmedanotenerife.es\/it\/wp-json\/wp\/v2\/users\/1"}],"replies":[{"embeddable":true,"href":"https:\/\/www.elmedanotenerife.es\/it\/wp-json\/wp\/v2\/comments?post=9782"}],"wp:featuredmedia":[{"embeddable":true,"href":"https:\/\/www.elmedanotenerife.es\/it\/wp-json\/wp\/v2\/media\/9783"}],"wp:attachment":[{"href":"https:\/\/www.elmedanotenerife.es\/it\/wp-json\/wp\/v2\/media?parent=9782"}],"wp:term":[{"taxonomy":"locations","embeddable":true,"href":"https:\/\/www.elmedanotenerife.es\/it\/wp-json\/wp\/v2\/locations?post=9782"},{"taxonomy":"listing_categories","embeddable":true,"href":"https:\/\/www.elmedanotenerife.es\/it\/wp-json\/wp\/v2\/listing_categories?post=9782"}],"curies":[{"name":"wp","href":"https:\/\/api.w.org\/{rel}","templated":true}]}}

Mirador Montaña Bocinegro

<p style="text-align: justify">Se trata de una bonita ruta por doradas arenas, bajo un intenso cielo azul decorado por multitud de colores provenientes de cometas kite-surf; sus dos bellos volcanes, Montaña Roja y Bocinegro, se elevan a poca altura, brillando bajo un constante sol, que potencia ya de por sí, su natural rojo.</p>
<p style="text-align: justify">Al lado de la Montaña Roja está el <strong>Bocinegro</strong>. Una pequeña montaña que complementa la imagen de la Montaña Roja cuando se observa desde el pueblo. También forma parte de la Reserva Natural Especial y tiene senderos y señalizaciones para subirla en un momento.</p>

<!-- This site is optimized with the Yoast SEO plugin v27.5 - https://yoast.com/product/yoast-seo-wordpress/ -->
<title>Mirador Montaña Bocinegro - El Médano Tenerife</title>
<meta name="robots" content="index, follow, max-snippet:-1, max-image-preview:large, max-video-preview:-1" />
<link rel="canonical" href="https://www.elmedanotenerife.es/it/turismo/mirador-montana-bocinegro/" />
<meta property="og:locale" content="it_IT" />
<meta property="og:type" content="article" />
<meta property="og:title" content="Mirador Montaña Bocinegro - El Médano Tenerife" />
<meta property="og:description" content="Se trata de una bonita ruta por doradas arenas, bajo un intenso cielo azul decorado por multitud de colores provenientes&hellip;" />
<meta property="og:url" content="https://www.elmedanotenerife.es/it/turismo/mirador-montana-bocinegro/" />
<meta property="og:site_name" content="El Médano Tenerife" />
<meta property="article:modified_time" content="2021-03-17T16:12:57+00:00" />
<meta property="og:image" content="https://www.elmedanotenerife.es/wp-content/uploads/2019/11/15626320482_5bec879cdf_b.jpg" />
	<meta property="og:image:width" content="1024" />
	<meta property="og:image:height" content="683" />
	<meta property="og:image:type" content="image/jpeg" />
<meta name="twitter:card" content="summary_large_image" />
<meta name="twitter:label1" content="Tempo di lettura stimato" />
	<meta name="twitter:data1" content="1 minuto" />
<script type="application/ld+json" class="yoast-schema-graph">{"@context":"https:\/\/schema.org","@graph":[{"@type":"WebPage","@id":"https:\/\/www.elmedanotenerife.es\/it\/turismo\/mirador-montana-bocinegro\/","url":"https:\/\/www.elmedanotenerife.es\/it\/turismo\/mirador-montana-bocinegro\/","name":"Mirador Montaña Bocinegro - El Médano Tenerife","isPartOf":{"@id":"https:\/\/www.elmedanotenerife.es\/it\/#website"},"primaryImageOfPage":{"@id":"https:\/\/www.elmedanotenerife.es\/it\/turismo\/mirador-montana-bocinegro\/#primaryimage"},"image":{"@id":"https:\/\/www.elmedanotenerife.es\/it\/turismo\/mirador-montana-bocinegro\/#primaryimage"},"thumbnailUrl":"https:\/\/www.elmedanotenerife.es\/wp-content\/uploads\/2019\/11\/15626320482_5bec879cdf_b.jpg","datePublished":"2019-11-04T17:25:04+00:00","dateModified":"2021-03-17T16:12:57+00:00","breadcrumb":{"@id":"https:\/\/www.elmedanotenerife.es\/it\/turismo\/mirador-montana-bocinegro\/#breadcrumb"},"inLanguage":"it-IT","potentialAction":[{"@type":"ReadAction","target":["https:\/\/www.elmedanotenerife.es\/it\/turismo\/mirador-montana-bocinegro\/"]}]},{"@type":"ImageObject","inLanguage":"it-IT","@id":"https:\/\/www.elmedanotenerife.es\/it\/turismo\/mirador-montana-bocinegro\/#primaryimage","url":"https:\/\/www.elmedanotenerife.es\/wp-content\/uploads\/2019\/11\/15626320482_5bec879cdf_b.jpg","contentUrl":"https:\/\/www.elmedanotenerife.es\/wp-content\/uploads\/2019\/11\/15626320482_5bec879cdf_b.jpg","width":1024,"height":683},{"@type":"BreadcrumbList","@id":"https:\/\/www.elmedanotenerife.es\/it\/turismo\/mirador-montana-bocinegro\/#breadcrumb","itemListElement":[{"@type":"ListItem","position":1,"name":"Portada","item":"https:\/\/www.elmedanotenerife.es\/it\/"},{"@type":"ListItem","position":2,"name":"Turismo","item":"https:\/\/www.elmedanotenerife.es\/it\/turismo\/"},{"@type":"ListItem","position":3,"name":"Mirador Montaña Bocinegro"}]},{"@type":"WebSite","@id":"https:\/\/www.elmedanotenerife.es\/it\/#website","url":"https:\/\/www.elmedanotenerife.es\/it\/","name":"El Médano Tenerife","description":"","potentialAction":[{"@type":"SearchAction","target":{"@type":"EntryPoint","urlTemplate":"https:\/\/www.elmedanotenerife.es\/it\/?s={search_term_string}"},"query-input":{"@type":"PropertyValueSpecification","valueRequired":true,"valueName":"search_term_string"}}],"inLanguage":"it-IT"}]}</script>
<!-- / Yoast SEO plugin. -->

Mirador Montaña Bocinegro - El Médano Tenerife

El Médano Tenerife

<p style="text-align: justify">Se trata de una bonita ruta por doradas arenas, bajo un intenso cielo azul decorado por multitud de colores provenientes de cometas kite-surf; sus dos bellos volcanes, Montaña Roja y Bocinegro, se elevan a poca altura, brillando bajo un constante sol, que potencia ya de por sí, su natural rojo.</p>
<p style="text-align: justify">Al lado de la Montaña Roja está el <strong>Bocinegro</strong>. Una pequeña montaña que complementa la imagen de la Montaña Roja cuando se observa desde el pueblo. También forma parte de la Reserva Natural Especial y tiene senderos y señalizaciones para subirla en un momento.</p>

Mirador Montaña Bocinegro, Granadilla, España
