{"id":12207,"date":"2020-02-08T12:47:45","date_gmt":"2020-02-08T10:47:45","guid":{"rendered":"https:\/\/www.elmedanotenerife.es\/?post_type=profesionales&#038;p=12207"},"modified":"2020-02-08T12:50:34","modified_gmt":"2020-02-08T10:50:34","slug":"vesna-beauty-clinic-2","status":"publish","type":"profesionales","link":"https:\/\/www.elmedanotenerife.es\/ru\/profesionales\/vesna-beauty-clinic-2\/","title":{"rendered":"Vesna Beauty Clinic"},"content":{"rendered":"<p>Centro est\u00e9tico especializado en terapias corporales, la piel y el cuero cabelludo, basadas en investigaciones cient\u00edficas, usando materias primas.<\/p>\n","protected":false},"author":37,"featured_media":0,"comment_status":"open","ping_status":"closed","template":"","locations":[],"listing_categories":[],"class_list":["post-12207","profesionales","type-profesionales","status-publish","hentry"],"yoast_head":"<!-- This site is optimized with the Yoast SEO plugin v27.5 - https:\/\/yoast.com\/product\/yoast-seo-wordpress\/ -->\n<title>Vesna Beauty Clinic - El M\u00e9dano Tenerife<\/title>\n<meta name=\"robots\" content=\"index, follow, max-snippet:-1, max-image-preview:large, max-video-preview:-1\" \/>\n<link rel=\"canonical\" href=\"https:\/\/www.elmedanotenerife.es\/ru\/profesionales\/vesna-beauty-clinic-2\/\" \/>\n<meta property=\"og:locale\" content=\"ru_RU\" \/>\n<meta property=\"og:type\" content=\"article\" \/>\n<meta property=\"og:title\" content=\"Vesna Beauty Clinic - El M\u00e9dano Tenerife\" \/>\n<meta property=\"og:description\" content=\"Centro est\u00e9tico especializado en terapias corporales, la piel y el cuero cabelludo, basadas en investigaciones cient\u00edficas, usando materias primas.\" \/>\n<meta property=\"og:url\" content=\"https:\/\/www.elmedanotenerife.es\/ru\/profesionales\/vesna-beauty-clinic-2\/\" \/>\n<meta property=\"og:site_name\" content=\"El M\u00e9dano Tenerife\" \/>\n<meta property=\"article:modified_time\" content=\"2020-02-08T10:50:34+00:00\" \/>\n<meta name=\"twitter:card\" content=\"summary_large_image\" \/>\n<script type=\"application\/ld+json\" class=\"yoast-schema-graph\">{\"@context\":\"https:\\\/\\\/schema.org\",\"@graph\":[{\"@type\":\"WebPage\",\"@id\":\"https:\\\/\\\/www.elmedanotenerife.es\\\/ru\\\/profesionales\\\/vesna-beauty-clinic-2\\\/\",\"url\":\"https:\\\/\\\/www.elmedanotenerife.es\\\/ru\\\/profesionales\\\/vesna-beauty-clinic-2\\\/\",\"name\":\"Vesna Beauty Clinic - El M\u00e9dano Tenerife\",\"isPartOf\":{\"@id\":\"https:\\\/\\\/www.elmedanotenerife.es\\\/ru\\\/#website\"},\"datePublished\":\"2020-02-08T10:47:45+00:00\",\"dateModified\":\"2020-02-08T10:50:34+00:00\",\"breadcrumb\":{\"@id\":\"https:\\\/\\\/www.elmedanotenerife.es\\\/ru\\\/profesionales\\\/vesna-beauty-clinic-2\\\/#breadcrumb\"},\"inLanguage\":\"ru-RU\",\"potentialAction\":[{\"@type\":\"ReadAction\",\"target\":[\"https:\\\/\\\/www.elmedanotenerife.es\\\/ru\\\/profesionales\\\/vesna-beauty-clinic-2\\\/\"]}]},{\"@type\":\"BreadcrumbList\",\"@id\":\"https:\\\/\\\/www.elmedanotenerife.es\\\/ru\\\/profesionales\\\/vesna-beauty-clinic-2\\\/#breadcrumb\",\"itemListElement\":[{\"@type\":\"ListItem\",\"position\":1,\"name\":\"Portada\",\"item\":\"https:\\\/\\\/www.elmedanotenerife.es\\\/ru\\\/\"},{\"@type\":\"ListItem\",\"position\":2,\"name\":\"Profesionales\",\"item\":\"https:\\\/\\\/www.elmedanotenerife.es\\\/ru\\\/profesionales\\\/\"},{\"@type\":\"ListItem\",\"position\":3,\"name\":\"Vesna Beauty Clinic\"}]},{\"@type\":\"WebSite\",\"@id\":\"https:\\\/\\\/www.elmedanotenerife.es\\\/ru\\\/#website\",\"url\":\"https:\\\/\\\/www.elmedanotenerife.es\\\/ru\\\/\",\"name\":\"El M\u00e9dano Tenerife\",\"description\":\"\",\"potentialAction\":[{\"@type\":\"SearchAction\",\"target\":{\"@type\":\"EntryPoint\",\"urlTemplate\":\"https:\\\/\\\/www.elmedanotenerife.es\\\/ru\\\/?s={search_term_string}\"},\"query-input\":{\"@type\":\"PropertyValueSpecification\",\"valueRequired\":true,\"valueName\":\"search_term_string\"}}],\"inLanguage\":\"ru-RU\"}]}<\/script>\n<!-- \/ Yoast SEO plugin. -->","yoast_head_json":{"title":"Vesna Beauty Clinic - El M\u00e9dano Tenerife","robots":{"index":"index","follow":"follow","max-snippet":"max-snippet:-1","max-image-preview":"max-image-preview:large","max-video-preview":"max-video-preview:-1"},"canonical":"https:\/\/www.elmedanotenerife.es\/ru\/profesionales\/vesna-beauty-clinic-2\/","og_locale":"ru_RU","og_type":"article","og_title":"Vesna Beauty Clinic - El M\u00e9dano Tenerife","og_description":"Centro est\u00e9tico especializado en terapias corporales, la piel y el cuero cabelludo, basadas en investigaciones cient\u00edficas, usando materias primas.","og_url":"https:\/\/www.elmedanotenerife.es\/ru\/profesionales\/vesna-beauty-clinic-2\/","og_site_name":"El M\u00e9dano Tenerife","article_modified_time":"2020-02-08T10:50:34+00:00","twitter_card":"summary_large_image","schema":{"@context":"https:\/\/schema.org","@graph":[{"@type":"WebPage","@id":"https:\/\/www.elmedanotenerife.es\/ru\/profesionales\/vesna-beauty-clinic-2\/","url":"https:\/\/www.elmedanotenerife.es\/ru\/profesionales\/vesna-beauty-clinic-2\/","name":"Vesna Beauty Clinic - El M\u00e9dano Tenerife","isPartOf":{"@id":"https:\/\/www.elmedanotenerife.es\/ru\/#website"},"datePublished":"2020-02-08T10:47:45+00:00","dateModified":"2020-02-08T10:50:34+00:00","breadcrumb":{"@id":"https:\/\/www.elmedanotenerife.es\/ru\/profesionales\/vesna-beauty-clinic-2\/#breadcrumb"},"inLanguage":"ru-RU","potentialAction":[{"@type":"ReadAction","target":["https:\/\/www.elmedanotenerife.es\/ru\/profesionales\/vesna-beauty-clinic-2\/"]}]},{"@type":"BreadcrumbList","@id":"https:\/\/www.elmedanotenerife.es\/ru\/profesionales\/vesna-beauty-clinic-2\/#breadcrumb","itemListElement":[{"@type":"ListItem","position":1,"name":"Portada","item":"https:\/\/www.elmedanotenerife.es\/ru\/"},{"@type":"ListItem","position":2,"name":"Profesionales","item":"https:\/\/www.elmedanotenerife.es\/ru\/profesionales\/"},{"@type":"ListItem","position":3,"name":"Vesna Beauty Clinic"}]},{"@type":"WebSite","@id":"https:\/\/www.elmedanotenerife.es\/ru\/#website","url":"https:\/\/www.elmedanotenerife.es\/ru\/","name":"El M\u00e9dano Tenerife","description":"","potentialAction":[{"@type":"SearchAction","target":{"@type":"EntryPoint","urlTemplate":"https:\/\/www.elmedanotenerife.es\/ru\/?s={search_term_string}"},"query-input":{"@type":"PropertyValueSpecification","valueRequired":true,"valueName":"search_term_string"}}],"inLanguage":"ru-RU"}]}},"cmb2":{"listing_profesionales_general":{"listing_title":"","listing_description":"","listing_featured_image":"","listing_featured_image_id":""},"listing_profesionales_branding":{"listing_slogan":"","listing_brand_color":"","listing_logo":"","listing_logo_id":""},"listing_profesionales_banner":{"listing_banner":"","listing_banner_map_zoom":"","listing_banner_map_type":"","listing_banner_map_marker":""},"listing_profesionales_listing_category":{"listing_listing_category":""},"listing_profesionales_location":{"listing_locations":"","listing_map_location":"","listing_map_location_polygon":"","listing_street_view":"","listing_street_view_location":"","listing_inside_view":"","listing_inside_view_location":""}},"_links":{"self":[{"href":"https:\/\/www.elmedanotenerife.es\/ru\/wp-json\/wp\/v2\/profesionales\/12207","targetHints":{"allow":["GET"]}}],"collection":[{"href":"https:\/\/www.elmedanotenerife.es\/ru\/wp-json\/wp\/v2\/profesionales"}],"about":[{"href":"https:\/\/www.elmedanotenerife.es\/ru\/wp-json\/wp\/v2\/types\/profesionales"}],"author":[{"embeddable":true,"href":"https:\/\/www.elmedanotenerife.es\/ru\/wp-json\/wp\/v2\/users\/37"}],"replies":[{"embeddable":true,"href":"https:\/\/www.elmedanotenerife.es\/ru\/wp-json\/wp\/v2\/comments?post=12207"}],"wp:attachment":[{"href":"https:\/\/www.elmedanotenerife.es\/ru\/wp-json\/wp\/v2\/media?parent=12207"}],"wp:term":[{"taxonomy":"locations","embeddable":true,"href":"https:\/\/www.elmedanotenerife.es\/ru\/wp-json\/wp\/v2\/locations?post=12207"},{"taxonomy":"listing_categories","embeddable":true,"href":"https:\/\/www.elmedanotenerife.es\/ru\/wp-json\/wp\/v2\/listing_categories?post=12207"}],"curies":[{"name":"wp","href":"https:\/\/api.w.org\/{rel}","templated":true}]}}

<p>Centro estético especializado en terapias corporales, la piel y el cuero cabelludo, basadas en investigaciones científicas, usando materias primas.</p>

<!-- This site is optimized with the Yoast SEO plugin v27.5 - https://yoast.com/product/yoast-seo-wordpress/ -->
<title>Vesna Beauty Clinic - El Médano Tenerife</title>
<meta name="robots" content="index, follow, max-snippet:-1, max-image-preview:large, max-video-preview:-1" />
<link rel="canonical" href="https://www.elmedanotenerife.es/ru/profesionales/vesna-beauty-clinic-2/" />
<meta property="og:locale" content="ru_RU" />
<meta property="og:type" content="article" />
<meta property="og:title" content="Vesna Beauty Clinic - El Médano Tenerife" />
<meta property="og:description" content="Centro estético especializado en terapias corporales, la piel y el cuero cabelludo, basadas en investigaciones científicas, usando materias primas." />
<meta property="og:url" content="https://www.elmedanotenerife.es/ru/profesionales/vesna-beauty-clinic-2/" />
<meta property="og:site_name" content="El Médano Tenerife" />
<meta property="article:modified_time" content="2020-02-08T10:50:34+00:00" />
<meta name="twitter:card" content="summary_large_image" />
<script type="application/ld+json" class="yoast-schema-graph">{"@context":"https:\/\/schema.org","@graph":[{"@type":"WebPage","@id":"https:\/\/www.elmedanotenerife.es\/ru\/profesionales\/vesna-beauty-clinic-2\/","url":"https:\/\/www.elmedanotenerife.es\/ru\/profesionales\/vesna-beauty-clinic-2\/","name":"Vesna Beauty Clinic - El Médano Tenerife","isPartOf":{"@id":"https:\/\/www.elmedanotenerife.es\/ru\/#website"},"datePublished":"2020-02-08T10:47:45+00:00","dateModified":"2020-02-08T10:50:34+00:00","breadcrumb":{"@id":"https:\/\/www.elmedanotenerife.es\/ru\/profesionales\/vesna-beauty-clinic-2\/#breadcrumb"},"inLanguage":"ru-RU","potentialAction":[{"@type":"ReadAction","target":["https:\/\/www.elmedanotenerife.es\/ru\/profesionales\/vesna-beauty-clinic-2\/"]}]},{"@type":"BreadcrumbList","@id":"https:\/\/www.elmedanotenerife.es\/ru\/profesionales\/vesna-beauty-clinic-2\/#breadcrumb","itemListElement":[{"@type":"ListItem","position":1,"name":"Portada","item":"https:\/\/www.elmedanotenerife.es\/ru\/"},{"@type":"ListItem","position":2,"name":"Profesionales","item":"https:\/\/www.elmedanotenerife.es\/ru\/profesionales\/"},{"@type":"ListItem","position":3,"name":"Vesna Beauty Clinic"}]},{"@type":"WebSite","@id":"https:\/\/www.elmedanotenerife.es\/ru\/#website","url":"https:\/\/www.elmedanotenerife.es\/ru\/","name":"El Médano Tenerife","description":"","potentialAction":[{"@type":"SearchAction","target":{"@type":"EntryPoint","urlTemplate":"https:\/\/www.elmedanotenerife.es\/ru\/?s={search_term_string}"},"query-input":{"@type":"PropertyValueSpecification","valueRequired":true,"valueName":"search_term_string"}}],"inLanguage":"ru-RU"}]}</script>
<!-- / Yoast SEO plugin. -->

Vesna Beauty Clinic - El Médano Tenerife

Centro estético especializado en terapias corporales, la piel y el cuero cabelludo, basadas en investigaciones científicas, usando materias primas.

El Médano Tenerife
