{"id":12290,"date":"2020-02-08T12:44:23","date_gmt":"2020-02-08T10:44:23","guid":{"rendered":"https:\/\/www.elmedanotenerife.es\/?post_type=profesionales&#038;p=12290"},"modified":"2020-02-08T12:44:23","modified_gmt":"2020-02-08T10:44:23","slug":"clinica-dental-dentalmep","status":"publish","type":"profesionales","link":"https:\/\/www.elmedanotenerife.es\/ru\/profesionales\/clinica-dental-dentalmep\/","title":{"rendered":"Cl\u00ednica Dental DentalMep"},"content":{"rendered":"<p>Cl\u00ednica DentalMep. Tu cl\u00ednica de confianza en el sur de Tenerife.<\/p>\n","protected":false},"author":1,"featured_media":0,"comment_status":"open","ping_status":"closed","template":"","locations":[],"listing_categories":[],"class_list":["post-12290","profesionales","type-profesionales","status-publish","hentry"],"yoast_head":"<!-- This site is optimized with the Yoast SEO plugin v27.5 - https:\/\/yoast.com\/product\/yoast-seo-wordpress\/ -->\n<title>Cl\u00ednica Dental DentalMep - El M\u00e9dano Tenerife<\/title>\n<meta name=\"robots\" content=\"index, follow, max-snippet:-1, max-image-preview:large, max-video-preview:-1\" \/>\n<link rel=\"canonical\" href=\"https:\/\/www.elmedanotenerife.es\/ru\/profesionales\/clinica-dental-dentalmep\/\" \/>\n<meta property=\"og:locale\" content=\"ru_RU\" \/>\n<meta property=\"og:type\" content=\"article\" \/>\n<meta property=\"og:title\" content=\"Cl\u00ednica Dental DentalMep - El M\u00e9dano Tenerife\" \/>\n<meta property=\"og:description\" content=\"Cl\u00ednica DentalMep. Tu cl\u00ednica de confianza en el sur de Tenerife.\" \/>\n<meta property=\"og:url\" content=\"https:\/\/www.elmedanotenerife.es\/ru\/profesionales\/clinica-dental-dentalmep\/\" \/>\n<meta property=\"og:site_name\" content=\"El M\u00e9dano Tenerife\" \/>\n<meta name=\"twitter:card\" content=\"summary_large_image\" \/>\n<script type=\"application\/ld+json\" class=\"yoast-schema-graph\">{\"@context\":\"https:\\\/\\\/schema.org\",\"@graph\":[{\"@type\":\"WebPage\",\"@id\":\"https:\\\/\\\/www.elmedanotenerife.es\\\/ru\\\/profesionales\\\/clinica-dental-dentalmep\\\/\",\"url\":\"https:\\\/\\\/www.elmedanotenerife.es\\\/ru\\\/profesionales\\\/clinica-dental-dentalmep\\\/\",\"name\":\"Cl\u00ednica Dental DentalMep - El M\u00e9dano Tenerife\",\"isPartOf\":{\"@id\":\"https:\\\/\\\/www.elmedanotenerife.es\\\/ru\\\/#website\"},\"datePublished\":\"2020-02-08T10:44:23+00:00\",\"breadcrumb\":{\"@id\":\"https:\\\/\\\/www.elmedanotenerife.es\\\/ru\\\/profesionales\\\/clinica-dental-dentalmep\\\/#breadcrumb\"},\"inLanguage\":\"ru-RU\",\"potentialAction\":[{\"@type\":\"ReadAction\",\"target\":[\"https:\\\/\\\/www.elmedanotenerife.es\\\/ru\\\/profesionales\\\/clinica-dental-dentalmep\\\/\"]}]},{\"@type\":\"BreadcrumbList\",\"@id\":\"https:\\\/\\\/www.elmedanotenerife.es\\\/ru\\\/profesionales\\\/clinica-dental-dentalmep\\\/#breadcrumb\",\"itemListElement\":[{\"@type\":\"ListItem\",\"position\":1,\"name\":\"Portada\",\"item\":\"https:\\\/\\\/www.elmedanotenerife.es\\\/ru\\\/\"},{\"@type\":\"ListItem\",\"position\":2,\"name\":\"Profesionales\",\"item\":\"https:\\\/\\\/www.elmedanotenerife.es\\\/ru\\\/profesionales\\\/\"},{\"@type\":\"ListItem\",\"position\":3,\"name\":\"Cl\u00ednica Dental DentalMep\"}]},{\"@type\":\"WebSite\",\"@id\":\"https:\\\/\\\/www.elmedanotenerife.es\\\/ru\\\/#website\",\"url\":\"https:\\\/\\\/www.elmedanotenerife.es\\\/ru\\\/\",\"name\":\"El M\u00e9dano Tenerife\",\"description\":\"\",\"potentialAction\":[{\"@type\":\"SearchAction\",\"target\":{\"@type\":\"EntryPoint\",\"urlTemplate\":\"https:\\\/\\\/www.elmedanotenerife.es\\\/ru\\\/?s={search_term_string}\"},\"query-input\":{\"@type\":\"PropertyValueSpecification\",\"valueRequired\":true,\"valueName\":\"search_term_string\"}}],\"inLanguage\":\"ru-RU\"}]}<\/script>\n<!-- \/ Yoast SEO plugin. -->","yoast_head_json":{"title":"Cl\u00ednica Dental DentalMep - El M\u00e9dano Tenerife","robots":{"index":"index","follow":"follow","max-snippet":"max-snippet:-1","max-image-preview":"max-image-preview:large","max-video-preview":"max-video-preview:-1"},"canonical":"https:\/\/www.elmedanotenerife.es\/ru\/profesionales\/clinica-dental-dentalmep\/","og_locale":"ru_RU","og_type":"article","og_title":"Cl\u00ednica Dental DentalMep - El M\u00e9dano Tenerife","og_description":"Cl\u00ednica DentalMep. Tu cl\u00ednica de confianza en el sur de Tenerife.","og_url":"https:\/\/www.elmedanotenerife.es\/ru\/profesionales\/clinica-dental-dentalmep\/","og_site_name":"El M\u00e9dano Tenerife","twitter_card":"summary_large_image","schema":{"@context":"https:\/\/schema.org","@graph":[{"@type":"WebPage","@id":"https:\/\/www.elmedanotenerife.es\/ru\/profesionales\/clinica-dental-dentalmep\/","url":"https:\/\/www.elmedanotenerife.es\/ru\/profesionales\/clinica-dental-dentalmep\/","name":"Cl\u00ednica Dental DentalMep - El M\u00e9dano Tenerife","isPartOf":{"@id":"https:\/\/www.elmedanotenerife.es\/ru\/#website"},"datePublished":"2020-02-08T10:44:23+00:00","breadcrumb":{"@id":"https:\/\/www.elmedanotenerife.es\/ru\/profesionales\/clinica-dental-dentalmep\/#breadcrumb"},"inLanguage":"ru-RU","potentialAction":[{"@type":"ReadAction","target":["https:\/\/www.elmedanotenerife.es\/ru\/profesionales\/clinica-dental-dentalmep\/"]}]},{"@type":"BreadcrumbList","@id":"https:\/\/www.elmedanotenerife.es\/ru\/profesionales\/clinica-dental-dentalmep\/#breadcrumb","itemListElement":[{"@type":"ListItem","position":1,"name":"Portada","item":"https:\/\/www.elmedanotenerife.es\/ru\/"},{"@type":"ListItem","position":2,"name":"Profesionales","item":"https:\/\/www.elmedanotenerife.es\/ru\/profesionales\/"},{"@type":"ListItem","position":3,"name":"Cl\u00ednica Dental DentalMep"}]},{"@type":"WebSite","@id":"https:\/\/www.elmedanotenerife.es\/ru\/#website","url":"https:\/\/www.elmedanotenerife.es\/ru\/","name":"El M\u00e9dano Tenerife","description":"","potentialAction":[{"@type":"SearchAction","target":{"@type":"EntryPoint","urlTemplate":"https:\/\/www.elmedanotenerife.es\/ru\/?s={search_term_string}"},"query-input":{"@type":"PropertyValueSpecification","valueRequired":true,"valueName":"search_term_string"}}],"inLanguage":"ru-RU"}]}},"cmb2":{"listing_profesionales_general":{"listing_title":"","listing_description":"","listing_featured_image":"","listing_featured_image_id":""},"listing_profesionales_branding":{"listing_slogan":"","listing_brand_color":"","listing_logo":"","listing_logo_id":""},"listing_profesionales_banner":{"listing_banner":"","listing_banner_map_zoom":"","listing_banner_map_type":"","listing_banner_map_marker":""},"listing_profesionales_listing_category":{"listing_listing_category":""},"listing_profesionales_location":{"listing_locations":"","listing_map_location":"","listing_map_location_polygon":"","listing_street_view":"","listing_street_view_location":"","listing_inside_view":"","listing_inside_view_location":""}},"_links":{"self":[{"href":"https:\/\/www.elmedanotenerife.es\/ru\/wp-json\/wp\/v2\/profesionales\/12290","targetHints":{"allow":["GET"]}}],"collection":[{"href":"https:\/\/www.elmedanotenerife.es\/ru\/wp-json\/wp\/v2\/profesionales"}],"about":[{"href":"https:\/\/www.elmedanotenerife.es\/ru\/wp-json\/wp\/v2\/types\/profesionales"}],"author":[{"embeddable":true,"href":"https:\/\/www.elmedanotenerife.es\/ru\/wp-json\/wp\/v2\/users\/1"}],"replies":[{"embeddable":true,"href":"https:\/\/www.elmedanotenerife.es\/ru\/wp-json\/wp\/v2\/comments?post=12290"}],"wp:attachment":[{"href":"https:\/\/www.elmedanotenerife.es\/ru\/wp-json\/wp\/v2\/media?parent=12290"}],"wp:term":[{"taxonomy":"locations","embeddable":true,"href":"https:\/\/www.elmedanotenerife.es\/ru\/wp-json\/wp\/v2\/locations?post=12290"},{"taxonomy":"listing_categories","embeddable":true,"href":"https:\/\/www.elmedanotenerife.es\/ru\/wp-json\/wp\/v2\/listing_categories?post=12290"}],"curies":[{"name":"wp","href":"https:\/\/api.w.org\/{rel}","templated":true}]}}

Clínica Dental DentalMep

<p>Clínica DentalMep. Tu clínica de confianza en el sur de Tenerife.</p>

<!-- This site is optimized with the Yoast SEO plugin v27.5 - https://yoast.com/product/yoast-seo-wordpress/ -->
<title>Clínica Dental DentalMep - El Médano Tenerife</title>
<meta name="robots" content="index, follow, max-snippet:-1, max-image-preview:large, max-video-preview:-1" />
<link rel="canonical" href="https://www.elmedanotenerife.es/ru/profesionales/clinica-dental-dentalmep/" />
<meta property="og:locale" content="ru_RU" />
<meta property="og:type" content="article" />
<meta property="og:title" content="Clínica Dental DentalMep - El Médano Tenerife" />
<meta property="og:description" content="Clínica DentalMep. Tu clínica de confianza en el sur de Tenerife." />
<meta property="og:url" content="https://www.elmedanotenerife.es/ru/profesionales/clinica-dental-dentalmep/" />
<meta property="og:site_name" content="El Médano Tenerife" />
<meta name="twitter:card" content="summary_large_image" />
<script type="application/ld+json" class="yoast-schema-graph">{"@context":"https:\/\/schema.org","@graph":[{"@type":"WebPage","@id":"https:\/\/www.elmedanotenerife.es\/ru\/profesionales\/clinica-dental-dentalmep\/","url":"https:\/\/www.elmedanotenerife.es\/ru\/profesionales\/clinica-dental-dentalmep\/","name":"Clínica Dental DentalMep - El Médano Tenerife","isPartOf":{"@id":"https:\/\/www.elmedanotenerife.es\/ru\/#website"},"datePublished":"2020-02-08T10:44:23+00:00","breadcrumb":{"@id":"https:\/\/www.elmedanotenerife.es\/ru\/profesionales\/clinica-dental-dentalmep\/#breadcrumb"},"inLanguage":"ru-RU","potentialAction":[{"@type":"ReadAction","target":["https:\/\/www.elmedanotenerife.es\/ru\/profesionales\/clinica-dental-dentalmep\/"]}]},{"@type":"BreadcrumbList","@id":"https:\/\/www.elmedanotenerife.es\/ru\/profesionales\/clinica-dental-dentalmep\/#breadcrumb","itemListElement":[{"@type":"ListItem","position":1,"name":"Portada","item":"https:\/\/www.elmedanotenerife.es\/ru\/"},{"@type":"ListItem","position":2,"name":"Profesionales","item":"https:\/\/www.elmedanotenerife.es\/ru\/profesionales\/"},{"@type":"ListItem","position":3,"name":"Clínica Dental DentalMep"}]},{"@type":"WebSite","@id":"https:\/\/www.elmedanotenerife.es\/ru\/#website","url":"https:\/\/www.elmedanotenerife.es\/ru\/","name":"El Médano Tenerife","description":"","potentialAction":[{"@type":"SearchAction","target":{"@type":"EntryPoint","urlTemplate":"https:\/\/www.elmedanotenerife.es\/ru\/?s={search_term_string}"},"query-input":{"@type":"PropertyValueSpecification","valueRequired":true,"valueName":"search_term_string"}}],"inLanguage":"ru-RU"}]}</script>
<!-- / Yoast SEO plugin. -->

Clínica Dental DentalMep - El Médano Tenerife

Clínica DentalMep. Tu clínica de confianza en el sur de Tenerife.

El Médano Tenerife
