{"id":8792,"date":"2019-10-25T19:41:28","date_gmt":"2019-10-25T17:41:28","guid":{"rendered":"https:\/\/www.elmedanotenerife.es\/?post_type=profesionales&#038;p=8792"},"modified":"2019-10-25T19:41:28","modified_gmt":"2019-10-25T17:41:28","slug":"medano-holidays","status":"publish","type":"profesionales","link":"https:\/\/www.elmedanotenerife.es\/ru\/profesionales\/medano-holidays\/","title":{"rendered":"M\u00e9dano Holidays"},"content":{"rendered":"<p><strong>Servicios Inmobiliarios<\/strong><\/p>\n<div class=\"row section-heading\">\n<div class=\"col-12 text-center\">\n<p class=\"heading\">20 a\u00f1os de experiencia y profesionalidad a tu servicio<\/p>\n<\/div>\n<\/div>\n<div class=\"row\">\n<div class=\"col-12 col-sm-6\">\n<div class=\"single-service-area d-flex\">\n<div class=\"service-icon\"><em><strong>Alquileres<\/strong><\/em><\/div>\n<div class=\"service-content\">\n<p>Disponemos de opciones para alquileres vacacionales o larga temporada<\/p>\n<\/div>\n<\/div>\n<\/div>\n<div class=\"col-12 col-sm-6\">\n<div class=\"single-service-area d-flex\">\n<div class=\"service-icon\"><em><strong>Compra-venta<\/strong><\/em><\/div>\n<div class=\"service-content\">\n<p>Te asistimos en todos los pasos para comprar tu nueva casa o para vender tu inmuebles a las mejores condiciones<\/p>\n<\/div>\n<\/div>\n<\/div>\n<div class=\"col-12 col-sm-6\">\n<div class=\"single-service-area d-flex\">\n<div class=\"service-icon\"><em><strong>Traspasos<\/strong><\/em><\/div>\n<div class=\"service-content\">\n<p>Te ayudamos a realizar el traspaso de tu local comercial<\/p>\n<\/div>\n<\/div>\n<\/div>\n<div class=\"col-12 col-sm-6\">\n<div class=\"single-service-area d-flex\">\n<div class=\"service-icon\"><em><strong>Administraci\u00f3n<\/strong><\/em><\/div>\n<div class=\"service-content\">\n<p>Administraci\u00f3n de finca horizontal y vertical<\/p>\n<\/div>\n<\/div>\n<\/div>\n<\/div>\n","protected":false},"author":1,"featured_media":8794,"comment_status":"open","ping_status":"closed","template":"","locations":[326],"listing_categories":[336,327],"class_list":["post-8792","profesionales","type-profesionales","status-publish","has-post-thumbnail","hentry","locations-el-medano","listing_categories-inmobiliarias","listing_categories-profesionales"],"yoast_head":"<!-- This site is optimized with the Yoast SEO plugin v27.5 - https:\/\/yoast.com\/product\/yoast-seo-wordpress\/ -->\n<title>M\u00e9dano Holidays - El M\u00e9dano Tenerife<\/title>\n<meta name=\"robots\" content=\"index, follow, max-snippet:-1, max-image-preview:large, max-video-preview:-1\" \/>\n<link rel=\"canonical\" href=\"https:\/\/www.elmedanotenerife.es\/ru\/profesionales\/medano-holidays\/\" \/>\n<meta property=\"og:locale\" content=\"ru_RU\" \/>\n<meta property=\"og:type\" content=\"article\" \/>\n<meta property=\"og:title\" content=\"M\u00e9dano Holidays - El M\u00e9dano Tenerife\" \/>\n<meta property=\"og:description\" content=\"Servicios Inmobiliarios 20 a\u00f1os de experiencia y profesionalidad a tu servicio Alquileres Disponemos de opciones para alquileres vacacionales o larga&hellip;\" \/>\n<meta property=\"og:url\" content=\"https:\/\/www.elmedanotenerife.es\/ru\/profesionales\/medano-holidays\/\" \/>\n<meta property=\"og:site_name\" content=\"El M\u00e9dano Tenerife\" \/>\n<meta property=\"og:image\" content=\"https:\/\/www.elmedanotenerife.es\/wp-content\/uploads\/2019\/10\/91a716f9b31eab5e888cb992bee0bc78.jpg\" \/>\n\t<meta property=\"og:image:width\" content=\"1316\" \/>\n\t<meta property=\"og:image:height\" content=\"645\" \/>\n\t<meta property=\"og:image:type\" content=\"image\/jpeg\" \/>\n<meta name=\"twitter:card\" content=\"summary_large_image\" \/>\n<script type=\"application\/ld+json\" class=\"yoast-schema-graph\">{\"@context\":\"https:\\\/\\\/schema.org\",\"@graph\":[{\"@type\":\"WebPage\",\"@id\":\"https:\\\/\\\/www.elmedanotenerife.es\\\/ru\\\/profesionales\\\/medano-holidays\\\/\",\"url\":\"https:\\\/\\\/www.elmedanotenerife.es\\\/ru\\\/profesionales\\\/medano-holidays\\\/\",\"name\":\"M\u00e9dano Holidays - El M\u00e9dano Tenerife\",\"isPartOf\":{\"@id\":\"https:\\\/\\\/www.elmedanotenerife.es\\\/ru\\\/#website\"},\"primaryImageOfPage\":{\"@id\":\"https:\\\/\\\/www.elmedanotenerife.es\\\/ru\\\/profesionales\\\/medano-holidays\\\/#primaryimage\"},\"image\":{\"@id\":\"https:\\\/\\\/www.elmedanotenerife.es\\\/ru\\\/profesionales\\\/medano-holidays\\\/#primaryimage\"},\"thumbnailUrl\":\"https:\\\/\\\/www.elmedanotenerife.es\\\/wp-content\\\/uploads\\\/2019\\\/10\\\/91a716f9b31eab5e888cb992bee0bc78.jpg\",\"datePublished\":\"2019-10-25T17:41:28+00:00\",\"breadcrumb\":{\"@id\":\"https:\\\/\\\/www.elmedanotenerife.es\\\/ru\\\/profesionales\\\/medano-holidays\\\/#breadcrumb\"},\"inLanguage\":\"ru-RU\",\"potentialAction\":[{\"@type\":\"ReadAction\",\"target\":[\"https:\\\/\\\/www.elmedanotenerife.es\\\/ru\\\/profesionales\\\/medano-holidays\\\/\"]}]},{\"@type\":\"ImageObject\",\"inLanguage\":\"ru-RU\",\"@id\":\"https:\\\/\\\/www.elmedanotenerife.es\\\/ru\\\/profesionales\\\/medano-holidays\\\/#primaryimage\",\"url\":\"https:\\\/\\\/www.elmedanotenerife.es\\\/wp-content\\\/uploads\\\/2019\\\/10\\\/91a716f9b31eab5e888cb992bee0bc78.jpg\",\"contentUrl\":\"https:\\\/\\\/www.elmedanotenerife.es\\\/wp-content\\\/uploads\\\/2019\\\/10\\\/91a716f9b31eab5e888cb992bee0bc78.jpg\",\"width\":1316,\"height\":645},{\"@type\":\"BreadcrumbList\",\"@id\":\"https:\\\/\\\/www.elmedanotenerife.es\\\/ru\\\/profesionales\\\/medano-holidays\\\/#breadcrumb\",\"itemListElement\":[{\"@type\":\"ListItem\",\"position\":1,\"name\":\"Portada\",\"item\":\"https:\\\/\\\/www.elmedanotenerife.es\\\/ru\\\/\"},{\"@type\":\"ListItem\",\"position\":2,\"name\":\"Profesionales\",\"item\":\"https:\\\/\\\/www.elmedanotenerife.es\\\/ru\\\/profesionales\\\/\"},{\"@type\":\"ListItem\",\"position\":3,\"name\":\"M\u00e9dano Holidays\"}]},{\"@type\":\"WebSite\",\"@id\":\"https:\\\/\\\/www.elmedanotenerife.es\\\/ru\\\/#website\",\"url\":\"https:\\\/\\\/www.elmedanotenerife.es\\\/ru\\\/\",\"name\":\"El M\u00e9dano Tenerife\",\"description\":\"\",\"potentialAction\":[{\"@type\":\"SearchAction\",\"target\":{\"@type\":\"EntryPoint\",\"urlTemplate\":\"https:\\\/\\\/www.elmedanotenerife.es\\\/ru\\\/?s={search_term_string}\"},\"query-input\":{\"@type\":\"PropertyValueSpecification\",\"valueRequired\":true,\"valueName\":\"search_term_string\"}}],\"inLanguage\":\"ru-RU\"}]}<\/script>\n<!-- \/ Yoast SEO plugin. -->","yoast_head_json":{"title":"M\u00e9dano Holidays - El M\u00e9dano Tenerife","robots":{"index":"index","follow":"follow","max-snippet":"max-snippet:-1","max-image-preview":"max-image-preview:large","max-video-preview":"max-video-preview:-1"},"canonical":"https:\/\/www.elmedanotenerife.es\/ru\/profesionales\/medano-holidays\/","og_locale":"ru_RU","og_type":"article","og_title":"M\u00e9dano Holidays - El M\u00e9dano Tenerife","og_description":"Servicios Inmobiliarios 20 a\u00f1os de experiencia y profesionalidad a tu servicio Alquileres Disponemos de opciones para alquileres vacacionales o larga&hellip;","og_url":"https:\/\/www.elmedanotenerife.es\/ru\/profesionales\/medano-holidays\/","og_site_name":"El M\u00e9dano Tenerife","og_image":[{"width":1316,"height":645,"url":"https:\/\/www.elmedanotenerife.es\/wp-content\/uploads\/2019\/10\/91a716f9b31eab5e888cb992bee0bc78.jpg","type":"image\/jpeg"}],"twitter_card":"summary_large_image","schema":{"@context":"https:\/\/schema.org","@graph":[{"@type":"WebPage","@id":"https:\/\/www.elmedanotenerife.es\/ru\/profesionales\/medano-holidays\/","url":"https:\/\/www.elmedanotenerife.es\/ru\/profesionales\/medano-holidays\/","name":"M\u00e9dano Holidays - El M\u00e9dano Tenerife","isPartOf":{"@id":"https:\/\/www.elmedanotenerife.es\/ru\/#website"},"primaryImageOfPage":{"@id":"https:\/\/www.elmedanotenerife.es\/ru\/profesionales\/medano-holidays\/#primaryimage"},"image":{"@id":"https:\/\/www.elmedanotenerife.es\/ru\/profesionales\/medano-holidays\/#primaryimage"},"thumbnailUrl":"https:\/\/www.elmedanotenerife.es\/wp-content\/uploads\/2019\/10\/91a716f9b31eab5e888cb992bee0bc78.jpg","datePublished":"2019-10-25T17:41:28+00:00","breadcrumb":{"@id":"https:\/\/www.elmedanotenerife.es\/ru\/profesionales\/medano-holidays\/#breadcrumb"},"inLanguage":"ru-RU","potentialAction":[{"@type":"ReadAction","target":["https:\/\/www.elmedanotenerife.es\/ru\/profesionales\/medano-holidays\/"]}]},{"@type":"ImageObject","inLanguage":"ru-RU","@id":"https:\/\/www.elmedanotenerife.es\/ru\/profesionales\/medano-holidays\/#primaryimage","url":"https:\/\/www.elmedanotenerife.es\/wp-content\/uploads\/2019\/10\/91a716f9b31eab5e888cb992bee0bc78.jpg","contentUrl":"https:\/\/www.elmedanotenerife.es\/wp-content\/uploads\/2019\/10\/91a716f9b31eab5e888cb992bee0bc78.jpg","width":1316,"height":645},{"@type":"BreadcrumbList","@id":"https:\/\/www.elmedanotenerife.es\/ru\/profesionales\/medano-holidays\/#breadcrumb","itemListElement":[{"@type":"ListItem","position":1,"name":"Portada","item":"https:\/\/www.elmedanotenerife.es\/ru\/"},{"@type":"ListItem","position":2,"name":"Profesionales","item":"https:\/\/www.elmedanotenerife.es\/ru\/profesionales\/"},{"@type":"ListItem","position":3,"name":"M\u00e9dano Holidays"}]},{"@type":"WebSite","@id":"https:\/\/www.elmedanotenerife.es\/ru\/#website","url":"https:\/\/www.elmedanotenerife.es\/ru\/","name":"El M\u00e9dano Tenerife","description":"","potentialAction":[{"@type":"SearchAction","target":{"@type":"EntryPoint","urlTemplate":"https:\/\/www.elmedanotenerife.es\/ru\/?s={search_term_string}"},"query-input":{"@type":"PropertyValueSpecification","valueRequired":true,"valueName":"search_term_string"}}],"inLanguage":"ru-RU"}]}},"cmb2":{"listing_profesionales_general":{"listing_title":"M\u00e9dano Holidays","listing_description":"<strong>Servicios Inmobiliarios<\/strong>\r\n<div class=\"row section-heading\">\r\n<div class=\"col-12 text-center\">\r\n<p class=\"heading\">20 a\u00f1os de experiencia y profesionalidad a tu servicio<\/p>\r\n\r\n<\/div>\r\n<\/div>\r\n<div class=\"row\">\r\n<div class=\"col-12 col-sm-6\">\r\n<div class=\"single-service-area d-flex\">\r\n<div class=\"service-icon\"><em><strong>Alquileres<\/strong><\/em><\/div>\r\n<div class=\"service-content\">\r\n\r\nDisponemos de opciones para alquileres vacacionales o larga temporada\r\n\r\n<\/div>\r\n<\/div>\r\n<\/div>\r\n<div class=\"col-12 col-sm-6\">\r\n<div class=\"single-service-area d-flex\">\r\n<div class=\"service-icon\"><em><strong>Compra-venta<\/strong><\/em><\/div>\r\n<div class=\"service-content\">\r\n\r\nTe asistimos en todos los pasos para comprar tu nueva casa o para vender tu inmuebles a las mejores condiciones\r\n\r\n<\/div>\r\n<\/div>\r\n<\/div>\r\n<div class=\"col-12 col-sm-6\">\r\n<div class=\"single-service-area d-flex\">\r\n<div class=\"service-icon\"><em><strong>Traspasos<\/strong><\/em><\/div>\r\n<div class=\"service-content\">\r\n\r\nTe ayudamos a realizar el traspaso de tu local comercial\r\n\r\n<\/div>\r\n<\/div>\r\n<\/div>\r\n<div class=\"col-12 col-sm-6\">\r\n<div class=\"single-service-area d-flex\">\r\n<div class=\"service-icon\"><em><strong>Administraci\u00f3n<\/strong><\/em><\/div>\r\n<div class=\"service-content\">\r\n\r\nAdministraci\u00f3n de finca horizontal y vertical\r\n\r\n<\/div>\r\n<\/div>\r\n<\/div>\r\n<\/div>","listing_featured_image":"https:\/\/www.elmedanotenerife.es\/wp-content\/uploads\/2019\/10\/91a716f9b31eab5e888cb992bee0bc78.jpg","listing_featured_image_id":""},"listing_profesionales_branding":{"listing_slogan":"","listing_brand_color":"#1e73be","listing_logo":"https:\/\/www.elmedanotenerife.es\/wp-content\/uploads\/2019\/10\/logo-1.png","listing_logo_id":"8793"},"listing_profesionales_banner":{"listing_banner":"banner_featured_image","listing_banner_map_zoom":"12","listing_banner_map_type":"SATELLITE","listing_banner_map_marker":""},"listing_profesionales_listing_category":{"listing_listing_category":["profesionales","inmobiliarias"]},"listing_profesionales_location":{"listing_locations":["el-medano"],"listing_map_location":{"address":"M\u00e9dano Holidays, Avenida Magallanes, El M\u00e9dano, Espa\u00f1a","latitude":"28.0443479","longitude":"-16.534833400000025"},"listing_map_location_polygon":"","listing_street_view":"on","listing_street_view_location":{"latitude":"28.04428751913298","longitude":"-16.53492165058765","zoom":"1","heading":"342","pitch":"25"},"listing_inside_view":"","listing_inside_view_location":{"latitude":"37.81240457820649","longitude":"-122.47607752956912","zoom":"1","heading":"-18","pitch":"25"}}},"_links":{"self":[{"href":"https:\/\/www.elmedanotenerife.es\/ru\/wp-json\/wp\/v2\/profesionales\/8792","targetHints":{"allow":["GET"]}}],"collection":[{"href":"https:\/\/www.elmedanotenerife.es\/ru\/wp-json\/wp\/v2\/profesionales"}],"about":[{"href":"https:\/\/www.elmedanotenerife.es\/ru\/wp-json\/wp\/v2\/types\/profesionales"}],"author":[{"embeddable":true,"href":"https:\/\/www.elmedanotenerife.es\/ru\/wp-json\/wp\/v2\/users\/1"}],"replies":[{"embeddable":true,"href":"https:\/\/www.elmedanotenerife.es\/ru\/wp-json\/wp\/v2\/comments?post=8792"}],"wp:featuredmedia":[{"embeddable":true,"href":"https:\/\/www.elmedanotenerife.es\/ru\/wp-json\/wp\/v2\/media\/8794"}],"wp:attachment":[{"href":"https:\/\/www.elmedanotenerife.es\/ru\/wp-json\/wp\/v2\/media?parent=8792"}],"wp:term":[{"taxonomy":"locations","embeddable":true,"href":"https:\/\/www.elmedanotenerife.es\/ru\/wp-json\/wp\/v2\/locations?post=8792"},{"taxonomy":"listing_categories","embeddable":true,"href":"https:\/\/www.elmedanotenerife.es\/ru\/wp-json\/wp\/v2\/listing_categories?post=8792"}],"curies":[{"name":"wp","href":"https:\/\/api.w.org\/{rel}","templated":true}]}}

Médano Holidays

<p><strong>Servicios Inmobiliarios</strong></p>
<div class="row section-heading">
<div class="col-12 text-center">
<p class="heading">20 años de experiencia y profesionalidad a tu servicio</p>
</div>
</div>
<div class="row">
<div class="col-12 col-sm-6">
<div class="single-service-area d-flex">
<div class="service-icon"><em><strong>Alquileres</strong></em></div>
<div class="service-content">
<p>Disponemos de opciones para alquileres vacacionales o larga temporada</p>
</div>
</div>
</div>
<div class="col-12 col-sm-6">
<div class="single-service-area d-flex">
<div class="service-icon"><em><strong>Compra-venta</strong></em></div>
<div class="service-content">
<p>Te asistimos en todos los pasos para comprar tu nueva casa o para vender tu inmuebles a las mejores condiciones</p>
</div>
</div>
</div>
<div class="col-12 col-sm-6">
<div class="single-service-area d-flex">
<div class="service-icon"><em><strong>Traspasos</strong></em></div>
<div class="service-content">
<p>Te ayudamos a realizar el traspaso de tu local comercial</p>
</div>
</div>
</div>
<div class="col-12 col-sm-6">
<div class="single-service-area d-flex">
<div class="service-icon"><em><strong>Administración</strong></em></div>
<div class="service-content">
<p>Administración de finca horizontal y vertical</p>
</div>
</div>
</div>
</div>

<!-- This site is optimized with the Yoast SEO plugin v27.5 - https://yoast.com/product/yoast-seo-wordpress/ -->
<title>Médano Holidays - El Médano Tenerife</title>
<meta name="robots" content="index, follow, max-snippet:-1, max-image-preview:large, max-video-preview:-1" />
<link rel="canonical" href="https://www.elmedanotenerife.es/ru/profesionales/medano-holidays/" />
<meta property="og:locale" content="ru_RU" />
<meta property="og:type" content="article" />
<meta property="og:title" content="Médano Holidays - El Médano Tenerife" />
<meta property="og:description" content="Servicios Inmobiliarios 20 años de experiencia y profesionalidad a tu servicio Alquileres Disponemos de opciones para alquileres vacacionales o larga&hellip;" />
<meta property="og:url" content="https://www.elmedanotenerife.es/ru/profesionales/medano-holidays/" />
<meta property="og:site_name" content="El Médano Tenerife" />
<meta property="og:image" content="https://www.elmedanotenerife.es/wp-content/uploads/2019/10/91a716f9b31eab5e888cb992bee0bc78.jpg" />
	<meta property="og:image:width" content="1316" />
	<meta property="og:image:height" content="645" />
	<meta property="og:image:type" content="image/jpeg" />
<meta name="twitter:card" content="summary_large_image" />
<script type="application/ld+json" class="yoast-schema-graph">{"@context":"https:\/\/schema.org","@graph":[{"@type":"WebPage","@id":"https:\/\/www.elmedanotenerife.es\/ru\/profesionales\/medano-holidays\/","url":"https:\/\/www.elmedanotenerife.es\/ru\/profesionales\/medano-holidays\/","name":"Médano Holidays - El Médano Tenerife","isPartOf":{"@id":"https:\/\/www.elmedanotenerife.es\/ru\/#website"},"primaryImageOfPage":{"@id":"https:\/\/www.elmedanotenerife.es\/ru\/profesionales\/medano-holidays\/#primaryimage"},"image":{"@id":"https:\/\/www.elmedanotenerife.es\/ru\/profesionales\/medano-holidays\/#primaryimage"},"thumbnailUrl":"https:\/\/www.elmedanotenerife.es\/wp-content\/uploads\/2019\/10\/91a716f9b31eab5e888cb992bee0bc78.jpg","datePublished":"2019-10-25T17:41:28+00:00","breadcrumb":{"@id":"https:\/\/www.elmedanotenerife.es\/ru\/profesionales\/medano-holidays\/#breadcrumb"},"inLanguage":"ru-RU","potentialAction":[{"@type":"ReadAction","target":["https:\/\/www.elmedanotenerife.es\/ru\/profesionales\/medano-holidays\/"]}]},{"@type":"ImageObject","inLanguage":"ru-RU","@id":"https:\/\/www.elmedanotenerife.es\/ru\/profesionales\/medano-holidays\/#primaryimage","url":"https:\/\/www.elmedanotenerife.es\/wp-content\/uploads\/2019\/10\/91a716f9b31eab5e888cb992bee0bc78.jpg","contentUrl":"https:\/\/www.elmedanotenerife.es\/wp-content\/uploads\/2019\/10\/91a716f9b31eab5e888cb992bee0bc78.jpg","width":1316,"height":645},{"@type":"BreadcrumbList","@id":"https:\/\/www.elmedanotenerife.es\/ru\/profesionales\/medano-holidays\/#breadcrumb","itemListElement":[{"@type":"ListItem","position":1,"name":"Portada","item":"https:\/\/www.elmedanotenerife.es\/ru\/"},{"@type":"ListItem","position":2,"name":"Profesionales","item":"https:\/\/www.elmedanotenerife.es\/ru\/profesionales\/"},{"@type":"ListItem","position":3,"name":"Médano Holidays"}]},{"@type":"WebSite","@id":"https:\/\/www.elmedanotenerife.es\/ru\/#website","url":"https:\/\/www.elmedanotenerife.es\/ru\/","name":"El Médano Tenerife","description":"","potentialAction":[{"@type":"SearchAction","target":{"@type":"EntryPoint","urlTemplate":"https:\/\/www.elmedanotenerife.es\/ru\/?s={search_term_string}"},"query-input":{"@type":"PropertyValueSpecification","valueRequired":true,"valueName":"search_term_string"}}],"inLanguage":"ru-RU"}]}</script>
<!-- / Yoast SEO plugin. -->

Médano Holidays - El Médano Tenerife

Servicios Inmobiliarios 20 años de experiencia y profesionalidad a tu servicio Alquileres Disponemos de opciones para alquileres vacacionales o larga&hellip;

El Médano Tenerife

<strong>Servicios Inmobiliarios</strong>
<div class="row section-heading">
<div class="col-12 text-center">
<p class="heading">20 años de experiencia y profesionalidad a tu servicio</p>

</div>
</div>
<div class="row">
<div class="col-12 col-sm-6">
<div class="single-service-area d-flex">
<div class="service-icon"><em><strong>Alquileres</strong></em></div>
<div class="service-content">

Disponemos de opciones para alquileres vacacionales o larga temporada

</div>
</div>
</div>
<div class="col-12 col-sm-6">
<div class="single-service-area d-flex">
<div class="service-icon"><em><strong>Compra-venta</strong></em></div>
<div class="service-content">

Te asistimos en todos los pasos para comprar tu nueva casa o para vender tu inmuebles a las mejores condiciones

</div>
</div>
</div>
<div class="col-12 col-sm-6">
<div class="single-service-area d-flex">
<div class="service-icon"><em><strong>Traspasos</strong></em></div>
<div class="service-content">

Te ayudamos a realizar el traspaso de tu local comercial

</div>
</div>
</div>
<div class="col-12 col-sm-6">
<div class="single-service-area d-flex">
<div class="service-icon"><em><strong>Administración</strong></em></div>
<div class="service-content">

Administración de finca horizontal y vertical

</div>
</div>
</div>
</div>

Médano Holidays, Avenida Magallanes, El Médano, España
