{"id":9312,"date":"2019-10-29T11:08:04","date_gmt":"2019-10-29T09:08:04","guid":{"rendered":"https:\/\/www.elmedanotenerife.es\/?post_type=profesionales&#038;p=9312"},"modified":"2019-11-09T15:36:02","modified_gmt":"2019-11-09T13:36:02","slug":"pezunas-nails","status":"publish","type":"profesionales","link":"https:\/\/www.elmedanotenerife.es\/ru\/profesionales\/pezunas-nails\/","title":{"rendered":"Pezu\u00f1as Nails"},"content":{"rendered":"<div id=\"WRchTxts\" class=\"txtNew\" data-packed=\"true\">\n<p>SERVICIOS:<\/p>\n<ul class=\"font_5\">\n<li>\n<p class=\"font_5\">Manicura b\u00e1sica<\/p>\n<\/li>\n<li>\n<p class=\"font_5\">Manicura semipermanente<\/p>\n<\/li>\n<li>\n<p class=\"font_5\">U\u00f1as de gel<\/p>\n<\/li>\n<li>\n<p class=\"font_5\">U\u00f1as de acr\u00edlicas<\/p>\n<\/li>\n<li>\n<p class=\"font_5\">Relleno<\/p>\n<\/li>\n<li>\n<p class=\"font_5\">Pedicura spa<\/p>\n<\/li>\n<li>\n<p class=\"font_5\">Pedicura semipermanente<\/p>\n<\/li>\n<li>\n<p class=\"font_5\">Presoterapia podal<\/p>\n<\/li>\n<li>\n<p class=\"font_5\">Manicura y pedicura infantil.<\/p>\n<\/li>\n<\/ul>\n<\/div>\n<div id=\"WRchTxto\" class=\"txtNew\" data-packed=\"false\" data-min-height=\"308\">\n<ul class=\"font_5\">\n<li>\n<p class=\"font_5\">Extensi\u00f3n de pesta\u00f1as<\/p>\n<\/li>\n<li>\n<p class=\"font_5\">Dise\u00f1o de cejas<\/p>\n<\/li>\n<li>\n<p class=\"font_5\">Packs cumplea\u00f1os.<\/p>\n<\/li>\n<li>\n<p class=\"font_5\">Maquillaje<\/p>\n<\/li>\n<li>\n<p class=\"font_5\">Servicio a domicilio<\/p>\n<\/li>\n<\/ul>\n<\/div>\n","protected":false},"author":1,"featured_media":9314,"comment_status":"open","ping_status":"closed","template":"","locations":[326],"listing_categories":[414,327],"class_list":["post-9312","profesionales","type-profesionales","status-publish","has-post-thumbnail","hentry","locations-el-medano","listing_categories-peluquerias","listing_categories-profesionales"],"yoast_head":"<!-- This site is optimized with the Yoast SEO plugin v27.5 - https:\/\/yoast.com\/product\/yoast-seo-wordpress\/ -->\n<title>Pezu\u00f1as Nails - El M\u00e9dano Tenerife<\/title>\n<meta name=\"robots\" content=\"index, follow, max-snippet:-1, max-image-preview:large, max-video-preview:-1\" \/>\n<link rel=\"canonical\" href=\"https:\/\/www.elmedanotenerife.es\/ru\/profesionales\/pezunas-nails\/\" \/>\n<meta property=\"og:locale\" content=\"ru_RU\" \/>\n<meta property=\"og:type\" content=\"article\" \/>\n<meta property=\"og:title\" content=\"Pezu\u00f1as Nails - El M\u00e9dano Tenerife\" \/>\n<meta property=\"og:description\" content=\"SERVICIOS: Manicura b\u00e1sica Manicura semipermanente U\u00f1as de gel U\u00f1as de acr\u00edlicas Relleno Pedicura spa Pedicura semipermanente Presoterapia podal Manicura y&hellip;\" \/>\n<meta property=\"og:url\" content=\"https:\/\/www.elmedanotenerife.es\/ru\/profesionales\/pezunas-nails\/\" \/>\n<meta property=\"og:site_name\" content=\"El M\u00e9dano Tenerife\" \/>\n<meta property=\"article:modified_time\" content=\"2019-11-09T13:36:02+00:00\" \/>\n<meta property=\"og:image\" content=\"https:\/\/www.elmedanotenerife.es\/wp-content\/uploads\/2019\/10\/dd7e7affbf7ea5bd564f58b24d3892dd-1.png\" \/>\n\t<meta property=\"og:image:width\" content=\"588\" \/>\n\t<meta property=\"og:image:height\" content=\"594\" \/>\n\t<meta property=\"og:image:type\" content=\"image\/png\" \/>\n<meta name=\"twitter:card\" content=\"summary_large_image\" \/>\n<script type=\"application\/ld+json\" class=\"yoast-schema-graph\">{\"@context\":\"https:\\\/\\\/schema.org\",\"@graph\":[{\"@type\":\"WebPage\",\"@id\":\"https:\\\/\\\/www.elmedanotenerife.es\\\/ru\\\/profesionales\\\/pezunas-nails\\\/\",\"url\":\"https:\\\/\\\/www.elmedanotenerife.es\\\/ru\\\/profesionales\\\/pezunas-nails\\\/\",\"name\":\"Pezu\u00f1as Nails - El M\u00e9dano Tenerife\",\"isPartOf\":{\"@id\":\"https:\\\/\\\/www.elmedanotenerife.es\\\/ru\\\/#website\"},\"primaryImageOfPage\":{\"@id\":\"https:\\\/\\\/www.elmedanotenerife.es\\\/ru\\\/profesionales\\\/pezunas-nails\\\/#primaryimage\"},\"image\":{\"@id\":\"https:\\\/\\\/www.elmedanotenerife.es\\\/ru\\\/profesionales\\\/pezunas-nails\\\/#primaryimage\"},\"thumbnailUrl\":\"https:\\\/\\\/www.elmedanotenerife.es\\\/wp-content\\\/uploads\\\/2019\\\/10\\\/dd7e7affbf7ea5bd564f58b24d3892dd-1.png\",\"datePublished\":\"2019-10-29T09:08:04+00:00\",\"dateModified\":\"2019-11-09T13:36:02+00:00\",\"breadcrumb\":{\"@id\":\"https:\\\/\\\/www.elmedanotenerife.es\\\/ru\\\/profesionales\\\/pezunas-nails\\\/#breadcrumb\"},\"inLanguage\":\"ru-RU\",\"potentialAction\":[{\"@type\":\"ReadAction\",\"target\":[\"https:\\\/\\\/www.elmedanotenerife.es\\\/ru\\\/profesionales\\\/pezunas-nails\\\/\"]}]},{\"@type\":\"ImageObject\",\"inLanguage\":\"ru-RU\",\"@id\":\"https:\\\/\\\/www.elmedanotenerife.es\\\/ru\\\/profesionales\\\/pezunas-nails\\\/#primaryimage\",\"url\":\"https:\\\/\\\/www.elmedanotenerife.es\\\/wp-content\\\/uploads\\\/2019\\\/10\\\/dd7e7affbf7ea5bd564f58b24d3892dd-1.png\",\"contentUrl\":\"https:\\\/\\\/www.elmedanotenerife.es\\\/wp-content\\\/uploads\\\/2019\\\/10\\\/dd7e7affbf7ea5bd564f58b24d3892dd-1.png\",\"width\":588,\"height\":594},{\"@type\":\"BreadcrumbList\",\"@id\":\"https:\\\/\\\/www.elmedanotenerife.es\\\/ru\\\/profesionales\\\/pezunas-nails\\\/#breadcrumb\",\"itemListElement\":[{\"@type\":\"ListItem\",\"position\":1,\"name\":\"Portada\",\"item\":\"https:\\\/\\\/www.elmedanotenerife.es\\\/ru\\\/\"},{\"@type\":\"ListItem\",\"position\":2,\"name\":\"Profesionales\",\"item\":\"https:\\\/\\\/www.elmedanotenerife.es\\\/ru\\\/profesionales\\\/\"},{\"@type\":\"ListItem\",\"position\":3,\"name\":\"Pezu\u00f1as Nails\"}]},{\"@type\":\"WebSite\",\"@id\":\"https:\\\/\\\/www.elmedanotenerife.es\\\/ru\\\/#website\",\"url\":\"https:\\\/\\\/www.elmedanotenerife.es\\\/ru\\\/\",\"name\":\"El M\u00e9dano Tenerife\",\"description\":\"\",\"potentialAction\":[{\"@type\":\"SearchAction\",\"target\":{\"@type\":\"EntryPoint\",\"urlTemplate\":\"https:\\\/\\\/www.elmedanotenerife.es\\\/ru\\\/?s={search_term_string}\"},\"query-input\":{\"@type\":\"PropertyValueSpecification\",\"valueRequired\":true,\"valueName\":\"search_term_string\"}}],\"inLanguage\":\"ru-RU\"}]}<\/script>\n<!-- \/ Yoast SEO plugin. -->","yoast_head_json":{"title":"Pezu\u00f1as Nails - El M\u00e9dano Tenerife","robots":{"index":"index","follow":"follow","max-snippet":"max-snippet:-1","max-image-preview":"max-image-preview:large","max-video-preview":"max-video-preview:-1"},"canonical":"https:\/\/www.elmedanotenerife.es\/ru\/profesionales\/pezunas-nails\/","og_locale":"ru_RU","og_type":"article","og_title":"Pezu\u00f1as Nails - El M\u00e9dano Tenerife","og_description":"SERVICIOS: Manicura b\u00e1sica Manicura semipermanente U\u00f1as de gel U\u00f1as de acr\u00edlicas Relleno Pedicura spa Pedicura semipermanente Presoterapia podal Manicura y&hellip;","og_url":"https:\/\/www.elmedanotenerife.es\/ru\/profesionales\/pezunas-nails\/","og_site_name":"El M\u00e9dano Tenerife","article_modified_time":"2019-11-09T13:36:02+00:00","og_image":[{"width":588,"height":594,"url":"https:\/\/www.elmedanotenerife.es\/wp-content\/uploads\/2019\/10\/dd7e7affbf7ea5bd564f58b24d3892dd-1.png","type":"image\/png"}],"twitter_card":"summary_large_image","schema":{"@context":"https:\/\/schema.org","@graph":[{"@type":"WebPage","@id":"https:\/\/www.elmedanotenerife.es\/ru\/profesionales\/pezunas-nails\/","url":"https:\/\/www.elmedanotenerife.es\/ru\/profesionales\/pezunas-nails\/","name":"Pezu\u00f1as Nails - El M\u00e9dano Tenerife","isPartOf":{"@id":"https:\/\/www.elmedanotenerife.es\/ru\/#website"},"primaryImageOfPage":{"@id":"https:\/\/www.elmedanotenerife.es\/ru\/profesionales\/pezunas-nails\/#primaryimage"},"image":{"@id":"https:\/\/www.elmedanotenerife.es\/ru\/profesionales\/pezunas-nails\/#primaryimage"},"thumbnailUrl":"https:\/\/www.elmedanotenerife.es\/wp-content\/uploads\/2019\/10\/dd7e7affbf7ea5bd564f58b24d3892dd-1.png","datePublished":"2019-10-29T09:08:04+00:00","dateModified":"2019-11-09T13:36:02+00:00","breadcrumb":{"@id":"https:\/\/www.elmedanotenerife.es\/ru\/profesionales\/pezunas-nails\/#breadcrumb"},"inLanguage":"ru-RU","potentialAction":[{"@type":"ReadAction","target":["https:\/\/www.elmedanotenerife.es\/ru\/profesionales\/pezunas-nails\/"]}]},{"@type":"ImageObject","inLanguage":"ru-RU","@id":"https:\/\/www.elmedanotenerife.es\/ru\/profesionales\/pezunas-nails\/#primaryimage","url":"https:\/\/www.elmedanotenerife.es\/wp-content\/uploads\/2019\/10\/dd7e7affbf7ea5bd564f58b24d3892dd-1.png","contentUrl":"https:\/\/www.elmedanotenerife.es\/wp-content\/uploads\/2019\/10\/dd7e7affbf7ea5bd564f58b24d3892dd-1.png","width":588,"height":594},{"@type":"BreadcrumbList","@id":"https:\/\/www.elmedanotenerife.es\/ru\/profesionales\/pezunas-nails\/#breadcrumb","itemListElement":[{"@type":"ListItem","position":1,"name":"Portada","item":"https:\/\/www.elmedanotenerife.es\/ru\/"},{"@type":"ListItem","position":2,"name":"Profesionales","item":"https:\/\/www.elmedanotenerife.es\/ru\/profesionales\/"},{"@type":"ListItem","position":3,"name":"Pezu\u00f1as Nails"}]},{"@type":"WebSite","@id":"https:\/\/www.elmedanotenerife.es\/ru\/#website","url":"https:\/\/www.elmedanotenerife.es\/ru\/","name":"El M\u00e9dano Tenerife","description":"","potentialAction":[{"@type":"SearchAction","target":{"@type":"EntryPoint","urlTemplate":"https:\/\/www.elmedanotenerife.es\/ru\/?s={search_term_string}"},"query-input":{"@type":"PropertyValueSpecification","valueRequired":true,"valueName":"search_term_string"}}],"inLanguage":"ru-RU"}]}},"cmb2":{"listing_profesionales_general":{"listing_title":"Pezu\u00f1as Nails","listing_description":"<div id=\"WRchTxts\" class=\"txtNew\" data-packed=\"true\">\r\n\r\nSERVICIOS:\r\n<ul class=\"font_5\">\r\n \t<li>\r\n<p class=\"font_5\">Manicura b\u00e1sica<\/p>\r\n<\/li>\r\n \t<li>\r\n<p class=\"font_5\">Manicura semipermanente<\/p>\r\n<\/li>\r\n \t<li>\r\n<p class=\"font_5\">U\u00f1as de gel<\/p>\r\n<\/li>\r\n \t<li>\r\n<p class=\"font_5\">U\u00f1as de acr\u00edlicas<\/p>\r\n<\/li>\r\n \t<li>\r\n<p class=\"font_5\">Relleno<\/p>\r\n<\/li>\r\n \t<li>\r\n<p class=\"font_5\">Pedicura spa<\/p>\r\n<\/li>\r\n \t<li>\r\n<p class=\"font_5\">Pedicura semipermanente<\/p>\r\n<\/li>\r\n \t<li>\r\n<p class=\"font_5\">Presoterapia podal<\/p>\r\n<\/li>\r\n \t<li>\r\n<p class=\"font_5\">Manicura y pedicura infantil.<\/p>\r\n<\/li>\r\n<\/ul>\r\n<\/div>\r\n<div id=\"WRchTxto\" class=\"txtNew\" data-packed=\"false\" data-min-height=\"308\">\r\n<ul class=\"font_5\">\r\n \t<li>\r\n<p class=\"font_5\">Extensi\u00f3n de pesta\u00f1as<\/p>\r\n<\/li>\r\n \t<li>\r\n<p class=\"font_5\">Dise\u00f1o de cejas<\/p>\r\n<\/li>\r\n \t<li>\r\n<p class=\"font_5\">Packs cumplea\u00f1os.<\/p>\r\n<\/li>\r\n \t<li>\r\n<p class=\"font_5\">Maquillaje<\/p>\r\n<\/li>\r\n \t<li>\r\n<p class=\"font_5\">Servicio a domicilio<\/p>\r\n<\/li>\r\n<\/ul>\r\n<\/div>","listing_featured_image":"https:\/\/www.elmedanotenerife.es\/wp-content\/uploads\/2019\/10\/dd7e7affbf7ea5bd564f58b24d3892dd-1.png","listing_featured_image_id":""},"listing_profesionales_branding":{"listing_slogan":"","listing_brand_color":"","listing_logo":"","listing_logo_id":""},"listing_profesionales_banner":{"listing_banner":"banner_featured_image","listing_banner_map_zoom":"12","listing_banner_map_type":"SATELLITE","listing_banner_map_marker":""},"listing_profesionales_listing_category":{"listing_listing_category":["profesionales","peluquerias"]},"listing_profesionales_location":{"listing_locations":["el-medano"],"listing_map_location":{"address":"Pezu\u00f1as nails, Avenida Jos\u00e9 Miguel Galv\u00e1n Bello, 27 El M\u00e9dano, Espa\u00f1a","latitude":"28.045912997610827","longitude":"-16.537667311114546"},"listing_map_location_polygon":"","listing_street_view":"on","listing_street_view_location":{"latitude":"28.0459536014019","longitude":"-16.537641165683226","zoom":"2.7199999999999998","heading":"195.157","pitch":"-3.915999999999997"},"listing_inside_view":"on","listing_inside_view_location":{"latitude":"28.04588353947591","longitude":"-16.537577406977107","zoom":"1.803","heading":"258.033","pitch":"-8.432000000000002"}}},"_links":{"self":[{"href":"https:\/\/www.elmedanotenerife.es\/ru\/wp-json\/wp\/v2\/profesionales\/9312","targetHints":{"allow":["GET"]}}],"collection":[{"href":"https:\/\/www.elmedanotenerife.es\/ru\/wp-json\/wp\/v2\/profesionales"}],"about":[{"href":"https:\/\/www.elmedanotenerife.es\/ru\/wp-json\/wp\/v2\/types\/profesionales"}],"author":[{"embeddable":true,"href":"https:\/\/www.elmedanotenerife.es\/ru\/wp-json\/wp\/v2\/users\/1"}],"replies":[{"embeddable":true,"href":"https:\/\/www.elmedanotenerife.es\/ru\/wp-json\/wp\/v2\/comments?post=9312"}],"wp:featuredmedia":[{"embeddable":true,"href":"https:\/\/www.elmedanotenerife.es\/ru\/wp-json\/wp\/v2\/media\/9314"}],"wp:attachment":[{"href":"https:\/\/www.elmedanotenerife.es\/ru\/wp-json\/wp\/v2\/media?parent=9312"}],"wp:term":[{"taxonomy":"locations","embeddable":true,"href":"https:\/\/www.elmedanotenerife.es\/ru\/wp-json\/wp\/v2\/locations?post=9312"},{"taxonomy":"listing_categories","embeddable":true,"href":"https:\/\/www.elmedanotenerife.es\/ru\/wp-json\/wp\/v2\/listing_categories?post=9312"}],"curies":[{"name":"wp","href":"https:\/\/api.w.org\/{rel}","templated":true}]}}

Pezuñas Nails

<div id="WRchTxts" class="txtNew" data-packed="true">
<p>SERVICIOS:</p>
<ul class="font_5">
<li>
<p class="font_5">Manicura básica</p>
</li>
<li>
<p class="font_5">Manicura semipermanente</p>
</li>
<li>
<p class="font_5">Uñas de gel</p>
</li>
<li>
<p class="font_5">Uñas de acrílicas</p>
</li>
<li>
<p class="font_5">Relleno</p>
</li>
<li>
<p class="font_5">Pedicura spa</p>
</li>
<li>
<p class="font_5">Pedicura semipermanente</p>
</li>
<li>
<p class="font_5">Presoterapia podal</p>
</li>
<li>
<p class="font_5">Manicura y pedicura infantil.</p>
</li>
</ul>
</div>
<div id="WRchTxto" class="txtNew" data-packed="false" data-min-height="308">
<ul class="font_5">
<li>
<p class="font_5">Extensión de pestañas</p>
</li>
<li>
<p class="font_5">Diseño de cejas</p>
</li>
<li>
<p class="font_5">Packs cumpleaños.</p>
</li>
<li>
<p class="font_5">Maquillaje</p>
</li>
<li>
<p class="font_5">Servicio a domicilio</p>
</li>
</ul>
</div>

<!-- This site is optimized with the Yoast SEO plugin v27.5 - https://yoast.com/product/yoast-seo-wordpress/ -->
<title>Pezuñas Nails - El Médano Tenerife</title>
<meta name="robots" content="index, follow, max-snippet:-1, max-image-preview:large, max-video-preview:-1" />
<link rel="canonical" href="https://www.elmedanotenerife.es/ru/profesionales/pezunas-nails/" />
<meta property="og:locale" content="ru_RU" />
<meta property="og:type" content="article" />
<meta property="og:title" content="Pezuñas Nails - El Médano Tenerife" />
<meta property="og:description" content="SERVICIOS: Manicura básica Manicura semipermanente Uñas de gel Uñas de acrílicas Relleno Pedicura spa Pedicura semipermanente Presoterapia podal Manicura y&hellip;" />
<meta property="og:url" content="https://www.elmedanotenerife.es/ru/profesionales/pezunas-nails/" />
<meta property="og:site_name" content="El Médano Tenerife" />
<meta property="article:modified_time" content="2019-11-09T13:36:02+00:00" />
<meta property="og:image" content="https://www.elmedanotenerife.es/wp-content/uploads/2019/10/dd7e7affbf7ea5bd564f58b24d3892dd-1.png" />
	<meta property="og:image:width" content="588" />
	<meta property="og:image:height" content="594" />
	<meta property="og:image:type" content="image/png" />
<meta name="twitter:card" content="summary_large_image" />
<script type="application/ld+json" class="yoast-schema-graph">{"@context":"https:\/\/schema.org","@graph":[{"@type":"WebPage","@id":"https:\/\/www.elmedanotenerife.es\/ru\/profesionales\/pezunas-nails\/","url":"https:\/\/www.elmedanotenerife.es\/ru\/profesionales\/pezunas-nails\/","name":"Pezuñas Nails - El Médano Tenerife","isPartOf":{"@id":"https:\/\/www.elmedanotenerife.es\/ru\/#website"},"primaryImageOfPage":{"@id":"https:\/\/www.elmedanotenerife.es\/ru\/profesionales\/pezunas-nails\/#primaryimage"},"image":{"@id":"https:\/\/www.elmedanotenerife.es\/ru\/profesionales\/pezunas-nails\/#primaryimage"},"thumbnailUrl":"https:\/\/www.elmedanotenerife.es\/wp-content\/uploads\/2019\/10\/dd7e7affbf7ea5bd564f58b24d3892dd-1.png","datePublished":"2019-10-29T09:08:04+00:00","dateModified":"2019-11-09T13:36:02+00:00","breadcrumb":{"@id":"https:\/\/www.elmedanotenerife.es\/ru\/profesionales\/pezunas-nails\/#breadcrumb"},"inLanguage":"ru-RU","potentialAction":[{"@type":"ReadAction","target":["https:\/\/www.elmedanotenerife.es\/ru\/profesionales\/pezunas-nails\/"]}]},{"@type":"ImageObject","inLanguage":"ru-RU","@id":"https:\/\/www.elmedanotenerife.es\/ru\/profesionales\/pezunas-nails\/#primaryimage","url":"https:\/\/www.elmedanotenerife.es\/wp-content\/uploads\/2019\/10\/dd7e7affbf7ea5bd564f58b24d3892dd-1.png","contentUrl":"https:\/\/www.elmedanotenerife.es\/wp-content\/uploads\/2019\/10\/dd7e7affbf7ea5bd564f58b24d3892dd-1.png","width":588,"height":594},{"@type":"BreadcrumbList","@id":"https:\/\/www.elmedanotenerife.es\/ru\/profesionales\/pezunas-nails\/#breadcrumb","itemListElement":[{"@type":"ListItem","position":1,"name":"Portada","item":"https:\/\/www.elmedanotenerife.es\/ru\/"},{"@type":"ListItem","position":2,"name":"Profesionales","item":"https:\/\/www.elmedanotenerife.es\/ru\/profesionales\/"},{"@type":"ListItem","position":3,"name":"Pezuñas Nails"}]},{"@type":"WebSite","@id":"https:\/\/www.elmedanotenerife.es\/ru\/#website","url":"https:\/\/www.elmedanotenerife.es\/ru\/","name":"El Médano Tenerife","description":"","potentialAction":[{"@type":"SearchAction","target":{"@type":"EntryPoint","urlTemplate":"https:\/\/www.elmedanotenerife.es\/ru\/?s={search_term_string}"},"query-input":{"@type":"PropertyValueSpecification","valueRequired":true,"valueName":"search_term_string"}}],"inLanguage":"ru-RU"}]}</script>
<!-- / Yoast SEO plugin. -->

Pezuñas Nails - El Médano Tenerife

SERVICIOS: Manicura básica Manicura semipermanente Uñas de gel Uñas de acrílicas Relleno Pedicura spa Pedicura semipermanente Presoterapia podal Manicura y&hellip;

El Médano Tenerife

<div id="WRchTxts" class="txtNew" data-packed="true">

SERVICIOS:
<ul class="font_5">
 	<li>
<p class="font_5">Manicura básica</p>
</li>
 	<li>
<p class="font_5">Manicura semipermanente</p>
</li>
 	<li>
<p class="font_5">Uñas de gel</p>
</li>
 	<li>
<p class="font_5">Uñas de acrílicas</p>
</li>
 	<li>
<p class="font_5">Relleno</p>
</li>
 	<li>
<p class="font_5">Pedicura spa</p>
</li>
 	<li>
<p class="font_5">Pedicura semipermanente</p>
</li>
 	<li>
<p class="font_5">Presoterapia podal</p>
</li>
 	<li>
<p class="font_5">Manicura y pedicura infantil.</p>
</li>
</ul>
</div>
<div id="WRchTxto" class="txtNew" data-packed="false" data-min-height="308">
<ul class="font_5">
 	<li>
<p class="font_5">Extensión de pestañas</p>
</li>
 	<li>
<p class="font_5">Diseño de cejas</p>
</li>
 	<li>
<p class="font_5">Packs cumpleaños.</p>
</li>
 	<li>
<p class="font_5">Maquillaje</p>
</li>
 	<li>
<p class="font_5">Servicio a domicilio</p>
</li>
</ul>
</div>

Pezuñas nails, Avenida José Miguel Galván Bello, 27 El Médano, España
