{"id":9381,"date":"2019-10-29T13:10:24","date_gmt":"2019-10-29T11:10:24","guid":{"rendered":"https:\/\/www.elmedanotenerife.es\/?post_type=profesionales&#038;p=9381"},"modified":"2019-11-09T15:13:14","modified_gmt":"2019-11-09T13:13:14","slug":"doctor-arzt","status":"publish","type":"profesionales","link":"https:\/\/www.elmedanotenerife.es\/ru\/profesionales\/doctor-arzt\/","title":{"rendered":"Doctor Arzt"},"content":{"rendered":"<p>Somos especialistas con experiencia en medicina general, neurolog\u00eda y psiquiatr\u00eda.\u00a0Estamos aqu\u00ed para ayudarlo en todos sus problemas de salud.<\/p>\n<p>Neurolog\u00eda, Medicina General, psiquiatr\u00eda, Curas y enfermer\u00eda<\/p>\n","protected":false},"author":1,"featured_media":9382,"comment_status":"open","ping_status":"closed","template":"","locations":[326],"listing_categories":[329],"class_list":["post-9381","profesionales","type-profesionales","status-publish","has-post-thumbnail","hentry","locations-el-medano","listing_categories-salud"],"yoast_head":"<!-- This site is optimized with the Yoast SEO plugin v27.5 - https:\/\/yoast.com\/product\/yoast-seo-wordpress\/ -->\n<title>Doctor Arzt - El M\u00e9dano Tenerife<\/title>\n<meta name=\"robots\" content=\"index, follow, max-snippet:-1, max-image-preview:large, max-video-preview:-1\" \/>\n<link rel=\"canonical\" href=\"https:\/\/www.elmedanotenerife.es\/ru\/profesionales\/doctor-arzt\/\" \/>\n<meta property=\"og:locale\" content=\"ru_RU\" \/>\n<meta property=\"og:type\" content=\"article\" \/>\n<meta property=\"og:title\" content=\"Doctor Arzt - El M\u00e9dano Tenerife\" \/>\n<meta property=\"og:description\" content=\"Somos especialistas con experiencia en medicina general, neurolog\u00eda y psiquiatr\u00eda.\u00a0Estamos aqu\u00ed para ayudarlo en todos sus problemas de salud. Neurolog\u00eda,&hellip;\" \/>\n<meta property=\"og:url\" content=\"https:\/\/www.elmedanotenerife.es\/ru\/profesionales\/doctor-arzt\/\" \/>\n<meta property=\"og:site_name\" content=\"El M\u00e9dano Tenerife\" \/>\n<meta property=\"article:modified_time\" content=\"2019-11-09T13:13:14+00:00\" \/>\n<meta property=\"og:image\" content=\"https:\/\/www.elmedanotenerife.es\/wp-content\/uploads\/2019\/10\/23e66abd273916bdb6193e6acf0eeb8f.jpg\" \/>\n\t<meta property=\"og:image:width\" content=\"1395\" \/>\n\t<meta property=\"og:image:height\" content=\"565\" \/>\n\t<meta property=\"og:image:type\" content=\"image\/jpeg\" \/>\n<meta name=\"twitter:card\" content=\"summary_large_image\" \/>\n<script type=\"application\/ld+json\" class=\"yoast-schema-graph\">{\"@context\":\"https:\\\/\\\/schema.org\",\"@graph\":[{\"@type\":\"WebPage\",\"@id\":\"https:\\\/\\\/www.elmedanotenerife.es\\\/ru\\\/profesionales\\\/doctor-arzt\\\/\",\"url\":\"https:\\\/\\\/www.elmedanotenerife.es\\\/ru\\\/profesionales\\\/doctor-arzt\\\/\",\"name\":\"Doctor Arzt - El M\u00e9dano Tenerife\",\"isPartOf\":{\"@id\":\"https:\\\/\\\/www.elmedanotenerife.es\\\/ru\\\/#website\"},\"primaryImageOfPage\":{\"@id\":\"https:\\\/\\\/www.elmedanotenerife.es\\\/ru\\\/profesionales\\\/doctor-arzt\\\/#primaryimage\"},\"image\":{\"@id\":\"https:\\\/\\\/www.elmedanotenerife.es\\\/ru\\\/profesionales\\\/doctor-arzt\\\/#primaryimage\"},\"thumbnailUrl\":\"https:\\\/\\\/www.elmedanotenerife.es\\\/wp-content\\\/uploads\\\/2019\\\/10\\\/23e66abd273916bdb6193e6acf0eeb8f.jpg\",\"datePublished\":\"2019-10-29T11:10:24+00:00\",\"dateModified\":\"2019-11-09T13:13:14+00:00\",\"breadcrumb\":{\"@id\":\"https:\\\/\\\/www.elmedanotenerife.es\\\/ru\\\/profesionales\\\/doctor-arzt\\\/#breadcrumb\"},\"inLanguage\":\"ru-RU\",\"potentialAction\":[{\"@type\":\"ReadAction\",\"target\":[\"https:\\\/\\\/www.elmedanotenerife.es\\\/ru\\\/profesionales\\\/doctor-arzt\\\/\"]}]},{\"@type\":\"ImageObject\",\"inLanguage\":\"ru-RU\",\"@id\":\"https:\\\/\\\/www.elmedanotenerife.es\\\/ru\\\/profesionales\\\/doctor-arzt\\\/#primaryimage\",\"url\":\"https:\\\/\\\/www.elmedanotenerife.es\\\/wp-content\\\/uploads\\\/2019\\\/10\\\/23e66abd273916bdb6193e6acf0eeb8f.jpg\",\"contentUrl\":\"https:\\\/\\\/www.elmedanotenerife.es\\\/wp-content\\\/uploads\\\/2019\\\/10\\\/23e66abd273916bdb6193e6acf0eeb8f.jpg\",\"width\":1395,\"height\":565},{\"@type\":\"BreadcrumbList\",\"@id\":\"https:\\\/\\\/www.elmedanotenerife.es\\\/ru\\\/profesionales\\\/doctor-arzt\\\/#breadcrumb\",\"itemListElement\":[{\"@type\":\"ListItem\",\"position\":1,\"name\":\"Portada\",\"item\":\"https:\\\/\\\/www.elmedanotenerife.es\\\/ru\\\/\"},{\"@type\":\"ListItem\",\"position\":2,\"name\":\"Profesionales\",\"item\":\"https:\\\/\\\/www.elmedanotenerife.es\\\/ru\\\/profesionales\\\/\"},{\"@type\":\"ListItem\",\"position\":3,\"name\":\"Doctor Arzt\"}]},{\"@type\":\"WebSite\",\"@id\":\"https:\\\/\\\/www.elmedanotenerife.es\\\/ru\\\/#website\",\"url\":\"https:\\\/\\\/www.elmedanotenerife.es\\\/ru\\\/\",\"name\":\"El M\u00e9dano Tenerife\",\"description\":\"\",\"potentialAction\":[{\"@type\":\"SearchAction\",\"target\":{\"@type\":\"EntryPoint\",\"urlTemplate\":\"https:\\\/\\\/www.elmedanotenerife.es\\\/ru\\\/?s={search_term_string}\"},\"query-input\":{\"@type\":\"PropertyValueSpecification\",\"valueRequired\":true,\"valueName\":\"search_term_string\"}}],\"inLanguage\":\"ru-RU\"}]}<\/script>\n<!-- \/ Yoast SEO plugin. -->","yoast_head_json":{"title":"Doctor Arzt - El M\u00e9dano Tenerife","robots":{"index":"index","follow":"follow","max-snippet":"max-snippet:-1","max-image-preview":"max-image-preview:large","max-video-preview":"max-video-preview:-1"},"canonical":"https:\/\/www.elmedanotenerife.es\/ru\/profesionales\/doctor-arzt\/","og_locale":"ru_RU","og_type":"article","og_title":"Doctor Arzt - El M\u00e9dano Tenerife","og_description":"Somos especialistas con experiencia en medicina general, neurolog\u00eda y psiquiatr\u00eda.\u00a0Estamos aqu\u00ed para ayudarlo en todos sus problemas de salud. Neurolog\u00eda,&hellip;","og_url":"https:\/\/www.elmedanotenerife.es\/ru\/profesionales\/doctor-arzt\/","og_site_name":"El M\u00e9dano Tenerife","article_modified_time":"2019-11-09T13:13:14+00:00","og_image":[{"width":1395,"height":565,"url":"https:\/\/www.elmedanotenerife.es\/wp-content\/uploads\/2019\/10\/23e66abd273916bdb6193e6acf0eeb8f.jpg","type":"image\/jpeg"}],"twitter_card":"summary_large_image","schema":{"@context":"https:\/\/schema.org","@graph":[{"@type":"WebPage","@id":"https:\/\/www.elmedanotenerife.es\/ru\/profesionales\/doctor-arzt\/","url":"https:\/\/www.elmedanotenerife.es\/ru\/profesionales\/doctor-arzt\/","name":"Doctor Arzt - El M\u00e9dano Tenerife","isPartOf":{"@id":"https:\/\/www.elmedanotenerife.es\/ru\/#website"},"primaryImageOfPage":{"@id":"https:\/\/www.elmedanotenerife.es\/ru\/profesionales\/doctor-arzt\/#primaryimage"},"image":{"@id":"https:\/\/www.elmedanotenerife.es\/ru\/profesionales\/doctor-arzt\/#primaryimage"},"thumbnailUrl":"https:\/\/www.elmedanotenerife.es\/wp-content\/uploads\/2019\/10\/23e66abd273916bdb6193e6acf0eeb8f.jpg","datePublished":"2019-10-29T11:10:24+00:00","dateModified":"2019-11-09T13:13:14+00:00","breadcrumb":{"@id":"https:\/\/www.elmedanotenerife.es\/ru\/profesionales\/doctor-arzt\/#breadcrumb"},"inLanguage":"ru-RU","potentialAction":[{"@type":"ReadAction","target":["https:\/\/www.elmedanotenerife.es\/ru\/profesionales\/doctor-arzt\/"]}]},{"@type":"ImageObject","inLanguage":"ru-RU","@id":"https:\/\/www.elmedanotenerife.es\/ru\/profesionales\/doctor-arzt\/#primaryimage","url":"https:\/\/www.elmedanotenerife.es\/wp-content\/uploads\/2019\/10\/23e66abd273916bdb6193e6acf0eeb8f.jpg","contentUrl":"https:\/\/www.elmedanotenerife.es\/wp-content\/uploads\/2019\/10\/23e66abd273916bdb6193e6acf0eeb8f.jpg","width":1395,"height":565},{"@type":"BreadcrumbList","@id":"https:\/\/www.elmedanotenerife.es\/ru\/profesionales\/doctor-arzt\/#breadcrumb","itemListElement":[{"@type":"ListItem","position":1,"name":"Portada","item":"https:\/\/www.elmedanotenerife.es\/ru\/"},{"@type":"ListItem","position":2,"name":"Profesionales","item":"https:\/\/www.elmedanotenerife.es\/ru\/profesionales\/"},{"@type":"ListItem","position":3,"name":"Doctor Arzt"}]},{"@type":"WebSite","@id":"https:\/\/www.elmedanotenerife.es\/ru\/#website","url":"https:\/\/www.elmedanotenerife.es\/ru\/","name":"El M\u00e9dano Tenerife","description":"","potentialAction":[{"@type":"SearchAction","target":{"@type":"EntryPoint","urlTemplate":"https:\/\/www.elmedanotenerife.es\/ru\/?s={search_term_string}"},"query-input":{"@type":"PropertyValueSpecification","valueRequired":true,"valueName":"search_term_string"}}],"inLanguage":"ru-RU"}]}},"cmb2":{"listing_profesionales_general":{"listing_title":"Doctor Arzt","listing_description":"Somos especialistas con experiencia en medicina general, neurolog\u00eda y psiquiatr\u00eda.\u00a0Estamos aqu\u00ed para ayudarlo en todos sus problemas de salud.\r\n\r\nNeurolog\u00eda, Medicina General, psiquiatr\u00eda, Curas y enfermer\u00eda","listing_featured_image":"https:\/\/www.elmedanotenerife.es\/wp-content\/uploads\/2019\/10\/23e66abd273916bdb6193e6acf0eeb8f.jpg","listing_featured_image_id":""},"listing_profesionales_branding":{"listing_slogan":"","listing_brand_color":"","listing_logo":"","listing_logo_id":""},"listing_profesionales_banner":{"listing_banner":"banner_map","listing_banner_map_zoom":"12","listing_banner_map_type":"SATELLITE","listing_banner_map_marker":""},"listing_profesionales_listing_category":{"listing_listing_category":["profesionales","salud"]},"listing_profesionales_location":{"listing_locations":["el-medano"],"listing_map_location":{"address":"Doctor Arzt, El M\u00e9dano, Espa\u00f1a","latitude":"28.0459708","longitude":"-16.539096900000004"},"listing_map_location_polygon":"","listing_street_view":"","listing_street_view_location":{"latitude":"37.81240457820649","longitude":"-122.47607752956912","zoom":"1","heading":"-18","pitch":"25"},"listing_inside_view":"","listing_inside_view_location":{"latitude":"37.81240457820649","longitude":"-122.47607752956912","zoom":"1","heading":"-18","pitch":"25"}}},"_links":{"self":[{"href":"https:\/\/www.elmedanotenerife.es\/ru\/wp-json\/wp\/v2\/profesionales\/9381","targetHints":{"allow":["GET"]}}],"collection":[{"href":"https:\/\/www.elmedanotenerife.es\/ru\/wp-json\/wp\/v2\/profesionales"}],"about":[{"href":"https:\/\/www.elmedanotenerife.es\/ru\/wp-json\/wp\/v2\/types\/profesionales"}],"author":[{"embeddable":true,"href":"https:\/\/www.elmedanotenerife.es\/ru\/wp-json\/wp\/v2\/users\/1"}],"replies":[{"embeddable":true,"href":"https:\/\/www.elmedanotenerife.es\/ru\/wp-json\/wp\/v2\/comments?post=9381"}],"wp:featuredmedia":[{"embeddable":true,"href":"https:\/\/www.elmedanotenerife.es\/ru\/wp-json\/wp\/v2\/media\/9382"}],"wp:attachment":[{"href":"https:\/\/www.elmedanotenerife.es\/ru\/wp-json\/wp\/v2\/media?parent=9381"}],"wp:term":[{"taxonomy":"locations","embeddable":true,"href":"https:\/\/www.elmedanotenerife.es\/ru\/wp-json\/wp\/v2\/locations?post=9381"},{"taxonomy":"listing_categories","embeddable":true,"href":"https:\/\/www.elmedanotenerife.es\/ru\/wp-json\/wp\/v2\/listing_categories?post=9381"}],"curies":[{"name":"wp","href":"https:\/\/api.w.org\/{rel}","templated":true}]}}

<p>Somos especialistas con experiencia en medicina general, neurología y psiquiatría. Estamos aquí para ayudarlo en todos sus problemas de salud.</p>
<p>Neurología, Medicina General, psiquiatría, Curas y enfermería</p>

<!-- This site is optimized with the Yoast SEO plugin v27.5 - https://yoast.com/product/yoast-seo-wordpress/ -->
<title>Doctor Arzt - El Médano Tenerife</title>
<meta name="robots" content="index, follow, max-snippet:-1, max-image-preview:large, max-video-preview:-1" />
<link rel="canonical" href="https://www.elmedanotenerife.es/ru/profesionales/doctor-arzt/" />
<meta property="og:locale" content="ru_RU" />
<meta property="og:type" content="article" />
<meta property="og:title" content="Doctor Arzt - El Médano Tenerife" />
<meta property="og:description" content="Somos especialistas con experiencia en medicina general, neurología y psiquiatría. Estamos aquí para ayudarlo en todos sus problemas de salud. Neurología,&hellip;" />
<meta property="og:url" content="https://www.elmedanotenerife.es/ru/profesionales/doctor-arzt/" />
<meta property="og:site_name" content="El Médano Tenerife" />
<meta property="article:modified_time" content="2019-11-09T13:13:14+00:00" />
<meta property="og:image" content="https://www.elmedanotenerife.es/wp-content/uploads/2019/10/23e66abd273916bdb6193e6acf0eeb8f.jpg" />
	<meta property="og:image:width" content="1395" />
	<meta property="og:image:height" content="565" />
	<meta property="og:image:type" content="image/jpeg" />
<meta name="twitter:card" content="summary_large_image" />
<script type="application/ld+json" class="yoast-schema-graph">{"@context":"https:\/\/schema.org","@graph":[{"@type":"WebPage","@id":"https:\/\/www.elmedanotenerife.es\/ru\/profesionales\/doctor-arzt\/","url":"https:\/\/www.elmedanotenerife.es\/ru\/profesionales\/doctor-arzt\/","name":"Doctor Arzt - El Médano Tenerife","isPartOf":{"@id":"https:\/\/www.elmedanotenerife.es\/ru\/#website"},"primaryImageOfPage":{"@id":"https:\/\/www.elmedanotenerife.es\/ru\/profesionales\/doctor-arzt\/#primaryimage"},"image":{"@id":"https:\/\/www.elmedanotenerife.es\/ru\/profesionales\/doctor-arzt\/#primaryimage"},"thumbnailUrl":"https:\/\/www.elmedanotenerife.es\/wp-content\/uploads\/2019\/10\/23e66abd273916bdb6193e6acf0eeb8f.jpg","datePublished":"2019-10-29T11:10:24+00:00","dateModified":"2019-11-09T13:13:14+00:00","breadcrumb":{"@id":"https:\/\/www.elmedanotenerife.es\/ru\/profesionales\/doctor-arzt\/#breadcrumb"},"inLanguage":"ru-RU","potentialAction":[{"@type":"ReadAction","target":["https:\/\/www.elmedanotenerife.es\/ru\/profesionales\/doctor-arzt\/"]}]},{"@type":"ImageObject","inLanguage":"ru-RU","@id":"https:\/\/www.elmedanotenerife.es\/ru\/profesionales\/doctor-arzt\/#primaryimage","url":"https:\/\/www.elmedanotenerife.es\/wp-content\/uploads\/2019\/10\/23e66abd273916bdb6193e6acf0eeb8f.jpg","contentUrl":"https:\/\/www.elmedanotenerife.es\/wp-content\/uploads\/2019\/10\/23e66abd273916bdb6193e6acf0eeb8f.jpg","width":1395,"height":565},{"@type":"BreadcrumbList","@id":"https:\/\/www.elmedanotenerife.es\/ru\/profesionales\/doctor-arzt\/#breadcrumb","itemListElement":[{"@type":"ListItem","position":1,"name":"Portada","item":"https:\/\/www.elmedanotenerife.es\/ru\/"},{"@type":"ListItem","position":2,"name":"Profesionales","item":"https:\/\/www.elmedanotenerife.es\/ru\/profesionales\/"},{"@type":"ListItem","position":3,"name":"Doctor Arzt"}]},{"@type":"WebSite","@id":"https:\/\/www.elmedanotenerife.es\/ru\/#website","url":"https:\/\/www.elmedanotenerife.es\/ru\/","name":"El Médano Tenerife","description":"","potentialAction":[{"@type":"SearchAction","target":{"@type":"EntryPoint","urlTemplate":"https:\/\/www.elmedanotenerife.es\/ru\/?s={search_term_string}"},"query-input":{"@type":"PropertyValueSpecification","valueRequired":true,"valueName":"search_term_string"}}],"inLanguage":"ru-RU"}]}</script>
<!-- / Yoast SEO plugin. -->

Doctor Arzt - El Médano Tenerife

Somos especialistas con experiencia en medicina general, neurología y psiquiatría. Estamos aquí para ayudarlo en todos sus problemas de salud. Neurología,&hellip;

El Médano Tenerife

Somos especialistas con experiencia en medicina general, neurología y psiquiatría. Estamos aquí para ayudarlo en todos sus problemas de salud.

Neurología, Medicina General, psiquiatría, Curas y enfermería

Doctor Arzt, El Médano, España
