{"id":9417,"date":"2019-10-29T20:53:48","date_gmt":"2019-10-29T18:53:48","guid":{"rendered":"https:\/\/www.elmedanotenerife.es\/?post_type=profesionales&#038;p=9417"},"modified":"2019-11-09T14:54:31","modified_gmt":"2019-11-09T12:54:31","slug":"espiral-masajes","status":"publish","type":"profesionales","link":"https:\/\/www.elmedanotenerife.es\/ru\/profesionales\/espiral-masajes\/","title":{"rendered":"Espiral Masajes"},"content":{"rendered":"<p style=\"text-align: justify;\">En un punto singular de la isla de Tenerife en Canarias, se han reunido diferentes terapeutas con la experiencia y la consciencia de impartir el bien como prioridad.\u00a0Basados en terapias tradicionales, procuramos generar experiencias \u00fanicas para cada persona, uniendo lineamientos de diferentes escuelas y logrando instantes personales e individuales en donde se encierran la Energ\u00eda, la T\u00e9cnica y el Respeto por el ser humano.\u00a0Nuestra intenci\u00f3n es ser parte de ese proceso en el que las personas transitan hacia el bienestar y el equilibrio.<\/p>\n<p style=\"text-align: justify;\">Nuestras puertas est\u00e1n abiertas para recibirlo, siempre que usted lo desee.<\/p>\n<p>Tel\u00e9fonos: 922 177 713 \/ 640 792 173<\/p>\n","protected":false},"author":5,"featured_media":9420,"comment_status":"open","ping_status":"closed","template":"","locations":[326],"listing_categories":[416,415,329],"class_list":["post-9417","profesionales","type-profesionales","status-publish","has-post-thumbnail","hentry","locations-el-medano","listing_categories-fisioterapia","listing_categories-masajes","listing_categories-salud"],"yoast_head":"<!-- This site is optimized with the Yoast SEO plugin v27.5 - https:\/\/yoast.com\/product\/yoast-seo-wordpress\/ -->\n<title>Espiral Masajes - El M\u00e9dano Tenerife<\/title>\n<meta name=\"robots\" content=\"index, follow, max-snippet:-1, max-image-preview:large, max-video-preview:-1\" \/>\n<link rel=\"canonical\" href=\"https:\/\/www.elmedanotenerife.es\/ru\/profesionales\/espiral-masajes\/\" \/>\n<meta property=\"og:locale\" content=\"ru_RU\" \/>\n<meta property=\"og:type\" content=\"article\" \/>\n<meta property=\"og:title\" content=\"Espiral Masajes - El M\u00e9dano Tenerife\" \/>\n<meta property=\"og:description\" content=\"En un punto singular de la isla de Tenerife en Canarias, se han reunido diferentes terapeutas con la experiencia y&hellip;\" \/>\n<meta property=\"og:url\" content=\"https:\/\/www.elmedanotenerife.es\/ru\/profesionales\/espiral-masajes\/\" \/>\n<meta property=\"og:site_name\" content=\"El M\u00e9dano Tenerife\" \/>\n<meta property=\"article:modified_time\" content=\"2019-11-09T12:54:31+00:00\" \/>\n<meta property=\"og:image\" content=\"https:\/\/www.elmedanotenerife.es\/wp-content\/uploads\/2019\/10\/20191029_112320.jpg\" \/>\n\t<meta property=\"og:image:width\" content=\"1600\" \/>\n\t<meta property=\"og:image:height\" content=\"778\" \/>\n\t<meta property=\"og:image:type\" content=\"image\/jpeg\" \/>\n<meta name=\"twitter:card\" content=\"summary_large_image\" \/>\n<meta name=\"twitter:label1\" content=\"\u041f\u0440\u0438\u043c\u0435\u0440\u043d\u043e\u0435 \u0432\u0440\u0435\u043c\u044f \u0434\u043b\u044f \u0447\u0442\u0435\u043d\u0438\u044f\" \/>\n\t<meta name=\"twitter:data1\" content=\"1 \u043c\u0438\u043d\u0443\u0442\u0430\" \/>\n<script type=\"application\/ld+json\" class=\"yoast-schema-graph\">{\"@context\":\"https:\\\/\\\/schema.org\",\"@graph\":[{\"@type\":\"WebPage\",\"@id\":\"https:\\\/\\\/www.elmedanotenerife.es\\\/ru\\\/profesionales\\\/espiral-masajes\\\/\",\"url\":\"https:\\\/\\\/www.elmedanotenerife.es\\\/ru\\\/profesionales\\\/espiral-masajes\\\/\",\"name\":\"Espiral Masajes - El M\u00e9dano Tenerife\",\"isPartOf\":{\"@id\":\"https:\\\/\\\/www.elmedanotenerife.es\\\/ru\\\/#website\"},\"primaryImageOfPage\":{\"@id\":\"https:\\\/\\\/www.elmedanotenerife.es\\\/ru\\\/profesionales\\\/espiral-masajes\\\/#primaryimage\"},\"image\":{\"@id\":\"https:\\\/\\\/www.elmedanotenerife.es\\\/ru\\\/profesionales\\\/espiral-masajes\\\/#primaryimage\"},\"thumbnailUrl\":\"https:\\\/\\\/www.elmedanotenerife.es\\\/wp-content\\\/uploads\\\/2019\\\/10\\\/20191029_112320.jpg\",\"datePublished\":\"2019-10-29T18:53:48+00:00\",\"dateModified\":\"2019-11-09T12:54:31+00:00\",\"breadcrumb\":{\"@id\":\"https:\\\/\\\/www.elmedanotenerife.es\\\/ru\\\/profesionales\\\/espiral-masajes\\\/#breadcrumb\"},\"inLanguage\":\"ru-RU\",\"potentialAction\":[{\"@type\":\"ReadAction\",\"target\":[\"https:\\\/\\\/www.elmedanotenerife.es\\\/ru\\\/profesionales\\\/espiral-masajes\\\/\"]}]},{\"@type\":\"ImageObject\",\"inLanguage\":\"ru-RU\",\"@id\":\"https:\\\/\\\/www.elmedanotenerife.es\\\/ru\\\/profesionales\\\/espiral-masajes\\\/#primaryimage\",\"url\":\"https:\\\/\\\/www.elmedanotenerife.es\\\/wp-content\\\/uploads\\\/2019\\\/10\\\/20191029_112320.jpg\",\"contentUrl\":\"https:\\\/\\\/www.elmedanotenerife.es\\\/wp-content\\\/uploads\\\/2019\\\/10\\\/20191029_112320.jpg\",\"width\":1600,\"height\":778},{\"@type\":\"BreadcrumbList\",\"@id\":\"https:\\\/\\\/www.elmedanotenerife.es\\\/ru\\\/profesionales\\\/espiral-masajes\\\/#breadcrumb\",\"itemListElement\":[{\"@type\":\"ListItem\",\"position\":1,\"name\":\"Portada\",\"item\":\"https:\\\/\\\/www.elmedanotenerife.es\\\/ru\\\/\"},{\"@type\":\"ListItem\",\"position\":2,\"name\":\"Profesionales\",\"item\":\"https:\\\/\\\/www.elmedanotenerife.es\\\/ru\\\/profesionales\\\/\"},{\"@type\":\"ListItem\",\"position\":3,\"name\":\"Espiral Masajes\"}]},{\"@type\":\"WebSite\",\"@id\":\"https:\\\/\\\/www.elmedanotenerife.es\\\/ru\\\/#website\",\"url\":\"https:\\\/\\\/www.elmedanotenerife.es\\\/ru\\\/\",\"name\":\"El M\u00e9dano Tenerife\",\"description\":\"\",\"potentialAction\":[{\"@type\":\"SearchAction\",\"target\":{\"@type\":\"EntryPoint\",\"urlTemplate\":\"https:\\\/\\\/www.elmedanotenerife.es\\\/ru\\\/?s={search_term_string}\"},\"query-input\":{\"@type\":\"PropertyValueSpecification\",\"valueRequired\":true,\"valueName\":\"search_term_string\"}}],\"inLanguage\":\"ru-RU\"}]}<\/script>\n<!-- \/ Yoast SEO plugin. -->","yoast_head_json":{"title":"Espiral Masajes - El M\u00e9dano Tenerife","robots":{"index":"index","follow":"follow","max-snippet":"max-snippet:-1","max-image-preview":"max-image-preview:large","max-video-preview":"max-video-preview:-1"},"canonical":"https:\/\/www.elmedanotenerife.es\/ru\/profesionales\/espiral-masajes\/","og_locale":"ru_RU","og_type":"article","og_title":"Espiral Masajes - El M\u00e9dano Tenerife","og_description":"En un punto singular de la isla de Tenerife en Canarias, se han reunido diferentes terapeutas con la experiencia y&hellip;","og_url":"https:\/\/www.elmedanotenerife.es\/ru\/profesionales\/espiral-masajes\/","og_site_name":"El M\u00e9dano Tenerife","article_modified_time":"2019-11-09T12:54:31+00:00","og_image":[{"width":1600,"height":778,"url":"https:\/\/www.elmedanotenerife.es\/wp-content\/uploads\/2019\/10\/20191029_112320.jpg","type":"image\/jpeg"}],"twitter_card":"summary_large_image","twitter_misc":{"\u041f\u0440\u0438\u043c\u0435\u0440\u043d\u043e\u0435 \u0432\u0440\u0435\u043c\u044f \u0434\u043b\u044f \u0447\u0442\u0435\u043d\u0438\u044f":"1 \u043c\u0438\u043d\u0443\u0442\u0430"},"schema":{"@context":"https:\/\/schema.org","@graph":[{"@type":"WebPage","@id":"https:\/\/www.elmedanotenerife.es\/ru\/profesionales\/espiral-masajes\/","url":"https:\/\/www.elmedanotenerife.es\/ru\/profesionales\/espiral-masajes\/","name":"Espiral Masajes - El M\u00e9dano Tenerife","isPartOf":{"@id":"https:\/\/www.elmedanotenerife.es\/ru\/#website"},"primaryImageOfPage":{"@id":"https:\/\/www.elmedanotenerife.es\/ru\/profesionales\/espiral-masajes\/#primaryimage"},"image":{"@id":"https:\/\/www.elmedanotenerife.es\/ru\/profesionales\/espiral-masajes\/#primaryimage"},"thumbnailUrl":"https:\/\/www.elmedanotenerife.es\/wp-content\/uploads\/2019\/10\/20191029_112320.jpg","datePublished":"2019-10-29T18:53:48+00:00","dateModified":"2019-11-09T12:54:31+00:00","breadcrumb":{"@id":"https:\/\/www.elmedanotenerife.es\/ru\/profesionales\/espiral-masajes\/#breadcrumb"},"inLanguage":"ru-RU","potentialAction":[{"@type":"ReadAction","target":["https:\/\/www.elmedanotenerife.es\/ru\/profesionales\/espiral-masajes\/"]}]},{"@type":"ImageObject","inLanguage":"ru-RU","@id":"https:\/\/www.elmedanotenerife.es\/ru\/profesionales\/espiral-masajes\/#primaryimage","url":"https:\/\/www.elmedanotenerife.es\/wp-content\/uploads\/2019\/10\/20191029_112320.jpg","contentUrl":"https:\/\/www.elmedanotenerife.es\/wp-content\/uploads\/2019\/10\/20191029_112320.jpg","width":1600,"height":778},{"@type":"BreadcrumbList","@id":"https:\/\/www.elmedanotenerife.es\/ru\/profesionales\/espiral-masajes\/#breadcrumb","itemListElement":[{"@type":"ListItem","position":1,"name":"Portada","item":"https:\/\/www.elmedanotenerife.es\/ru\/"},{"@type":"ListItem","position":2,"name":"Profesionales","item":"https:\/\/www.elmedanotenerife.es\/ru\/profesionales\/"},{"@type":"ListItem","position":3,"name":"Espiral Masajes"}]},{"@type":"WebSite","@id":"https:\/\/www.elmedanotenerife.es\/ru\/#website","url":"https:\/\/www.elmedanotenerife.es\/ru\/","name":"El M\u00e9dano Tenerife","description":"","potentialAction":[{"@type":"SearchAction","target":{"@type":"EntryPoint","urlTemplate":"https:\/\/www.elmedanotenerife.es\/ru\/?s={search_term_string}"},"query-input":{"@type":"PropertyValueSpecification","valueRequired":true,"valueName":"search_term_string"}}],"inLanguage":"ru-RU"}]}},"cmb2":{"listing_profesionales_general":{"listing_title":"Espiral Masajes","listing_description":"<p style=\"text-align: justify;\">En un punto singular de la isla de Tenerife en Canarias, se han reunido diferentes terapeutas con la experiencia y la consciencia de impartir el bien como prioridad.\u00a0Basados en terapias tradicionales, procuramos generar experiencias \u00fanicas para cada persona, uniendo lineamientos de diferentes escuelas y logrando instantes personales e individuales en donde se encierran la Energ\u00eda, la T\u00e9cnica y el Respeto por el ser humano.\u00a0Nuestra intenci\u00f3n es ser parte de ese proceso en el que las personas transitan hacia el bienestar y el equilibrio.<\/p>\r\n<p style=\"text-align: justify;\">Nuestras puertas est\u00e1n abiertas para recibirlo, siempre que usted lo desee.<\/p>\r\nTel\u00e9fonos: 922 177 713 \/ 640 792 173","listing_featured_image":"https:\/\/www.elmedanotenerife.es\/wp-content\/uploads\/2019\/10\/20191029_112320.jpg","listing_featured_image_id":""},"listing_profesionales_branding":{"listing_slogan":"","listing_brand_color":"","listing_logo":"https:\/\/www.elmedanotenerife.es\/wp-content\/uploads\/2019\/10\/espiral-2.png","listing_logo_id":"9421"},"listing_profesionales_banner":{"listing_banner":"banner_featured_image","listing_banner_map_zoom":"12","listing_banner_map_type":"SATELLITE","listing_banner_map_marker":""},"listing_profesionales_listing_category":{"listing_listing_category":["belleza","salud"]},"listing_profesionales_location":{"listing_locations":["el-medano"],"listing_map_location":{"address":"Espiral. Massage - Therapy - Fisioesthetic, Avenida Jos\u00e9 Miguel Galv\u00e1n Bello, El M\u00e9dano, Espa\u00f1a","latitude":"28.045144568624217","longitude":"-16.53698475214958"},"listing_map_location_polygon":"","listing_street_view":"on","listing_street_view_location":{"latitude":"28.04518932507554","longitude":"-16.53696381422958","zoom":"2.062885277829171","heading":"210.19041617716502","pitch":"0.8701595877059418"},"listing_inside_view":"on","listing_inside_view_location":{"latitude":"28.04518932507554","longitude":"-16.53696381422958","zoom":"3.208065684599723","heading":"213.95101596925127","pitch":"1.7760897189876914"}}},"_links":{"self":[{"href":"https:\/\/www.elmedanotenerife.es\/ru\/wp-json\/wp\/v2\/profesionales\/9417","targetHints":{"allow":["GET"]}}],"collection":[{"href":"https:\/\/www.elmedanotenerife.es\/ru\/wp-json\/wp\/v2\/profesionales"}],"about":[{"href":"https:\/\/www.elmedanotenerife.es\/ru\/wp-json\/wp\/v2\/types\/profesionales"}],"author":[{"embeddable":true,"href":"https:\/\/www.elmedanotenerife.es\/ru\/wp-json\/wp\/v2\/users\/5"}],"replies":[{"embeddable":true,"href":"https:\/\/www.elmedanotenerife.es\/ru\/wp-json\/wp\/v2\/comments?post=9417"}],"wp:featuredmedia":[{"embeddable":true,"href":"https:\/\/www.elmedanotenerife.es\/ru\/wp-json\/wp\/v2\/media\/9420"}],"wp:attachment":[{"href":"https:\/\/www.elmedanotenerife.es\/ru\/wp-json\/wp\/v2\/media?parent=9417"}],"wp:term":[{"taxonomy":"locations","embeddable":true,"href":"https:\/\/www.elmedanotenerife.es\/ru\/wp-json\/wp\/v2\/locations?post=9417"},{"taxonomy":"listing_categories","embeddable":true,"href":"https:\/\/www.elmedanotenerife.es\/ru\/wp-json\/wp\/v2\/listing_categories?post=9417"}],"curies":[{"name":"wp","href":"https:\/\/api.w.org\/{rel}","templated":true}]}}

<p style="text-align: justify;">En un punto singular de la isla de Tenerife en Canarias, se han reunido diferentes terapeutas con la experiencia y la consciencia de impartir el bien como prioridad. Basados en terapias tradicionales, procuramos generar experiencias únicas para cada persona, uniendo lineamientos de diferentes escuelas y logrando instantes personales e individuales en donde se encierran la Energía, la Técnica y el Respeto por el ser humano. Nuestra intención es ser parte de ese proceso en el que las personas transitan hacia el bienestar y el equilibrio.</p>
<p style="text-align: justify;">Nuestras puertas están abiertas para recibirlo, siempre que usted lo desee.</p>
<p>Teléfonos: 922 177 713 / 640 792 173</p>

<!-- This site is optimized with the Yoast SEO plugin v27.5 - https://yoast.com/product/yoast-seo-wordpress/ -->
<title>Espiral Masajes - El Médano Tenerife</title>
<meta name="robots" content="index, follow, max-snippet:-1, max-image-preview:large, max-video-preview:-1" />
<link rel="canonical" href="https://www.elmedanotenerife.es/ru/profesionales/espiral-masajes/" />
<meta property="og:locale" content="ru_RU" />
<meta property="og:type" content="article" />
<meta property="og:title" content="Espiral Masajes - El Médano Tenerife" />
<meta property="og:description" content="En un punto singular de la isla de Tenerife en Canarias, se han reunido diferentes terapeutas con la experiencia y&hellip;" />
<meta property="og:url" content="https://www.elmedanotenerife.es/ru/profesionales/espiral-masajes/" />
<meta property="og:site_name" content="El Médano Tenerife" />
<meta property="article:modified_time" content="2019-11-09T12:54:31+00:00" />
<meta property="og:image" content="https://www.elmedanotenerife.es/wp-content/uploads/2019/10/20191029_112320.jpg" />
	<meta property="og:image:width" content="1600" />
	<meta property="og:image:height" content="778" />
	<meta property="og:image:type" content="image/jpeg" />
<meta name="twitter:card" content="summary_large_image" />
<meta name="twitter:label1" content="Примерное время для чтения" />
	<meta name="twitter:data1" content="1 минута" />
<script type="application/ld+json" class="yoast-schema-graph">{"@context":"https:\/\/schema.org","@graph":[{"@type":"WebPage","@id":"https:\/\/www.elmedanotenerife.es\/ru\/profesionales\/espiral-masajes\/","url":"https:\/\/www.elmedanotenerife.es\/ru\/profesionales\/espiral-masajes\/","name":"Espiral Masajes - El Médano Tenerife","isPartOf":{"@id":"https:\/\/www.elmedanotenerife.es\/ru\/#website"},"primaryImageOfPage":{"@id":"https:\/\/www.elmedanotenerife.es\/ru\/profesionales\/espiral-masajes\/#primaryimage"},"image":{"@id":"https:\/\/www.elmedanotenerife.es\/ru\/profesionales\/espiral-masajes\/#primaryimage"},"thumbnailUrl":"https:\/\/www.elmedanotenerife.es\/wp-content\/uploads\/2019\/10\/20191029_112320.jpg","datePublished":"2019-10-29T18:53:48+00:00","dateModified":"2019-11-09T12:54:31+00:00","breadcrumb":{"@id":"https:\/\/www.elmedanotenerife.es\/ru\/profesionales\/espiral-masajes\/#breadcrumb"},"inLanguage":"ru-RU","potentialAction":[{"@type":"ReadAction","target":["https:\/\/www.elmedanotenerife.es\/ru\/profesionales\/espiral-masajes\/"]}]},{"@type":"ImageObject","inLanguage":"ru-RU","@id":"https:\/\/www.elmedanotenerife.es\/ru\/profesionales\/espiral-masajes\/#primaryimage","url":"https:\/\/www.elmedanotenerife.es\/wp-content\/uploads\/2019\/10\/20191029_112320.jpg","contentUrl":"https:\/\/www.elmedanotenerife.es\/wp-content\/uploads\/2019\/10\/20191029_112320.jpg","width":1600,"height":778},{"@type":"BreadcrumbList","@id":"https:\/\/www.elmedanotenerife.es\/ru\/profesionales\/espiral-masajes\/#breadcrumb","itemListElement":[{"@type":"ListItem","position":1,"name":"Portada","item":"https:\/\/www.elmedanotenerife.es\/ru\/"},{"@type":"ListItem","position":2,"name":"Profesionales","item":"https:\/\/www.elmedanotenerife.es\/ru\/profesionales\/"},{"@type":"ListItem","position":3,"name":"Espiral Masajes"}]},{"@type":"WebSite","@id":"https:\/\/www.elmedanotenerife.es\/ru\/#website","url":"https:\/\/www.elmedanotenerife.es\/ru\/","name":"El Médano Tenerife","description":"","potentialAction":[{"@type":"SearchAction","target":{"@type":"EntryPoint","urlTemplate":"https:\/\/www.elmedanotenerife.es\/ru\/?s={search_term_string}"},"query-input":{"@type":"PropertyValueSpecification","valueRequired":true,"valueName":"search_term_string"}}],"inLanguage":"ru-RU"}]}</script>
<!-- / Yoast SEO plugin. -->

Espiral Masajes - El Médano Tenerife

El Médano Tenerife

1 минута

<p style="text-align: justify;">En un punto singular de la isla de Tenerife en Canarias, se han reunido diferentes terapeutas con la experiencia y la consciencia de impartir el bien como prioridad. Basados en terapias tradicionales, procuramos generar experiencias únicas para cada persona, uniendo lineamientos de diferentes escuelas y logrando instantes personales e individuales en donde se encierran la Energía, la Técnica y el Respeto por el ser humano. Nuestra intención es ser parte de ese proceso en el que las personas transitan hacia el bienestar y el equilibrio.</p>
<p style="text-align: justify;">Nuestras puertas están abiertas para recibirlo, siempre que usted lo desee.</p>
Teléfonos: 922 177 713 / 640 792 173

Espiral. Massage - Therapy - Fisioesthetic, Avenida José Miguel Galván Bello, El Médano, España
