{"id":9423,"date":"2019-10-29T21:02:42","date_gmt":"2019-10-29T19:02:42","guid":{"rendered":"https:\/\/www.elmedanotenerife.es\/?post_type=profesionales&#038;p=9423"},"modified":"2019-11-09T14:53:40","modified_gmt":"2019-11-09T12:53:40","slug":"clinica-odontologia-y-estetica-vivanta","status":"publish","type":"profesionales","link":"https:\/\/www.elmedanotenerife.es\/ru\/profesionales\/clinica-odontologia-y-estetica-vivanta\/","title":{"rendered":"Clinica odontolog\u00eda y est\u00e9tica Vivanta"},"content":{"rendered":"<p style=\"text-align: justify;\">En Vivanta reunimos lo mejor de la odontolog\u00eda y la medicina est\u00e9tica, ofreci\u00e9ndote solo tratamientos con calidad garantizada. Centramos nuestra filosof\u00eda en tu cuidado integral, bas\u00e1ndolo en el rigor y la atenci\u00f3n personalizada. Somos la \u00fanica red de cl\u00ednicas en Europa que a\u00fana las especialidades m\u00e9dicas de odontolog\u00eda y medicina est\u00e9tica, lo que nos permite mantener una visi\u00f3n global de tu salud y tu bienestar. No solo somos dentistas.<\/p>\n<p style=\"text-align: justify;\">En Vivanta queremos que conf\u00edes plenamente en tus posibilidades, te ayudamos a dar el paso para hacer lo que realmente quieres hacer.<\/p>\n","protected":false},"author":1,"featured_media":9425,"comment_status":"open","ping_status":"closed","template":"","locations":[326],"listing_categories":[329],"class_list":["post-9423","profesionales","type-profesionales","status-publish","has-post-thumbnail","hentry","locations-el-medano","listing_categories-salud"],"yoast_head":"<!-- This site is optimized with the Yoast SEO plugin v27.5 - https:\/\/yoast.com\/product\/yoast-seo-wordpress\/ -->\n<title>Clinica odontolog\u00eda y est\u00e9tica Vivanta - El M\u00e9dano Tenerife<\/title>\n<meta name=\"robots\" content=\"index, follow, max-snippet:-1, max-image-preview:large, max-video-preview:-1\" \/>\n<link rel=\"canonical\" href=\"https:\/\/www.elmedanotenerife.es\/ru\/profesionales\/clinica-odontologia-y-estetica-vivanta\/\" \/>\n<meta property=\"og:locale\" content=\"ru_RU\" \/>\n<meta property=\"og:type\" content=\"article\" \/>\n<meta property=\"og:title\" content=\"Clinica odontolog\u00eda y est\u00e9tica Vivanta - El M\u00e9dano Tenerife\" \/>\n<meta property=\"og:description\" content=\"En Vivanta reunimos lo mejor de la odontolog\u00eda y la medicina est\u00e9tica, ofreci\u00e9ndote solo tratamientos con calidad garantizada. Centramos nuestra&hellip;\" \/>\n<meta property=\"og:url\" content=\"https:\/\/www.elmedanotenerife.es\/ru\/profesionales\/clinica-odontologia-y-estetica-vivanta\/\" \/>\n<meta property=\"og:site_name\" content=\"El M\u00e9dano Tenerife\" \/>\n<meta property=\"article:modified_time\" content=\"2019-11-09T12:53:40+00:00\" \/>\n<meta property=\"og:image\" content=\"https:\/\/www.elmedanotenerife.es\/wp-content\/uploads\/2019\/10\/30412603_1433256986778936_7423337346222918284_n.jpg\" \/>\n\t<meta property=\"og:image:width\" content=\"851\" \/>\n\t<meta property=\"og:image:height\" content=\"315\" \/>\n\t<meta property=\"og:image:type\" content=\"image\/jpeg\" \/>\n<meta name=\"twitter:card\" content=\"summary_large_image\" \/>\n<meta name=\"twitter:label1\" content=\"\u041f\u0440\u0438\u043c\u0435\u0440\u043d\u043e\u0435 \u0432\u0440\u0435\u043c\u044f \u0434\u043b\u044f \u0447\u0442\u0435\u043d\u0438\u044f\" \/>\n\t<meta name=\"twitter:data1\" content=\"1 \u043c\u0438\u043d\u0443\u0442\u0430\" \/>\n<script type=\"application\/ld+json\" class=\"yoast-schema-graph\">{\"@context\":\"https:\\\/\\\/schema.org\",\"@graph\":[{\"@type\":\"WebPage\",\"@id\":\"https:\\\/\\\/www.elmedanotenerife.es\\\/ru\\\/profesionales\\\/clinica-odontologia-y-estetica-vivanta\\\/\",\"url\":\"https:\\\/\\\/www.elmedanotenerife.es\\\/ru\\\/profesionales\\\/clinica-odontologia-y-estetica-vivanta\\\/\",\"name\":\"Clinica odontolog\u00eda y est\u00e9tica Vivanta - El M\u00e9dano Tenerife\",\"isPartOf\":{\"@id\":\"https:\\\/\\\/www.elmedanotenerife.es\\\/ru\\\/#website\"},\"primaryImageOfPage\":{\"@id\":\"https:\\\/\\\/www.elmedanotenerife.es\\\/ru\\\/profesionales\\\/clinica-odontologia-y-estetica-vivanta\\\/#primaryimage\"},\"image\":{\"@id\":\"https:\\\/\\\/www.elmedanotenerife.es\\\/ru\\\/profesionales\\\/clinica-odontologia-y-estetica-vivanta\\\/#primaryimage\"},\"thumbnailUrl\":\"https:\\\/\\\/www.elmedanotenerife.es\\\/wp-content\\\/uploads\\\/2019\\\/10\\\/30412603_1433256986778936_7423337346222918284_n.jpg\",\"datePublished\":\"2019-10-29T19:02:42+00:00\",\"dateModified\":\"2019-11-09T12:53:40+00:00\",\"breadcrumb\":{\"@id\":\"https:\\\/\\\/www.elmedanotenerife.es\\\/ru\\\/profesionales\\\/clinica-odontologia-y-estetica-vivanta\\\/#breadcrumb\"},\"inLanguage\":\"ru-RU\",\"potentialAction\":[{\"@type\":\"ReadAction\",\"target\":[\"https:\\\/\\\/www.elmedanotenerife.es\\\/ru\\\/profesionales\\\/clinica-odontologia-y-estetica-vivanta\\\/\"]}]},{\"@type\":\"ImageObject\",\"inLanguage\":\"ru-RU\",\"@id\":\"https:\\\/\\\/www.elmedanotenerife.es\\\/ru\\\/profesionales\\\/clinica-odontologia-y-estetica-vivanta\\\/#primaryimage\",\"url\":\"https:\\\/\\\/www.elmedanotenerife.es\\\/wp-content\\\/uploads\\\/2019\\\/10\\\/30412603_1433256986778936_7423337346222918284_n.jpg\",\"contentUrl\":\"https:\\\/\\\/www.elmedanotenerife.es\\\/wp-content\\\/uploads\\\/2019\\\/10\\\/30412603_1433256986778936_7423337346222918284_n.jpg\",\"width\":851,\"height\":315},{\"@type\":\"BreadcrumbList\",\"@id\":\"https:\\\/\\\/www.elmedanotenerife.es\\\/ru\\\/profesionales\\\/clinica-odontologia-y-estetica-vivanta\\\/#breadcrumb\",\"itemListElement\":[{\"@type\":\"ListItem\",\"position\":1,\"name\":\"Portada\",\"item\":\"https:\\\/\\\/www.elmedanotenerife.es\\\/ru\\\/\"},{\"@type\":\"ListItem\",\"position\":2,\"name\":\"Profesionales\",\"item\":\"https:\\\/\\\/www.elmedanotenerife.es\\\/ru\\\/profesionales\\\/\"},{\"@type\":\"ListItem\",\"position\":3,\"name\":\"Clinica odontolog\u00eda y est\u00e9tica Vivanta\"}]},{\"@type\":\"WebSite\",\"@id\":\"https:\\\/\\\/www.elmedanotenerife.es\\\/ru\\\/#website\",\"url\":\"https:\\\/\\\/www.elmedanotenerife.es\\\/ru\\\/\",\"name\":\"El M\u00e9dano Tenerife\",\"description\":\"\",\"potentialAction\":[{\"@type\":\"SearchAction\",\"target\":{\"@type\":\"EntryPoint\",\"urlTemplate\":\"https:\\\/\\\/www.elmedanotenerife.es\\\/ru\\\/?s={search_term_string}\"},\"query-input\":{\"@type\":\"PropertyValueSpecification\",\"valueRequired\":true,\"valueName\":\"search_term_string\"}}],\"inLanguage\":\"ru-RU\"}]}<\/script>\n<!-- \/ Yoast SEO plugin. -->","yoast_head_json":{"title":"Clinica odontolog\u00eda y est\u00e9tica Vivanta - El M\u00e9dano Tenerife","robots":{"index":"index","follow":"follow","max-snippet":"max-snippet:-1","max-image-preview":"max-image-preview:large","max-video-preview":"max-video-preview:-1"},"canonical":"https:\/\/www.elmedanotenerife.es\/ru\/profesionales\/clinica-odontologia-y-estetica-vivanta\/","og_locale":"ru_RU","og_type":"article","og_title":"Clinica odontolog\u00eda y est\u00e9tica Vivanta - El M\u00e9dano Tenerife","og_description":"En Vivanta reunimos lo mejor de la odontolog\u00eda y la medicina est\u00e9tica, ofreci\u00e9ndote solo tratamientos con calidad garantizada. Centramos nuestra&hellip;","og_url":"https:\/\/www.elmedanotenerife.es\/ru\/profesionales\/clinica-odontologia-y-estetica-vivanta\/","og_site_name":"El M\u00e9dano Tenerife","article_modified_time":"2019-11-09T12:53:40+00:00","og_image":[{"width":851,"height":315,"url":"https:\/\/www.elmedanotenerife.es\/wp-content\/uploads\/2019\/10\/30412603_1433256986778936_7423337346222918284_n.jpg","type":"image\/jpeg"}],"twitter_card":"summary_large_image","twitter_misc":{"\u041f\u0440\u0438\u043c\u0435\u0440\u043d\u043e\u0435 \u0432\u0440\u0435\u043c\u044f \u0434\u043b\u044f \u0447\u0442\u0435\u043d\u0438\u044f":"1 \u043c\u0438\u043d\u0443\u0442\u0430"},"schema":{"@context":"https:\/\/schema.org","@graph":[{"@type":"WebPage","@id":"https:\/\/www.elmedanotenerife.es\/ru\/profesionales\/clinica-odontologia-y-estetica-vivanta\/","url":"https:\/\/www.elmedanotenerife.es\/ru\/profesionales\/clinica-odontologia-y-estetica-vivanta\/","name":"Clinica odontolog\u00eda y est\u00e9tica Vivanta - El M\u00e9dano Tenerife","isPartOf":{"@id":"https:\/\/www.elmedanotenerife.es\/ru\/#website"},"primaryImageOfPage":{"@id":"https:\/\/www.elmedanotenerife.es\/ru\/profesionales\/clinica-odontologia-y-estetica-vivanta\/#primaryimage"},"image":{"@id":"https:\/\/www.elmedanotenerife.es\/ru\/profesionales\/clinica-odontologia-y-estetica-vivanta\/#primaryimage"},"thumbnailUrl":"https:\/\/www.elmedanotenerife.es\/wp-content\/uploads\/2019\/10\/30412603_1433256986778936_7423337346222918284_n.jpg","datePublished":"2019-10-29T19:02:42+00:00","dateModified":"2019-11-09T12:53:40+00:00","breadcrumb":{"@id":"https:\/\/www.elmedanotenerife.es\/ru\/profesionales\/clinica-odontologia-y-estetica-vivanta\/#breadcrumb"},"inLanguage":"ru-RU","potentialAction":[{"@type":"ReadAction","target":["https:\/\/www.elmedanotenerife.es\/ru\/profesionales\/clinica-odontologia-y-estetica-vivanta\/"]}]},{"@type":"ImageObject","inLanguage":"ru-RU","@id":"https:\/\/www.elmedanotenerife.es\/ru\/profesionales\/clinica-odontologia-y-estetica-vivanta\/#primaryimage","url":"https:\/\/www.elmedanotenerife.es\/wp-content\/uploads\/2019\/10\/30412603_1433256986778936_7423337346222918284_n.jpg","contentUrl":"https:\/\/www.elmedanotenerife.es\/wp-content\/uploads\/2019\/10\/30412603_1433256986778936_7423337346222918284_n.jpg","width":851,"height":315},{"@type":"BreadcrumbList","@id":"https:\/\/www.elmedanotenerife.es\/ru\/profesionales\/clinica-odontologia-y-estetica-vivanta\/#breadcrumb","itemListElement":[{"@type":"ListItem","position":1,"name":"Portada","item":"https:\/\/www.elmedanotenerife.es\/ru\/"},{"@type":"ListItem","position":2,"name":"Profesionales","item":"https:\/\/www.elmedanotenerife.es\/ru\/profesionales\/"},{"@type":"ListItem","position":3,"name":"Clinica odontolog\u00eda y est\u00e9tica Vivanta"}]},{"@type":"WebSite","@id":"https:\/\/www.elmedanotenerife.es\/ru\/#website","url":"https:\/\/www.elmedanotenerife.es\/ru\/","name":"El M\u00e9dano Tenerife","description":"","potentialAction":[{"@type":"SearchAction","target":{"@type":"EntryPoint","urlTemplate":"https:\/\/www.elmedanotenerife.es\/ru\/?s={search_term_string}"},"query-input":{"@type":"PropertyValueSpecification","valueRequired":true,"valueName":"search_term_string"}}],"inLanguage":"ru-RU"}]}},"cmb2":{"listing_profesionales_general":{"listing_title":"Clinica odontolog\u00eda y est\u00e9tica Vivanta","listing_description":"<p style=\"text-align: justify;\">En Vivanta reunimos lo mejor de la odontolog\u00eda y la medicina est\u00e9tica, ofreci\u00e9ndote solo tratamientos con calidad garantizada. Centramos nuestra filosof\u00eda en tu cuidado integral, bas\u00e1ndolo en el rigor y la atenci\u00f3n personalizada. Somos la \u00fanica red de cl\u00ednicas en Europa que a\u00fana las especialidades m\u00e9dicas de odontolog\u00eda y medicina est\u00e9tica, lo que nos permite mantener una visi\u00f3n global de tu salud y tu bienestar. No solo somos dentistas.<\/p>\r\n<p style=\"text-align: justify;\">En Vivanta queremos que conf\u00edes plenamente en tus posibilidades, te ayudamos a dar el paso para hacer lo que realmente quieres hacer.<\/p>","listing_featured_image":"https:\/\/www.elmedanotenerife.es\/wp-content\/uploads\/2019\/10\/30412603_1433256986778936_7423337346222918284_n.jpg","listing_featured_image_id":""},"listing_profesionales_branding":{"listing_slogan":"","listing_brand_color":"","listing_logo":"https:\/\/www.elmedanotenerife.es\/wp-content\/uploads\/2019\/10\/30440748_1433302663441035_6057938858628028141_n.png","listing_logo_id":"9426"},"listing_profesionales_banner":{"listing_banner":"banner_featured_image","listing_banner_map_zoom":"12","listing_banner_map_type":"SATELLITE","listing_banner_map_marker":""},"listing_profesionales_listing_category":{"listing_listing_category":["profesionales","salud"]},"listing_profesionales_location":{"listing_locations":["el-medano"],"listing_map_location":{"address":"Cl\u00ednicas Vivanta, El M\u00e9dano, Espa\u00f1a","latitude":"28.045596","longitude":"-16.538573000000042"},"listing_map_location_polygon":"","listing_street_view":"","listing_street_view_location":{"latitude":"37.81240457820649","longitude":"-122.47607752956912","zoom":"1","heading":"-18","pitch":"25"},"listing_inside_view":"","listing_inside_view_location":{"latitude":"37.81240457820649","longitude":"-122.47607752956912","zoom":"1","heading":"-18","pitch":"25"}}},"_links":{"self":[{"href":"https:\/\/www.elmedanotenerife.es\/ru\/wp-json\/wp\/v2\/profesionales\/9423","targetHints":{"allow":["GET"]}}],"collection":[{"href":"https:\/\/www.elmedanotenerife.es\/ru\/wp-json\/wp\/v2\/profesionales"}],"about":[{"href":"https:\/\/www.elmedanotenerife.es\/ru\/wp-json\/wp\/v2\/types\/profesionales"}],"author":[{"embeddable":true,"href":"https:\/\/www.elmedanotenerife.es\/ru\/wp-json\/wp\/v2\/users\/1"}],"replies":[{"embeddable":true,"href":"https:\/\/www.elmedanotenerife.es\/ru\/wp-json\/wp\/v2\/comments?post=9423"}],"wp:featuredmedia":[{"embeddable":true,"href":"https:\/\/www.elmedanotenerife.es\/ru\/wp-json\/wp\/v2\/media\/9425"}],"wp:attachment":[{"href":"https:\/\/www.elmedanotenerife.es\/ru\/wp-json\/wp\/v2\/media?parent=9423"}],"wp:term":[{"taxonomy":"locations","embeddable":true,"href":"https:\/\/www.elmedanotenerife.es\/ru\/wp-json\/wp\/v2\/locations?post=9423"},{"taxonomy":"listing_categories","embeddable":true,"href":"https:\/\/www.elmedanotenerife.es\/ru\/wp-json\/wp\/v2\/listing_categories?post=9423"}],"curies":[{"name":"wp","href":"https:\/\/api.w.org\/{rel}","templated":true}]}}

Clinica odontología y estética Vivanta

<p style="text-align: justify;">En Vivanta reunimos lo mejor de la odontología y la medicina estética, ofreciéndote solo tratamientos con calidad garantizada. Centramos nuestra filosofía en tu cuidado integral, basándolo en el rigor y la atención personalizada. Somos la única red de clínicas en Europa que aúna las especialidades médicas de odontología y medicina estética, lo que nos permite mantener una visión global de tu salud y tu bienestar. No solo somos dentistas.</p>
<p style="text-align: justify;">En Vivanta queremos que confíes plenamente en tus posibilidades, te ayudamos a dar el paso para hacer lo que realmente quieres hacer.</p>

<!-- This site is optimized with the Yoast SEO plugin v27.5 - https://yoast.com/product/yoast-seo-wordpress/ -->
<title>Clinica odontología y estética Vivanta - El Médano Tenerife</title>
<meta name="robots" content="index, follow, max-snippet:-1, max-image-preview:large, max-video-preview:-1" />
<link rel="canonical" href="https://www.elmedanotenerife.es/ru/profesionales/clinica-odontologia-y-estetica-vivanta/" />
<meta property="og:locale" content="ru_RU" />
<meta property="og:type" content="article" />
<meta property="og:title" content="Clinica odontología y estética Vivanta - El Médano Tenerife" />
<meta property="og:description" content="En Vivanta reunimos lo mejor de la odontología y la medicina estética, ofreciéndote solo tratamientos con calidad garantizada. Centramos nuestra&hellip;" />
<meta property="og:url" content="https://www.elmedanotenerife.es/ru/profesionales/clinica-odontologia-y-estetica-vivanta/" />
<meta property="og:site_name" content="El Médano Tenerife" />
<meta property="article:modified_time" content="2019-11-09T12:53:40+00:00" />
<meta property="og:image" content="https://www.elmedanotenerife.es/wp-content/uploads/2019/10/30412603_1433256986778936_7423337346222918284_n.jpg" />
	<meta property="og:image:width" content="851" />
	<meta property="og:image:height" content="315" />
	<meta property="og:image:type" content="image/jpeg" />
<meta name="twitter:card" content="summary_large_image" />
<meta name="twitter:label1" content="Примерное время для чтения" />
	<meta name="twitter:data1" content="1 минута" />
<script type="application/ld+json" class="yoast-schema-graph">{"@context":"https:\/\/schema.org","@graph":[{"@type":"WebPage","@id":"https:\/\/www.elmedanotenerife.es\/ru\/profesionales\/clinica-odontologia-y-estetica-vivanta\/","url":"https:\/\/www.elmedanotenerife.es\/ru\/profesionales\/clinica-odontologia-y-estetica-vivanta\/","name":"Clinica odontología y estética Vivanta - El Médano Tenerife","isPartOf":{"@id":"https:\/\/www.elmedanotenerife.es\/ru\/#website"},"primaryImageOfPage":{"@id":"https:\/\/www.elmedanotenerife.es\/ru\/profesionales\/clinica-odontologia-y-estetica-vivanta\/#primaryimage"},"image":{"@id":"https:\/\/www.elmedanotenerife.es\/ru\/profesionales\/clinica-odontologia-y-estetica-vivanta\/#primaryimage"},"thumbnailUrl":"https:\/\/www.elmedanotenerife.es\/wp-content\/uploads\/2019\/10\/30412603_1433256986778936_7423337346222918284_n.jpg","datePublished":"2019-10-29T19:02:42+00:00","dateModified":"2019-11-09T12:53:40+00:00","breadcrumb":{"@id":"https:\/\/www.elmedanotenerife.es\/ru\/profesionales\/clinica-odontologia-y-estetica-vivanta\/#breadcrumb"},"inLanguage":"ru-RU","potentialAction":[{"@type":"ReadAction","target":["https:\/\/www.elmedanotenerife.es\/ru\/profesionales\/clinica-odontologia-y-estetica-vivanta\/"]}]},{"@type":"ImageObject","inLanguage":"ru-RU","@id":"https:\/\/www.elmedanotenerife.es\/ru\/profesionales\/clinica-odontologia-y-estetica-vivanta\/#primaryimage","url":"https:\/\/www.elmedanotenerife.es\/wp-content\/uploads\/2019\/10\/30412603_1433256986778936_7423337346222918284_n.jpg","contentUrl":"https:\/\/www.elmedanotenerife.es\/wp-content\/uploads\/2019\/10\/30412603_1433256986778936_7423337346222918284_n.jpg","width":851,"height":315},{"@type":"BreadcrumbList","@id":"https:\/\/www.elmedanotenerife.es\/ru\/profesionales\/clinica-odontologia-y-estetica-vivanta\/#breadcrumb","itemListElement":[{"@type":"ListItem","position":1,"name":"Portada","item":"https:\/\/www.elmedanotenerife.es\/ru\/"},{"@type":"ListItem","position":2,"name":"Profesionales","item":"https:\/\/www.elmedanotenerife.es\/ru\/profesionales\/"},{"@type":"ListItem","position":3,"name":"Clinica odontología y estética Vivanta"}]},{"@type":"WebSite","@id":"https:\/\/www.elmedanotenerife.es\/ru\/#website","url":"https:\/\/www.elmedanotenerife.es\/ru\/","name":"El Médano Tenerife","description":"","potentialAction":[{"@type":"SearchAction","target":{"@type":"EntryPoint","urlTemplate":"https:\/\/www.elmedanotenerife.es\/ru\/?s={search_term_string}"},"query-input":{"@type":"PropertyValueSpecification","valueRequired":true,"valueName":"search_term_string"}}],"inLanguage":"ru-RU"}]}</script>
<!-- / Yoast SEO plugin. -->

Clinica odontología y estética Vivanta - El Médano Tenerife

En Vivanta reunimos lo mejor de la odontología y la medicina estética, ofreciéndote solo tratamientos con calidad garantizada. Centramos nuestra&hellip;

El Médano Tenerife

1 минута

<p style="text-align: justify;">En Vivanta reunimos lo mejor de la odontología y la medicina estética, ofreciéndote solo tratamientos con calidad garantizada. Centramos nuestra filosofía en tu cuidado integral, basándolo en el rigor y la atención personalizada. Somos la única red de clínicas en Europa que aúna las especialidades médicas de odontología y medicina estética, lo que nos permite mantener una visión global de tu salud y tu bienestar. No solo somos dentistas.</p>
<p style="text-align: justify;">En Vivanta queremos que confíes plenamente en tus posibilidades, te ayudamos a dar el paso para hacer lo que realmente quieres hacer.</p>

Clínicas Vivanta, El Médano, España
