{"id":9619,"date":"2019-10-30T14:38:37","date_gmt":"2019-10-30T12:38:37","guid":{"rendered":"https:\/\/www.elmedanotenerife.es\/?post_type=profesionales&#038;p=9619"},"modified":"2020-02-15T14:16:49","modified_gmt":"2020-02-15T12:16:49","slug":"enigma-salon-de-belleza","status":"publish","type":"profesionales","link":"https:\/\/www.elmedanotenerife.es\/ru\/profesionales\/enigma-salon-de-belleza\/","title":{"rendered":"Enigma Sal\u00f3n de Belleza"},"content":{"rendered":"<div class=\"_5aj7 _3-8j\">\n<div class=\"_4bl9\">\n<div class=\"_3-8w\" style=\"text-align: justify;\">Un Centro de Belleza donde ponemos cosm\u00e9tica de alta gama a tu alcance y apostamos por una belleza natural con tratamientos est\u00e9ticos dise\u00f1ados con detalle. Marcas capilares con resultados extraordinarios y comprometidos con el medio ambiente.<\/div>\n<\/div>\n<\/div>\n<div class=\"_5aj7 _3-8j\">\n<div class=\"_50f4\" style=\"text-align: justify;\"><\/div>\n<div class=\"_4bl9\">\n<div class=\"_3-8w\" style=\"text-align: justify;\">Servicios de Peluquer\u00eda y Est\u00e9tica, en un ambiente personalizado y con cosm\u00e9tica de alta calidad.<\/div>\n<\/div>\n<\/div>\n","protected":false},"author":1,"featured_media":10419,"comment_status":"open","ping_status":"closed","template":"","locations":[326],"listing_categories":[480,414],"class_list":["post-9619","profesionales","type-profesionales","status-publish","has-post-thumbnail","hentry","locations-el-medano","listing_categories-belleza","listing_categories-peluquerias"],"yoast_head":"<!-- This site is optimized with the Yoast SEO plugin v27.5 - https:\/\/yoast.com\/product\/yoast-seo-wordpress\/ -->\n<title>Enigma Sal\u00f3n de Belleza - El M\u00e9dano Tenerife<\/title>\n<meta name=\"robots\" content=\"index, follow, max-snippet:-1, max-image-preview:large, max-video-preview:-1\" \/>\n<link rel=\"canonical\" href=\"https:\/\/www.elmedanotenerife.es\/ru\/profesionales\/enigma-salon-de-belleza\/\" \/>\n<meta property=\"og:locale\" content=\"ru_RU\" \/>\n<meta property=\"og:type\" content=\"article\" \/>\n<meta property=\"og:title\" content=\"Enigma Sal\u00f3n de Belleza - El M\u00e9dano Tenerife\" \/>\n<meta property=\"og:description\" content=\"Un Centro de Belleza donde ponemos cosm\u00e9tica de alta gama a tu alcance y apostamos por una belleza natural con&hellip;\" \/>\n<meta property=\"og:url\" content=\"https:\/\/www.elmedanotenerife.es\/ru\/profesionales\/enigma-salon-de-belleza\/\" \/>\n<meta property=\"og:site_name\" content=\"El M\u00e9dano Tenerife\" \/>\n<meta property=\"article:modified_time\" content=\"2020-02-15T12:16:49+00:00\" \/>\n<meta property=\"og:image\" content=\"https:\/\/www.elmedanotenerife.es\/wp-content\/uploads\/2019\/10\/enigma-1.jpg\" \/>\n\t<meta property=\"og:image:width\" content=\"1600\" \/>\n\t<meta property=\"og:image:height\" content=\"1257\" \/>\n\t<meta property=\"og:image:type\" content=\"image\/jpeg\" \/>\n<meta name=\"twitter:card\" content=\"summary_large_image\" \/>\n<script type=\"application\/ld+json\" class=\"yoast-schema-graph\">{\"@context\":\"https:\\\/\\\/schema.org\",\"@graph\":[{\"@type\":\"WebPage\",\"@id\":\"https:\\\/\\\/www.elmedanotenerife.es\\\/ru\\\/profesionales\\\/enigma-salon-de-belleza\\\/\",\"url\":\"https:\\\/\\\/www.elmedanotenerife.es\\\/ru\\\/profesionales\\\/enigma-salon-de-belleza\\\/\",\"name\":\"Enigma Sal\u00f3n de Belleza - El M\u00e9dano Tenerife\",\"isPartOf\":{\"@id\":\"https:\\\/\\\/www.elmedanotenerife.es\\\/ru\\\/#website\"},\"primaryImageOfPage\":{\"@id\":\"https:\\\/\\\/www.elmedanotenerife.es\\\/ru\\\/profesionales\\\/enigma-salon-de-belleza\\\/#primaryimage\"},\"image\":{\"@id\":\"https:\\\/\\\/www.elmedanotenerife.es\\\/ru\\\/profesionales\\\/enigma-salon-de-belleza\\\/#primaryimage\"},\"thumbnailUrl\":\"https:\\\/\\\/www.elmedanotenerife.es\\\/wp-content\\\/uploads\\\/2019\\\/10\\\/enigma-1.jpg\",\"datePublished\":\"2019-10-30T12:38:37+00:00\",\"dateModified\":\"2020-02-15T12:16:49+00:00\",\"breadcrumb\":{\"@id\":\"https:\\\/\\\/www.elmedanotenerife.es\\\/ru\\\/profesionales\\\/enigma-salon-de-belleza\\\/#breadcrumb\"},\"inLanguage\":\"ru-RU\",\"potentialAction\":[{\"@type\":\"ReadAction\",\"target\":[\"https:\\\/\\\/www.elmedanotenerife.es\\\/ru\\\/profesionales\\\/enigma-salon-de-belleza\\\/\"]}]},{\"@type\":\"ImageObject\",\"inLanguage\":\"ru-RU\",\"@id\":\"https:\\\/\\\/www.elmedanotenerife.es\\\/ru\\\/profesionales\\\/enigma-salon-de-belleza\\\/#primaryimage\",\"url\":\"https:\\\/\\\/www.elmedanotenerife.es\\\/wp-content\\\/uploads\\\/2019\\\/10\\\/enigma-1.jpg\",\"contentUrl\":\"https:\\\/\\\/www.elmedanotenerife.es\\\/wp-content\\\/uploads\\\/2019\\\/10\\\/enigma-1.jpg\",\"width\":1600,\"height\":1257},{\"@type\":\"BreadcrumbList\",\"@id\":\"https:\\\/\\\/www.elmedanotenerife.es\\\/ru\\\/profesionales\\\/enigma-salon-de-belleza\\\/#breadcrumb\",\"itemListElement\":[{\"@type\":\"ListItem\",\"position\":1,\"name\":\"Portada\",\"item\":\"https:\\\/\\\/www.elmedanotenerife.es\\\/ru\\\/\"},{\"@type\":\"ListItem\",\"position\":2,\"name\":\"Profesionales\",\"item\":\"https:\\\/\\\/www.elmedanotenerife.es\\\/ru\\\/profesionales\\\/\"},{\"@type\":\"ListItem\",\"position\":3,\"name\":\"Enigma Sal\u00f3n de Belleza\"}]},{\"@type\":\"WebSite\",\"@id\":\"https:\\\/\\\/www.elmedanotenerife.es\\\/ru\\\/#website\",\"url\":\"https:\\\/\\\/www.elmedanotenerife.es\\\/ru\\\/\",\"name\":\"El M\u00e9dano Tenerife\",\"description\":\"\",\"potentialAction\":[{\"@type\":\"SearchAction\",\"target\":{\"@type\":\"EntryPoint\",\"urlTemplate\":\"https:\\\/\\\/www.elmedanotenerife.es\\\/ru\\\/?s={search_term_string}\"},\"query-input\":{\"@type\":\"PropertyValueSpecification\",\"valueRequired\":true,\"valueName\":\"search_term_string\"}}],\"inLanguage\":\"ru-RU\"}]}<\/script>\n<!-- \/ Yoast SEO plugin. -->","yoast_head_json":{"title":"Enigma Sal\u00f3n de Belleza - El M\u00e9dano Tenerife","robots":{"index":"index","follow":"follow","max-snippet":"max-snippet:-1","max-image-preview":"max-image-preview:large","max-video-preview":"max-video-preview:-1"},"canonical":"https:\/\/www.elmedanotenerife.es\/ru\/profesionales\/enigma-salon-de-belleza\/","og_locale":"ru_RU","og_type":"article","og_title":"Enigma Sal\u00f3n de Belleza - El M\u00e9dano Tenerife","og_description":"Un Centro de Belleza donde ponemos cosm\u00e9tica de alta gama a tu alcance y apostamos por una belleza natural con&hellip;","og_url":"https:\/\/www.elmedanotenerife.es\/ru\/profesionales\/enigma-salon-de-belleza\/","og_site_name":"El M\u00e9dano Tenerife","article_modified_time":"2020-02-15T12:16:49+00:00","og_image":[{"width":1600,"height":1257,"url":"https:\/\/www.elmedanotenerife.es\/wp-content\/uploads\/2019\/10\/enigma-1.jpg","type":"image\/jpeg"}],"twitter_card":"summary_large_image","schema":{"@context":"https:\/\/schema.org","@graph":[{"@type":"WebPage","@id":"https:\/\/www.elmedanotenerife.es\/ru\/profesionales\/enigma-salon-de-belleza\/","url":"https:\/\/www.elmedanotenerife.es\/ru\/profesionales\/enigma-salon-de-belleza\/","name":"Enigma Sal\u00f3n de Belleza - El M\u00e9dano Tenerife","isPartOf":{"@id":"https:\/\/www.elmedanotenerife.es\/ru\/#website"},"primaryImageOfPage":{"@id":"https:\/\/www.elmedanotenerife.es\/ru\/profesionales\/enigma-salon-de-belleza\/#primaryimage"},"image":{"@id":"https:\/\/www.elmedanotenerife.es\/ru\/profesionales\/enigma-salon-de-belleza\/#primaryimage"},"thumbnailUrl":"https:\/\/www.elmedanotenerife.es\/wp-content\/uploads\/2019\/10\/enigma-1.jpg","datePublished":"2019-10-30T12:38:37+00:00","dateModified":"2020-02-15T12:16:49+00:00","breadcrumb":{"@id":"https:\/\/www.elmedanotenerife.es\/ru\/profesionales\/enigma-salon-de-belleza\/#breadcrumb"},"inLanguage":"ru-RU","potentialAction":[{"@type":"ReadAction","target":["https:\/\/www.elmedanotenerife.es\/ru\/profesionales\/enigma-salon-de-belleza\/"]}]},{"@type":"ImageObject","inLanguage":"ru-RU","@id":"https:\/\/www.elmedanotenerife.es\/ru\/profesionales\/enigma-salon-de-belleza\/#primaryimage","url":"https:\/\/www.elmedanotenerife.es\/wp-content\/uploads\/2019\/10\/enigma-1.jpg","contentUrl":"https:\/\/www.elmedanotenerife.es\/wp-content\/uploads\/2019\/10\/enigma-1.jpg","width":1600,"height":1257},{"@type":"BreadcrumbList","@id":"https:\/\/www.elmedanotenerife.es\/ru\/profesionales\/enigma-salon-de-belleza\/#breadcrumb","itemListElement":[{"@type":"ListItem","position":1,"name":"Portada","item":"https:\/\/www.elmedanotenerife.es\/ru\/"},{"@type":"ListItem","position":2,"name":"Profesionales","item":"https:\/\/www.elmedanotenerife.es\/ru\/profesionales\/"},{"@type":"ListItem","position":3,"name":"Enigma Sal\u00f3n de Belleza"}]},{"@type":"WebSite","@id":"https:\/\/www.elmedanotenerife.es\/ru\/#website","url":"https:\/\/www.elmedanotenerife.es\/ru\/","name":"El M\u00e9dano Tenerife","description":"","potentialAction":[{"@type":"SearchAction","target":{"@type":"EntryPoint","urlTemplate":"https:\/\/www.elmedanotenerife.es\/ru\/?s={search_term_string}"},"query-input":{"@type":"PropertyValueSpecification","valueRequired":true,"valueName":"search_term_string"}}],"inLanguage":"ru-RU"}]}},"cmb2":{"listing_profesionales_general":{"listing_title":"Enigma Sal\u00f3n de Belleza","listing_description":"<div class=\"_5aj7 _3-8j\">\r\n<div class=\"_4bl9\">\r\n<div class=\"_3-8w\" style=\"text-align: justify;\">Un Centro de Belleza donde ponemos cosm\u00e9tica de alta gama a tu alcance y apostamos por una belleza natural con tratamientos est\u00e9ticos dise\u00f1ados con detalle. Marcas capilares con resultados extraordinarios y comprometidos con el medio ambiente.<\/div>\r\n<\/div>\r\n<\/div>\r\n<div class=\"_5aj7 _3-8j\">\r\n<div class=\"_50f4\" style=\"text-align: justify;\"><\/div>\r\n<div class=\"_4bl9\">\r\n<div class=\"_3-8w\" style=\"text-align: justify;\">Servicios de Peluquer\u00eda y Est\u00e9tica, en un ambiente personalizado y con cosm\u00e9tica de alta calidad.<\/div>\r\n<\/div>\r\n<\/div>","listing_featured_image":"https:\/\/www.elmedanotenerife.es\/wp-content\/uploads\/2019\/10\/enigma-1.jpg","listing_featured_image_id":""},"listing_profesionales_branding":{"listing_slogan":"","listing_brand_color":"","listing_logo":"","listing_logo_id":""},"listing_profesionales_banner":{"listing_banner":"banner_featured_image","listing_banner_map_zoom":"12","listing_banner_map_type":"SATELLITE","listing_banner_map_marker":""},"listing_profesionales_listing_category":{"listing_listing_category":["peluquerias"]},"listing_profesionales_location":{"listing_locations":["el-medano"],"listing_map_location":{"address":"Calle Viera y Clavijo, 6, El M\u00e9dano, Canarias, Spain","latitude":"28.0459062","longitude":"-16.538190399999962"},"listing_map_location_polygon":"","listing_street_view":"","listing_street_view_location":{"latitude":"37.81240457820649","longitude":"-122.47607752956912","zoom":"0.3864683470820731","heading":"-18","pitch":"25"},"listing_inside_view":"","listing_inside_view_location":{"latitude":"37.81240457820649","longitude":"-122.47607752956912","zoom":"0.3864683470820731","heading":"-18","pitch":"25"}}},"_links":{"self":[{"href":"https:\/\/www.elmedanotenerife.es\/ru\/wp-json\/wp\/v2\/profesionales\/9619","targetHints":{"allow":["GET"]}}],"collection":[{"href":"https:\/\/www.elmedanotenerife.es\/ru\/wp-json\/wp\/v2\/profesionales"}],"about":[{"href":"https:\/\/www.elmedanotenerife.es\/ru\/wp-json\/wp\/v2\/types\/profesionales"}],"author":[{"embeddable":true,"href":"https:\/\/www.elmedanotenerife.es\/ru\/wp-json\/wp\/v2\/users\/1"}],"replies":[{"embeddable":true,"href":"https:\/\/www.elmedanotenerife.es\/ru\/wp-json\/wp\/v2\/comments?post=9619"}],"wp:featuredmedia":[{"embeddable":true,"href":"https:\/\/www.elmedanotenerife.es\/ru\/wp-json\/wp\/v2\/media\/10419"}],"wp:attachment":[{"href":"https:\/\/www.elmedanotenerife.es\/ru\/wp-json\/wp\/v2\/media?parent=9619"}],"wp:term":[{"taxonomy":"locations","embeddable":true,"href":"https:\/\/www.elmedanotenerife.es\/ru\/wp-json\/wp\/v2\/locations?post=9619"},{"taxonomy":"listing_categories","embeddable":true,"href":"https:\/\/www.elmedanotenerife.es\/ru\/wp-json\/wp\/v2\/listing_categories?post=9619"}],"curies":[{"name":"wp","href":"https:\/\/api.w.org\/{rel}","templated":true}]}}

Enigma Salón de Belleza

<div class="_5aj7 _3-8j">
<div class="_4bl9">
<div class="_3-8w" style="text-align: justify;">Un Centro de Belleza donde ponemos cosmética de alta gama a tu alcance y apostamos por una belleza natural con tratamientos estéticos diseñados con detalle. Marcas capilares con resultados extraordinarios y comprometidos con el medio ambiente.</div>
</div>
</div>
<div class="_5aj7 _3-8j">
<div class="_50f4" style="text-align: justify;"></div>
<div class="_4bl9">
<div class="_3-8w" style="text-align: justify;">Servicios de Peluquería y Estética, en un ambiente personalizado y con cosmética de alta calidad.</div>
</div>
</div>

<!-- This site is optimized with the Yoast SEO plugin v27.5 - https://yoast.com/product/yoast-seo-wordpress/ -->
<title>Enigma Salón de Belleza - El Médano Tenerife</title>
<meta name="robots" content="index, follow, max-snippet:-1, max-image-preview:large, max-video-preview:-1" />
<link rel="canonical" href="https://www.elmedanotenerife.es/ru/profesionales/enigma-salon-de-belleza/" />
<meta property="og:locale" content="ru_RU" />
<meta property="og:type" content="article" />
<meta property="og:title" content="Enigma Salón de Belleza - El Médano Tenerife" />
<meta property="og:description" content="Un Centro de Belleza donde ponemos cosmética de alta gama a tu alcance y apostamos por una belleza natural con&hellip;" />
<meta property="og:url" content="https://www.elmedanotenerife.es/ru/profesionales/enigma-salon-de-belleza/" />
<meta property="og:site_name" content="El Médano Tenerife" />
<meta property="article:modified_time" content="2020-02-15T12:16:49+00:00" />
<meta property="og:image" content="https://www.elmedanotenerife.es/wp-content/uploads/2019/10/enigma-1.jpg" />
	<meta property="og:image:width" content="1600" />
	<meta property="og:image:height" content="1257" />
	<meta property="og:image:type" content="image/jpeg" />
<meta name="twitter:card" content="summary_large_image" />
<script type="application/ld+json" class="yoast-schema-graph">{"@context":"https:\/\/schema.org","@graph":[{"@type":"WebPage","@id":"https:\/\/www.elmedanotenerife.es\/ru\/profesionales\/enigma-salon-de-belleza\/","url":"https:\/\/www.elmedanotenerife.es\/ru\/profesionales\/enigma-salon-de-belleza\/","name":"Enigma Salón de Belleza - El Médano Tenerife","isPartOf":{"@id":"https:\/\/www.elmedanotenerife.es\/ru\/#website"},"primaryImageOfPage":{"@id":"https:\/\/www.elmedanotenerife.es\/ru\/profesionales\/enigma-salon-de-belleza\/#primaryimage"},"image":{"@id":"https:\/\/www.elmedanotenerife.es\/ru\/profesionales\/enigma-salon-de-belleza\/#primaryimage"},"thumbnailUrl":"https:\/\/www.elmedanotenerife.es\/wp-content\/uploads\/2019\/10\/enigma-1.jpg","datePublished":"2019-10-30T12:38:37+00:00","dateModified":"2020-02-15T12:16:49+00:00","breadcrumb":{"@id":"https:\/\/www.elmedanotenerife.es\/ru\/profesionales\/enigma-salon-de-belleza\/#breadcrumb"},"inLanguage":"ru-RU","potentialAction":[{"@type":"ReadAction","target":["https:\/\/www.elmedanotenerife.es\/ru\/profesionales\/enigma-salon-de-belleza\/"]}]},{"@type":"ImageObject","inLanguage":"ru-RU","@id":"https:\/\/www.elmedanotenerife.es\/ru\/profesionales\/enigma-salon-de-belleza\/#primaryimage","url":"https:\/\/www.elmedanotenerife.es\/wp-content\/uploads\/2019\/10\/enigma-1.jpg","contentUrl":"https:\/\/www.elmedanotenerife.es\/wp-content\/uploads\/2019\/10\/enigma-1.jpg","width":1600,"height":1257},{"@type":"BreadcrumbList","@id":"https:\/\/www.elmedanotenerife.es\/ru\/profesionales\/enigma-salon-de-belleza\/#breadcrumb","itemListElement":[{"@type":"ListItem","position":1,"name":"Portada","item":"https:\/\/www.elmedanotenerife.es\/ru\/"},{"@type":"ListItem","position":2,"name":"Profesionales","item":"https:\/\/www.elmedanotenerife.es\/ru\/profesionales\/"},{"@type":"ListItem","position":3,"name":"Enigma Salón de Belleza"}]},{"@type":"WebSite","@id":"https:\/\/www.elmedanotenerife.es\/ru\/#website","url":"https:\/\/www.elmedanotenerife.es\/ru\/","name":"El Médano Tenerife","description":"","potentialAction":[{"@type":"SearchAction","target":{"@type":"EntryPoint","urlTemplate":"https:\/\/www.elmedanotenerife.es\/ru\/?s={search_term_string}"},"query-input":{"@type":"PropertyValueSpecification","valueRequired":true,"valueName":"search_term_string"}}],"inLanguage":"ru-RU"}]}</script>
<!-- / Yoast SEO plugin. -->

Enigma Salón de Belleza - El Médano Tenerife

Un Centro de Belleza donde ponemos cosmética de alta gama a tu alcance y apostamos por una belleza natural con&hellip;

El Médano Tenerife

<div class="_5aj7 _3-8j">
<div class="_4bl9">
<div class="_3-8w" style="text-align: justify;">Un Centro de Belleza donde ponemos cosmética de alta gama a tu alcance y apostamos por una belleza natural con tratamientos estéticos diseñados con detalle. Marcas capilares con resultados extraordinarios y comprometidos con el medio ambiente.</div>
</div>
</div>
<div class="_5aj7 _3-8j">
<div class="_50f4" style="text-align: justify;"></div>
<div class="_4bl9">
<div class="_3-8w" style="text-align: justify;">Servicios de Peluquería y Estética, en un ambiente personalizado y con cosmética de alta calidad.</div>
</div>
</div>

Calle Viera y Clavijo, 6, El Médano, Canarias, Spain
