{"id":9639,"date":"2019-10-30T21:25:36","date_gmt":"2019-10-30T19:25:36","guid":{"rendered":"https:\/\/www.elmedanotenerife.es\/?post_type=profesionales&#038;p=9639"},"modified":"2019-11-09T12:48:02","modified_gmt":"2019-11-09T10:48:02","slug":"c-c-estilistas","status":"publish","type":"profesionales","link":"https:\/\/www.elmedanotenerife.es\/ru\/profesionales\/c-c-estilistas\/","title":{"rendered":"C &#038; C Estilistas"},"content":{"rendered":"<p style=\"text-align: justify;\">Personificamos todo tipo de tratamientos para la salud de tu cabello, personalizaremos tu corte, color y peinados seg\u00fan la morfolog\u00eda de tu cara y seg\u00fan el tipo de evento. Tratamos de mantener un espacio agradable y familiar para todo aqu\u00e9l que decida ponerse en nuestras manos. Te animo a que nos conozcas!!! Estar\u00e9mos encantados de tenerte con nosotros. Tenemos un abanico de servicios para ofrecerte, de la mano de profesionales cualificados.<\/p>\n","protected":false},"author":5,"featured_media":9638,"comment_status":"open","ping_status":"closed","template":"","locations":[326],"listing_categories":[414],"class_list":["post-9639","profesionales","type-profesionales","status-publish","has-post-thumbnail","hentry","locations-el-medano","listing_categories-peluquerias"],"yoast_head":"<!-- This site is optimized with the Yoast SEO plugin v27.5 - https:\/\/yoast.com\/product\/yoast-seo-wordpress\/ -->\n<title>C &amp; C Estilistas - El M\u00e9dano Tenerife<\/title>\n<meta name=\"robots\" content=\"index, follow, max-snippet:-1, max-image-preview:large, max-video-preview:-1\" \/>\n<link rel=\"canonical\" href=\"https:\/\/www.elmedanotenerife.es\/ru\/profesionales\/c-c-estilistas\/\" \/>\n<meta property=\"og:locale\" content=\"ru_RU\" \/>\n<meta property=\"og:type\" content=\"article\" \/>\n<meta property=\"og:title\" content=\"C &amp; C Estilistas - El M\u00e9dano Tenerife\" \/>\n<meta property=\"og:description\" content=\"Personificamos todo tipo de tratamientos para la salud de tu cabello, personalizaremos tu corte, color y peinados seg\u00fan la morfolog\u00eda&hellip;\" \/>\n<meta property=\"og:url\" content=\"https:\/\/www.elmedanotenerife.es\/ru\/profesionales\/c-c-estilistas\/\" \/>\n<meta property=\"og:site_name\" content=\"El M\u00e9dano Tenerife\" \/>\n<meta property=\"article:modified_time\" content=\"2019-11-09T10:48:02+00:00\" \/>\n<meta property=\"og:image\" content=\"https:\/\/www.elmedanotenerife.es\/wp-content\/uploads\/2019\/10\/TAMA-CENTRO.jpg\" \/>\n\t<meta property=\"og:image:width\" content=\"1280\" \/>\n\t<meta property=\"og:image:height\" content=\"622\" \/>\n\t<meta property=\"og:image:type\" content=\"image\/jpeg\" \/>\n<meta name=\"twitter:card\" content=\"summary_large_image\" \/>\n<script type=\"application\/ld+json\" class=\"yoast-schema-graph\">{\"@context\":\"https:\\\/\\\/schema.org\",\"@graph\":[{\"@type\":\"WebPage\",\"@id\":\"https:\\\/\\\/www.elmedanotenerife.es\\\/ru\\\/profesionales\\\/c-c-estilistas\\\/\",\"url\":\"https:\\\/\\\/www.elmedanotenerife.es\\\/ru\\\/profesionales\\\/c-c-estilistas\\\/\",\"name\":\"C & C Estilistas - El M\u00e9dano Tenerife\",\"isPartOf\":{\"@id\":\"https:\\\/\\\/www.elmedanotenerife.es\\\/ru\\\/#website\"},\"primaryImageOfPage\":{\"@id\":\"https:\\\/\\\/www.elmedanotenerife.es\\\/ru\\\/profesionales\\\/c-c-estilistas\\\/#primaryimage\"},\"image\":{\"@id\":\"https:\\\/\\\/www.elmedanotenerife.es\\\/ru\\\/profesionales\\\/c-c-estilistas\\\/#primaryimage\"},\"thumbnailUrl\":\"https:\\\/\\\/www.elmedanotenerife.es\\\/wp-content\\\/uploads\\\/2019\\\/10\\\/TAMA-CENTRO.jpg\",\"datePublished\":\"2019-10-30T19:25:36+00:00\",\"dateModified\":\"2019-11-09T10:48:02+00:00\",\"breadcrumb\":{\"@id\":\"https:\\\/\\\/www.elmedanotenerife.es\\\/ru\\\/profesionales\\\/c-c-estilistas\\\/#breadcrumb\"},\"inLanguage\":\"ru-RU\",\"potentialAction\":[{\"@type\":\"ReadAction\",\"target\":[\"https:\\\/\\\/www.elmedanotenerife.es\\\/ru\\\/profesionales\\\/c-c-estilistas\\\/\"]}]},{\"@type\":\"ImageObject\",\"inLanguage\":\"ru-RU\",\"@id\":\"https:\\\/\\\/www.elmedanotenerife.es\\\/ru\\\/profesionales\\\/c-c-estilistas\\\/#primaryimage\",\"url\":\"https:\\\/\\\/www.elmedanotenerife.es\\\/wp-content\\\/uploads\\\/2019\\\/10\\\/TAMA-CENTRO.jpg\",\"contentUrl\":\"https:\\\/\\\/www.elmedanotenerife.es\\\/wp-content\\\/uploads\\\/2019\\\/10\\\/TAMA-CENTRO.jpg\",\"width\":1280,\"height\":622},{\"@type\":\"BreadcrumbList\",\"@id\":\"https:\\\/\\\/www.elmedanotenerife.es\\\/ru\\\/profesionales\\\/c-c-estilistas\\\/#breadcrumb\",\"itemListElement\":[{\"@type\":\"ListItem\",\"position\":1,\"name\":\"Portada\",\"item\":\"https:\\\/\\\/www.elmedanotenerife.es\\\/ru\\\/\"},{\"@type\":\"ListItem\",\"position\":2,\"name\":\"Profesionales\",\"item\":\"https:\\\/\\\/www.elmedanotenerife.es\\\/ru\\\/profesionales\\\/\"},{\"@type\":\"ListItem\",\"position\":3,\"name\":\"C &#038; C Estilistas\"}]},{\"@type\":\"WebSite\",\"@id\":\"https:\\\/\\\/www.elmedanotenerife.es\\\/ru\\\/#website\",\"url\":\"https:\\\/\\\/www.elmedanotenerife.es\\\/ru\\\/\",\"name\":\"El M\u00e9dano Tenerife\",\"description\":\"\",\"potentialAction\":[{\"@type\":\"SearchAction\",\"target\":{\"@type\":\"EntryPoint\",\"urlTemplate\":\"https:\\\/\\\/www.elmedanotenerife.es\\\/ru\\\/?s={search_term_string}\"},\"query-input\":{\"@type\":\"PropertyValueSpecification\",\"valueRequired\":true,\"valueName\":\"search_term_string\"}}],\"inLanguage\":\"ru-RU\"}]}<\/script>\n<!-- \/ Yoast SEO plugin. -->","yoast_head_json":{"title":"C & C Estilistas - El M\u00e9dano Tenerife","robots":{"index":"index","follow":"follow","max-snippet":"max-snippet:-1","max-image-preview":"max-image-preview:large","max-video-preview":"max-video-preview:-1"},"canonical":"https:\/\/www.elmedanotenerife.es\/ru\/profesionales\/c-c-estilistas\/","og_locale":"ru_RU","og_type":"article","og_title":"C & C Estilistas - El M\u00e9dano Tenerife","og_description":"Personificamos todo tipo de tratamientos para la salud de tu cabello, personalizaremos tu corte, color y peinados seg\u00fan la morfolog\u00eda&hellip;","og_url":"https:\/\/www.elmedanotenerife.es\/ru\/profesionales\/c-c-estilistas\/","og_site_name":"El M\u00e9dano Tenerife","article_modified_time":"2019-11-09T10:48:02+00:00","og_image":[{"width":1280,"height":622,"url":"https:\/\/www.elmedanotenerife.es\/wp-content\/uploads\/2019\/10\/TAMA-CENTRO.jpg","type":"image\/jpeg"}],"twitter_card":"summary_large_image","schema":{"@context":"https:\/\/schema.org","@graph":[{"@type":"WebPage","@id":"https:\/\/www.elmedanotenerife.es\/ru\/profesionales\/c-c-estilistas\/","url":"https:\/\/www.elmedanotenerife.es\/ru\/profesionales\/c-c-estilistas\/","name":"C & C Estilistas - El M\u00e9dano Tenerife","isPartOf":{"@id":"https:\/\/www.elmedanotenerife.es\/ru\/#website"},"primaryImageOfPage":{"@id":"https:\/\/www.elmedanotenerife.es\/ru\/profesionales\/c-c-estilistas\/#primaryimage"},"image":{"@id":"https:\/\/www.elmedanotenerife.es\/ru\/profesionales\/c-c-estilistas\/#primaryimage"},"thumbnailUrl":"https:\/\/www.elmedanotenerife.es\/wp-content\/uploads\/2019\/10\/TAMA-CENTRO.jpg","datePublished":"2019-10-30T19:25:36+00:00","dateModified":"2019-11-09T10:48:02+00:00","breadcrumb":{"@id":"https:\/\/www.elmedanotenerife.es\/ru\/profesionales\/c-c-estilistas\/#breadcrumb"},"inLanguage":"ru-RU","potentialAction":[{"@type":"ReadAction","target":["https:\/\/www.elmedanotenerife.es\/ru\/profesionales\/c-c-estilistas\/"]}]},{"@type":"ImageObject","inLanguage":"ru-RU","@id":"https:\/\/www.elmedanotenerife.es\/ru\/profesionales\/c-c-estilistas\/#primaryimage","url":"https:\/\/www.elmedanotenerife.es\/wp-content\/uploads\/2019\/10\/TAMA-CENTRO.jpg","contentUrl":"https:\/\/www.elmedanotenerife.es\/wp-content\/uploads\/2019\/10\/TAMA-CENTRO.jpg","width":1280,"height":622},{"@type":"BreadcrumbList","@id":"https:\/\/www.elmedanotenerife.es\/ru\/profesionales\/c-c-estilistas\/#breadcrumb","itemListElement":[{"@type":"ListItem","position":1,"name":"Portada","item":"https:\/\/www.elmedanotenerife.es\/ru\/"},{"@type":"ListItem","position":2,"name":"Profesionales","item":"https:\/\/www.elmedanotenerife.es\/ru\/profesionales\/"},{"@type":"ListItem","position":3,"name":"C &#038; C Estilistas"}]},{"@type":"WebSite","@id":"https:\/\/www.elmedanotenerife.es\/ru\/#website","url":"https:\/\/www.elmedanotenerife.es\/ru\/","name":"El M\u00e9dano Tenerife","description":"","potentialAction":[{"@type":"SearchAction","target":{"@type":"EntryPoint","urlTemplate":"https:\/\/www.elmedanotenerife.es\/ru\/?s={search_term_string}"},"query-input":{"@type":"PropertyValueSpecification","valueRequired":true,"valueName":"search_term_string"}}],"inLanguage":"ru-RU"}]}},"cmb2":{"listing_profesionales_general":{"listing_title":"C &#038; C Estilistas","listing_description":"<p style=\"text-align: justify;\">Personificamos todo tipo de tratamientos para la salud de tu cabello, personalizaremos tu corte, color y peinados seg\u00fan la morfolog\u00eda de tu cara y seg\u00fan el tipo de evento. Tratamos de mantener un espacio agradable y familiar para todo aqu\u00e9l que decida ponerse en nuestras manos. Te animo a que nos conozcas!!! Estar\u00e9mos encantados de tenerte con nosotros. Tenemos un abanico de servicios para ofrecerte, de la mano de profesionales cualificados.<\/p>","listing_featured_image":"https:\/\/www.elmedanotenerife.es\/wp-content\/uploads\/2019\/10\/TAMA-CENTRO.jpg","listing_featured_image_id":""},"listing_profesionales_branding":{"listing_slogan":"","listing_brand_color":"","listing_logo":"https:\/\/www.elmedanotenerife.es\/wp-content\/uploads\/2019\/10\/CC-ESTILISTAS-3.jpg","listing_logo_id":"9641"},"listing_profesionales_banner":{"listing_banner":"banner_featured_image","listing_banner_map_zoom":"12","listing_banner_map_type":"SATELLITE","listing_banner_map_marker":""},"listing_profesionales_listing_category":{"listing_listing_category":["peluquerias"]},"listing_profesionales_location":{"listing_locations":["el-medano"],"listing_map_location":{"address":"Avenida Pr\u00edncipes de Espa\u00f1a, 3, El M\u00e9dano, Espa\u00f1a","latitude":"28.045791548331735","longitude":"-16.538577930059432"},"listing_map_location_polygon":"","listing_street_view":"on","listing_street_view_location":{"latitude":"28.04580357763952","longitude":"-16.538515871869322","zoom":"1.7889999999999997","heading":"262.547","pitch":"-6.772000000000006"},"listing_inside_view":"on","listing_inside_view_location":{"latitude":"28.04580357763952","longitude":"-16.538515871869322","zoom":"1.8070000000000004","heading":"308.297","pitch":"-10.129999999999995"}}},"_links":{"self":[{"href":"https:\/\/www.elmedanotenerife.es\/ru\/wp-json\/wp\/v2\/profesionales\/9639","targetHints":{"allow":["GET"]}}],"collection":[{"href":"https:\/\/www.elmedanotenerife.es\/ru\/wp-json\/wp\/v2\/profesionales"}],"about":[{"href":"https:\/\/www.elmedanotenerife.es\/ru\/wp-json\/wp\/v2\/types\/profesionales"}],"author":[{"embeddable":true,"href":"https:\/\/www.elmedanotenerife.es\/ru\/wp-json\/wp\/v2\/users\/5"}],"replies":[{"embeddable":true,"href":"https:\/\/www.elmedanotenerife.es\/ru\/wp-json\/wp\/v2\/comments?post=9639"}],"wp:featuredmedia":[{"embeddable":true,"href":"https:\/\/www.elmedanotenerife.es\/ru\/wp-json\/wp\/v2\/media\/9638"}],"wp:attachment":[{"href":"https:\/\/www.elmedanotenerife.es\/ru\/wp-json\/wp\/v2\/media?parent=9639"}],"wp:term":[{"taxonomy":"locations","embeddable":true,"href":"https:\/\/www.elmedanotenerife.es\/ru\/wp-json\/wp\/v2\/locations?post=9639"},{"taxonomy":"listing_categories","embeddable":true,"href":"https:\/\/www.elmedanotenerife.es\/ru\/wp-json\/wp\/v2\/listing_categories?post=9639"}],"curies":[{"name":"wp","href":"https:\/\/api.w.org\/{rel}","templated":true}]}}

<p style="text-align: justify;">Personificamos todo tipo de tratamientos para la salud de tu cabello, personalizaremos tu corte, color y peinados según la morfología de tu cara y según el tipo de evento. Tratamos de mantener un espacio agradable y familiar para todo aquél que decida ponerse en nuestras manos. Te animo a que nos conozcas!!! Estarémos encantados de tenerte con nosotros. Tenemos un abanico de servicios para ofrecerte, de la mano de profesionales cualificados.</p>

<!-- This site is optimized with the Yoast SEO plugin v27.5 - https://yoast.com/product/yoast-seo-wordpress/ -->
<title>C &amp; C Estilistas - El Médano Tenerife</title>
<meta name="robots" content="index, follow, max-snippet:-1, max-image-preview:large, max-video-preview:-1" />
<link rel="canonical" href="https://www.elmedanotenerife.es/ru/profesionales/c-c-estilistas/" />
<meta property="og:locale" content="ru_RU" />
<meta property="og:type" content="article" />
<meta property="og:title" content="C &amp; C Estilistas - El Médano Tenerife" />
<meta property="og:description" content="Personificamos todo tipo de tratamientos para la salud de tu cabello, personalizaremos tu corte, color y peinados según la morfología&hellip;" />
<meta property="og:url" content="https://www.elmedanotenerife.es/ru/profesionales/c-c-estilistas/" />
<meta property="og:site_name" content="El Médano Tenerife" />
<meta property="article:modified_time" content="2019-11-09T10:48:02+00:00" />
<meta property="og:image" content="https://www.elmedanotenerife.es/wp-content/uploads/2019/10/TAMA-CENTRO.jpg" />
	<meta property="og:image:width" content="1280" />
	<meta property="og:image:height" content="622" />
	<meta property="og:image:type" content="image/jpeg" />
<meta name="twitter:card" content="summary_large_image" />
<script type="application/ld+json" class="yoast-schema-graph">{"@context":"https:\/\/schema.org","@graph":[{"@type":"WebPage","@id":"https:\/\/www.elmedanotenerife.es\/ru\/profesionales\/c-c-estilistas\/","url":"https:\/\/www.elmedanotenerife.es\/ru\/profesionales\/c-c-estilistas\/","name":"C & C Estilistas - El Médano Tenerife","isPartOf":{"@id":"https:\/\/www.elmedanotenerife.es\/ru\/#website"},"primaryImageOfPage":{"@id":"https:\/\/www.elmedanotenerife.es\/ru\/profesionales\/c-c-estilistas\/#primaryimage"},"image":{"@id":"https:\/\/www.elmedanotenerife.es\/ru\/profesionales\/c-c-estilistas\/#primaryimage"},"thumbnailUrl":"https:\/\/www.elmedanotenerife.es\/wp-content\/uploads\/2019\/10\/TAMA-CENTRO.jpg","datePublished":"2019-10-30T19:25:36+00:00","dateModified":"2019-11-09T10:48:02+00:00","breadcrumb":{"@id":"https:\/\/www.elmedanotenerife.es\/ru\/profesionales\/c-c-estilistas\/#breadcrumb"},"inLanguage":"ru-RU","potentialAction":[{"@type":"ReadAction","target":["https:\/\/www.elmedanotenerife.es\/ru\/profesionales\/c-c-estilistas\/"]}]},{"@type":"ImageObject","inLanguage":"ru-RU","@id":"https:\/\/www.elmedanotenerife.es\/ru\/profesionales\/c-c-estilistas\/#primaryimage","url":"https:\/\/www.elmedanotenerife.es\/wp-content\/uploads\/2019\/10\/TAMA-CENTRO.jpg","contentUrl":"https:\/\/www.elmedanotenerife.es\/wp-content\/uploads\/2019\/10\/TAMA-CENTRO.jpg","width":1280,"height":622},{"@type":"BreadcrumbList","@id":"https:\/\/www.elmedanotenerife.es\/ru\/profesionales\/c-c-estilistas\/#breadcrumb","itemListElement":[{"@type":"ListItem","position":1,"name":"Portada","item":"https:\/\/www.elmedanotenerife.es\/ru\/"},{"@type":"ListItem","position":2,"name":"Profesionales","item":"https:\/\/www.elmedanotenerife.es\/ru\/profesionales\/"},{"@type":"ListItem","position":3,"name":"C &#038; C Estilistas"}]},{"@type":"WebSite","@id":"https:\/\/www.elmedanotenerife.es\/ru\/#website","url":"https:\/\/www.elmedanotenerife.es\/ru\/","name":"El Médano Tenerife","description":"","potentialAction":[{"@type":"SearchAction","target":{"@type":"EntryPoint","urlTemplate":"https:\/\/www.elmedanotenerife.es\/ru\/?s={search_term_string}"},"query-input":{"@type":"PropertyValueSpecification","valueRequired":true,"valueName":"search_term_string"}}],"inLanguage":"ru-RU"}]}</script>
<!-- / Yoast SEO plugin. -->

C & C Estilistas - El Médano Tenerife

Personificamos todo tipo de tratamientos para la salud de tu cabello, personalizaremos tu corte, color y peinados según la morfología&hellip;

El Médano Tenerife

Avenida Príncipes de España, 3, El Médano, España
